{"id":2317,"date":"2024-09-12T12:47:09","date_gmt":"2024-09-12T11:47:09","guid":{"rendered":"https:\/\/bs.xl.pt\/portugal-inspirador\/?post_type=attendants&#038;p=2317"},"modified":"2024-09-12T12:47:10","modified_gmt":"2024-09-12T11:47:10","slug":"jose-velez","status":"publish","type":"attendants","link":"https:\/\/bs.xl.pt\/portugal-inspirador\/attendants\/jose-velez\/","title":{"rendered":"Jos\u00e9 Velez"},"content":{"rendered":"\n<p>Jos\u00e9 Domingos Negreiros Velez, licenciado em Engenharia Zoot\u00e9cnica, \u00e9 atualmente Vice-Presidente da Comiss\u00e3o de Coordena\u00e7\u00e3o e Desenvolvimento Regional do Alentejo I.P. nos dom\u00ednios da Agricultura e das Pescas. Foi Diretor Regional Adjunto na Dire\u00e7\u00e3o Regional de Agricultura e Pescas do Alentejo, conselheiro n\u00e3o permanente do departamento de Olivicultura da C\u00e2mara Municipal de Moura e Vice-Presidente do mesmo munic\u00edpio. Foi tamb\u00e9m vice-presidente da C\u00e2mara Municipal de Beja e presidente da Escola Superior Agr\u00e1ria de Beja.<\/p>\n","protected":false},"featured_media":2326,"template":"","meta":[],"categories":[29],"tags":[47],"attendant_categories":[],"class_list":["post-2317","attendants","type-attendants","status-publish","has-post-thumbnail","hentry","category-agricultura","tag-2a-edicao"],"_links":{"self":[{"href":"https:\/\/bs.xl.pt\/portugal-inspirador\/wp-json\/wp\/v2\/attendants\/2317","targetHints":{"allow":["GET"]}}],"collection":[{"href":"https:\/\/bs.xl.pt\/portugal-inspirador\/wp-json\/wp\/v2\/attendants"}],"about":[{"href":"https:\/\/bs.xl.pt\/portugal-inspirador\/wp-json\/wp\/v2\/types\/attendants"}],"wp:featuredmedia":[{"embeddable":true,"href":"https:\/\/bs.xl.pt\/portugal-inspirador\/wp-json\/wp\/v2\/media\/2326"}],"wp:attachment":[{"href":"https:\/\/bs.xl.pt\/portugal-inspirador\/wp-json\/wp\/v2\/media?parent=2317"}],"wp:term":[{"taxonomy":"category","embeddable":true,"href":"https:\/\/bs.xl.pt\/portugal-inspirador\/wp-json\/wp\/v2\/categories?post=2317"},{"taxonomy":"post_tag","embeddable":true,"href":"https:\/\/bs.xl.pt\/portugal-inspirador\/wp-json\/wp\/v2\/tags?post=2317"},{"taxonomy":"attendant_categories","embeddable":true,"href":"https:\/\/bs.xl.pt\/portugal-inspirador\/wp-json\/wp\/v2\/attendant_categories?post=2317"}],"curies":[{"name":"wp","href":"https:\/\/api.w.org\/{rel}","templated":true}]}}

José Velez

<p>José Domingos Negreiros Velez, licenciado em Engenharia Zootécnica, é atualmente Vice-Presidente da Comissão de Coordenação e Desenvolvimento Regional do Alentejo I.P. nos domínios da Agricultura e das Pescas. Foi Diretor Regional Adjunto na Direção Regional de Agricultura e Pescas do Alentejo, conselheiro não permanente do departamento de Olivicultura da Câmara Municipal de Moura e Vice-Presidente do mesmo município. Foi também vice-presidente da Câmara Municipal de Beja e presidente da Escola Superior Agrária de Beja.</p>
