{"id":700,"date":"2022-05-12T11:59:17","date_gmt":"2022-05-12T10:59:17","guid":{"rendered":"https:\/\/bs.xl.pt\/powerful-brand\/?post_type=attendants&#038;p=700"},"modified":"2022-05-12T13:11:58","modified_gmt":"2022-05-12T12:11:58","slug":"miguel-almeida","status":"publish","type":"attendants","link":"https:\/\/bs.xl.pt\/powerful-brand\/attendants\/miguel-almeida\/","title":{"rendered":"Miguel Almeida"},"content":{"rendered":"\n<p>Miguel Almeida desde cedo demonstrou particular interesse pela \u00e1rea de Marketing, acabando por seguir essa \u00e1rea de forma\u00e7\u00e3o.<br>Ingressou no Marketing da MC Sonae em 2008, tendo j\u00e1 desempenhado diversas fun\u00e7\u00f5es, como comunica\u00e7\u00e3o loja, publicidade e na gest\u00e3o de marcas pr\u00f3prias Continente.<br>Atualmente \u00e9 o diretor de Media e Digital Marketing da MC Sonae.<\/p>\n","protected":false},"featured_media":0,"template":"","meta":[],"categories":[],"tags":[],"attendant_categories":[],"class_list":["post-700","attendants","type-attendants","status-publish","hentry"],"_links":{"self":[{"href":"https:\/\/bs.xl.pt\/powerful-brand\/wp-json\/wp\/v2\/attendants\/700","targetHints":{"allow":["GET"]}}],"collection":[{"href":"https:\/\/bs.xl.pt\/powerful-brand\/wp-json\/wp\/v2\/attendants"}],"about":[{"href":"https:\/\/bs.xl.pt\/powerful-brand\/wp-json\/wp\/v2\/types\/attendants"}],"wp:attachment":[{"href":"https:\/\/bs.xl.pt\/powerful-brand\/wp-json\/wp\/v2\/media?parent=700"}],"wp:term":[{"taxonomy":"category","embeddable":true,"href":"https:\/\/bs.xl.pt\/powerful-brand\/wp-json\/wp\/v2\/categories?post=700"},{"taxonomy":"post_tag","embeddable":true,"href":"https:\/\/bs.xl.pt\/powerful-brand\/wp-json\/wp\/v2\/tags?post=700"},{"taxonomy":"attendant_categories","embeddable":true,"href":"https:\/\/bs.xl.pt\/powerful-brand\/wp-json\/wp\/v2\/attendant_categories?post=700"}],"curies":[{"name":"wp","href":"https:\/\/api.w.org\/{rel}","templated":true}]}}

<p>Miguel Almeida desde cedo demonstrou particular interesse pela área de Marketing, acabando por seguir essa área de formação.<br>Ingressou no Marketing da MC Sonae em 2008, tendo já desempenhado diversas funções, como comunicação loja, publicidade e na gestão de marcas próprias Continente.<br>Atualmente é o diretor de Media e Digital Marketing da MC Sonae.</p>
