{"id":313,"date":"2022-05-16T13:23:23","date_gmt":"2022-05-16T13:23:23","guid":{"rendered":"https:\/\/bs.xl.pt\/premio-floresta-e-sustentabilidade\/?post_type=attendants&#038;p=313"},"modified":"2022-05-16T13:23:26","modified_gmt":"2022-05-16T13:23:26","slug":"carlos-de-pascoal-neto","status":"publish","type":"attendants","link":"https:\/\/bs.xl.pt\/premio-floresta-e-sustentabilidade\/attendants\/carlos-de-pascoal-neto\/","title":{"rendered":"Carlos de Pascoal Neto"},"content":{"rendered":"\n<p>Director Geral do RAIZ \u2013 Instituto de Investiga\u00e7\u00e3o da Floresta e Papel da The Navigator Company (ex Grupo Portucel Soporcel) desde Outubro de 2015. Foi Vice-Reitor da Universidade de Aveiro para a \u00e1rea da Coopera\u00e7\u00e3o com a Sociedade, Inova\u00e7\u00e3o, Transfer\u00eancia de Tecnologia e Empreendedorismo (2010-2015) e Presidente do Conselho Directivo do DQ-UA (2007-2010). Atualmente \u00e9 Professor Catedr\u00e1tico no Departamento de Qu\u00edmica da Universidade de Aveiro (DQ-UA), departamento onde iniciou a sua carreira acad\u00e9mica como Assistente Convidado em 1992. \u00c9 autor \/ co-autor de 7 cap\u00edtulos de livros, mais de 230 artigos cient\u00edficos em revistas internacionais (ISI h-index 37) com arbitragem cient\u00edfica, 5 patentes e v\u00e1rias centenas comunica\u00e7\u00f5es em congressos ou reuni\u00f5es cient\u00edficas nacionais e internacionais, incluindo v\u00e1rias comunica\u00e7\u00f5es orais convidadas.<\/p>\n","protected":false},"featured_media":316,"template":"","meta":[],"categories":[],"tags":[],"attendant_categories":[],"class_list":["post-313","attendants","type-attendants","status-publish","has-post-thumbnail","hentry"],"_links":{"self":[{"href":"https:\/\/bs.xl.pt\/premio-floresta-e-sustentabilidade\/wp-json\/wp\/v2\/attendants\/313","targetHints":{"allow":["GET"]}}],"collection":[{"href":"https:\/\/bs.xl.pt\/premio-floresta-e-sustentabilidade\/wp-json\/wp\/v2\/attendants"}],"about":[{"href":"https:\/\/bs.xl.pt\/premio-floresta-e-sustentabilidade\/wp-json\/wp\/v2\/types\/attendants"}],"wp:featuredmedia":[{"embeddable":true,"href":"https:\/\/bs.xl.pt\/premio-floresta-e-sustentabilidade\/wp-json\/wp\/v2\/media\/316"}],"wp:attachment":[{"href":"https:\/\/bs.xl.pt\/premio-floresta-e-sustentabilidade\/wp-json\/wp\/v2\/media?parent=313"}],"wp:term":[{"taxonomy":"category","embeddable":true,"href":"https:\/\/bs.xl.pt\/premio-floresta-e-sustentabilidade\/wp-json\/wp\/v2\/categories?post=313"},{"taxonomy":"post_tag","embeddable":true,"href":"https:\/\/bs.xl.pt\/premio-floresta-e-sustentabilidade\/wp-json\/wp\/v2\/tags?post=313"},{"taxonomy":"attendant_categories","embeddable":true,"href":"https:\/\/bs.xl.pt\/premio-floresta-e-sustentabilidade\/wp-json\/wp\/v2\/attendant_categories?post=313"}],"curies":[{"name":"wp","href":"https:\/\/api.w.org\/{rel}","templated":true}]}}

<p>Director Geral do RAIZ – Instituto de Investigação da Floresta e Papel da The Navigator Company (ex Grupo Portucel Soporcel) desde Outubro de 2015. Foi Vice-Reitor da Universidade de Aveiro para a área da Cooperação com a Sociedade, Inovação, Transferência de Tecnologia e Empreendedorismo (2010-2015) e Presidente do Conselho Directivo do DQ-UA (2007-2010). Atualmente é Professor Catedrático no Departamento de Química da Universidade de Aveiro (DQ-UA), departamento onde iniciou a sua carreira académica como Assistente Convidado em 1992. É autor / co-autor de 7 capítulos de livros, mais de 230 artigos científicos em revistas internacionais (ISI h-index 37) com arbitragem científica, 5 patentes e várias centenas comunicações em congressos ou reuniões científicas nacionais e internacionais, incluindo várias comunicações orais convidadas.</p>
