

{"id":322,"date":"2021-08-27T09:50:19","date_gmt":"2021-08-27T09:50:19","guid":{"rendered":"http:\/\/bs.xl.pt\/premio-nacional-agricultura\/?post_type=attendants&#038;p=322"},"modified":"2024-09-03T12:21:40","modified_gmt":"2024-09-03T11:21:40","slug":"maria-joao-fernandes","status":"publish","type":"attendants","link":"https:\/\/bs.xl.pt\/premio-nacional-agricultura\/attendants\/maria-joao-fernandes\/","title":{"rendered":"Maria Jo\u00e3o Fernandes"},"content":{"rendered":"\n<p>Maria Jo\u00e3o Fernandes \u00e9 Licenciada e Doutorada em Engenharia Agro-Industrial pelo Instituto Superior de Agronomia da Universidade T\u00e9cnica de Lisboa e \u00e9 atualmente gestora s\u00e9nior de programas internacionais na Ag\u00eancia Nacional de Inova\u00e7\u00e3o (ANI). Ap\u00f3s a licenciatura desenvolveu estudos de p\u00f3s-gradua\u00e7\u00e3o na \u00e1rea da ecologia microbiana e avalia\u00e7\u00e3o de riscos ambientais no \u00e2mbito do seu projeto de doutoramento (ITQB-UNL e iBET) e, posteriormente, foi respons\u00e1vel pelo Laborat\u00f3rio de Microbiologia no Departamento de Controlo de Qualidade de um grupo empresarial de processamento alimentar (Agrupmonti). Em 2002, come\u00e7ou a desenvolver atividades na \u00e1rea da gest\u00e3o de ci\u00eancia (iBET), tendo trabalhado 4 anos (2003-2007) como Project Officer na Dire\u00e7\u00e3o Geral de Investiga\u00e7\u00e3o e Inova\u00e7\u00e3o da Comiss\u00e3o Europeia. Possui uma vasta experi\u00eancia de acompanhamento dos Programas-Quadro de Investiga\u00e7\u00e3o e Inova\u00e7\u00e3o da Uni\u00e3o Europeia nas \u00e1reas das ci\u00eancias da vida, biotecnologia e agroalimentar (FP6, FP7, Horizonte 2020) desempenhando atualmente, no \u00e2mbito do Programa Horizonte Europa (2021-2027), as fun\u00e7\u00f5es de Delegada e Ponto de Contacto Nacional para o Cluster 6. Alimenta\u00e7\u00e3o, bioeconomia, recursos naturais, agricultura e ambiente. Tem colaborado em diversos projetos de coopera\u00e7\u00e3o cient\u00edfica internacional e dado um apoio continuado nas tem\u00e1ticas que acompanha \u00e0 comunidade cient\u00edfica e empresarial nacional com interesse nos programas europeus de investiga\u00e7\u00e3o e inova\u00e7\u00e3o.<\/p>\n","protected":false},"featured_media":325,"template":"","meta":[],"categories":[],"tags":[],"attendant_categories":[],"class_list":["post-322","attendants","type-attendants","status-publish","has-post-thumbnail","hentry"],"_links":{"self":[{"href":"https:\/\/bs.xl.pt\/premio-nacional-agricultura\/wp-json\/wp\/v2\/attendants\/322","targetHints":{"allow":["GET"]}}],"collection":[{"href":"https:\/\/bs.xl.pt\/premio-nacional-agricultura\/wp-json\/wp\/v2\/attendants"}],"about":[{"href":"https:\/\/bs.xl.pt\/premio-nacional-agricultura\/wp-json\/wp\/v2\/types\/attendants"}],"wp:featuredmedia":[{"embeddable":true,"href":"https:\/\/bs.xl.pt\/premio-nacional-agricultura\/wp-json\/wp\/v2\/media\/325"}],"wp:attachment":[{"href":"https:\/\/bs.xl.pt\/premio-nacional-agricultura\/wp-json\/wp\/v2\/media?parent=322"}],"wp:term":[{"taxonomy":"category","embeddable":true,"href":"https:\/\/bs.xl.pt\/premio-nacional-agricultura\/wp-json\/wp\/v2\/categories?post=322"},{"taxonomy":"post_tag","embeddable":true,"href":"https:\/\/bs.xl.pt\/premio-nacional-agricultura\/wp-json\/wp\/v2\/tags?post=322"},{"taxonomy":"attendant_categories","embeddable":true,"href":"https:\/\/bs.xl.pt\/premio-nacional-agricultura\/wp-json\/wp\/v2\/attendant_categories?post=322"}],"curies":[{"name":"wp","href":"https:\/\/api.w.org\/{rel}","templated":true}]}}

Maria João Fernandes

<p>Maria João Fernandes é Licenciada e Doutorada em Engenharia Agro-Industrial pelo Instituto Superior de Agronomia da Universidade Técnica de Lisboa e é atualmente gestora sénior de programas internacionais na Agência Nacional de Inovação (ANI). Após a licenciatura desenvolveu estudos de pós-graduação na área da ecologia microbiana e avaliação de riscos ambientais no âmbito do seu projeto de doutoramento (ITQB-UNL e iBET) e, posteriormente, foi responsável pelo Laboratório de Microbiologia no Departamento de Controlo de Qualidade de um grupo empresarial de processamento alimentar (Agrupmonti). Em 2002, começou a desenvolver atividades na área da gestão de ciência (iBET), tendo trabalhado 4 anos (2003-2007) como Project Officer na Direção Geral de Investigação e Inovação da Comissão Europeia. Possui uma vasta experiência de acompanhamento dos Programas-Quadro de Investigação e Inovação da União Europeia nas áreas das ciências da vida, biotecnologia e agroalimentar (FP6, FP7, Horizonte 2020) desempenhando atualmente, no âmbito do Programa Horizonte Europa (2021-2027), as funções de Delegada e Ponto de Contacto Nacional para o Cluster 6. Alimentação, bioeconomia, recursos naturais, agricultura e ambiente. Tem colaborado em diversos projetos de cooperação científica internacional e dado um apoio continuado nas temáticas que acompanha à comunidade científica e empresarial nacional com interesse nos programas europeus de investigação e inovação.</p>
