

{"id":1765,"date":"2023-02-21T07:20:00","date_gmt":"2023-02-21T07:20:00","guid":{"rendered":"https:\/\/bs.xl.pt\/premio-nacional-agricultura\/?post_type=videocasts&#038;p=1765"},"modified":"2025-10-10T12:11:37","modified_gmt":"2025-10-10T11:11:37","slug":"ep-6-agricultura-agora-conversas-sobre-sustentabilidade","status":"publish","type":"videocasts","link":"https:\/\/bs.xl.pt\/premio-nacional-agricultura\/videocasts\/ep-6-agricultura-agora-conversas-sobre-sustentabilidade\/","title":{"rendered":"Am\u00e2ndio Santos"},"content":{"rendered":"\n<p>No sexto epis\u00f3dio da s\u00e9rie de 8 videocast\/podcast <strong>\u201cAgricultura Agora | Conversas sobre Sustentabilidade\u201d<\/strong>, o convidado de Jo\u00e3o Ferreira \u00e9 <strong>Am\u00e2ndio Santos<\/strong>, Presidente do Conselho de Administra\u00e7\u00e3o da Portugal Foods, para uma conversa sobre a vertente Social e da sua cada vez maior import\u00e2ncia, no \u00e2mbito dos eixos ESG da Sustentabilidade.<\/p>\n","protected":false},"excerpt":{"rendered":"<p>No sexto epis\u00f3dio da s\u00e9rie de 8 videocast\/podcast \u201cAgricultura Agora | Conversas sobre Sustentabilidade\u201d, o convidado de Jo\u00e3o Ferreira \u00e9 Am\u00e2ndio Santos, Presidente do Conselho de Administra\u00e7\u00e3o da Portugal Foods, para uma conversa sobre a vertente Social e da sua cada vez maior import\u00e2ncia, no \u00e2mbito dos eixos ESG da Sustentabilidade.<\/p>\n","protected":false},"featured_media":1768,"template":"","meta":[],"categories":[1],"tags":[40],"class_list":["post-1765","videocasts","type-videocasts","status-publish","has-post-thumbnail","hentry","category-cobertura","tag-11a-edicao"],"_links":{"self":[{"href":"https:\/\/bs.xl.pt\/premio-nacional-agricultura\/wp-json\/wp\/v2\/videocasts\/1765","targetHints":{"allow":["GET"]}}],"collection":[{"href":"https:\/\/bs.xl.pt\/premio-nacional-agricultura\/wp-json\/wp\/v2\/videocasts"}],"about":[{"href":"https:\/\/bs.xl.pt\/premio-nacional-agricultura\/wp-json\/wp\/v2\/types\/videocasts"}],"wp:featuredmedia":[{"embeddable":true,"href":"https:\/\/bs.xl.pt\/premio-nacional-agricultura\/wp-json\/wp\/v2\/media\/1768"}],"wp:attachment":[{"href":"https:\/\/bs.xl.pt\/premio-nacional-agricultura\/wp-json\/wp\/v2\/media?parent=1765"}],"wp:term":[{"taxonomy":"category","embeddable":true,"href":"https:\/\/bs.xl.pt\/premio-nacional-agricultura\/wp-json\/wp\/v2\/categories?post=1765"},{"taxonomy":"post_tag","embeddable":true,"href":"https:\/\/bs.xl.pt\/premio-nacional-agricultura\/wp-json\/wp\/v2\/tags?post=1765"}],"curies":[{"name":"wp","href":"https:\/\/api.w.org\/{rel}","templated":true}]}}

Amândio Santos

<p>No sexto episódio da série de 8 videocast/podcast <strong>“Agricultura Agora | Conversas sobre Sustentabilidade”</strong>, o convidado de João Ferreira é <strong>Amândio Santos</strong>, Presidente do Conselho de Administração da Portugal Foods, para uma conversa sobre a vertente Social e da sua cada vez maior importância, no âmbito dos eixos ESG da Sustentabilidade.</p>

<p>No sexto episódio da série de 8 videocast/podcast “Agricultura Agora | Conversas sobre Sustentabilidade”, o convidado de João Ferreira é Amândio Santos, Presidente do Conselho de Administração da Portugal Foods, para uma conversa sobre a vertente Social e da sua cada vez maior importância, no âmbito dos eixos ESG da Sustentabilidade.</p>
