

{"id":2437,"date":"2023-10-25T15:05:04","date_gmt":"2023-10-25T14:05:04","guid":{"rendered":"https:\/\/bs.xl.pt\/premio-nacional-agricultura\/?post_type=videocasts&#038;p=2437"},"modified":"2025-10-10T12:11:53","modified_gmt":"2025-10-10T11:11:53","slug":"filipe-figueiredo-qtp-quinoa-portuguesa","status":"publish","type":"videocasts","link":"https:\/\/bs.xl.pt\/premio-nacional-agricultura\/videocasts\/filipe-figueiredo-qtp-quinoa-portuguesa\/","title":{"rendered":"Filipe Figueiredo"},"content":{"rendered":"\n<p>Segundo epis\u00f3dio do Videocast&nbsp;<strong>Agricultura Agora \u2013 Conversas sobre Sustentabilidade e Inova\u00e7\u00e3o,&nbsp;<\/strong>com&nbsp;<strong>Filipe Figueiredo<\/strong>, CEO da&nbsp;<strong>QTP \u2013 Quinoa Portuguesa<\/strong>, sobre&nbsp;<strong>A cadeia de valor atrav\u00e9s da inova\u00e7\u00e3o.<\/strong><\/p>\n","protected":false},"excerpt":{"rendered":"<p>Segundo epis\u00f3dio do Videocast Agricultura Agora \u2013 Conversas sobre Sustentabilidade e Inova\u00e7\u00e3o, com Filipe Figueiredo, CEO da QTP \u2013 Quinoa Portuguesa, sobre A cadeia de valor atrav\u00e9s da inova\u00e7\u00e3o.<\/p>\n","protected":false},"featured_media":2440,"template":"","meta":[],"categories":[1],"tags":[49],"class_list":["post-2437","videocasts","type-videocasts","status-publish","has-post-thumbnail","hentry","category-cobertura","tag-12a-edicao"],"_links":{"self":[{"href":"https:\/\/bs.xl.pt\/premio-nacional-agricultura\/wp-json\/wp\/v2\/videocasts\/2437","targetHints":{"allow":["GET"]}}],"collection":[{"href":"https:\/\/bs.xl.pt\/premio-nacional-agricultura\/wp-json\/wp\/v2\/videocasts"}],"about":[{"href":"https:\/\/bs.xl.pt\/premio-nacional-agricultura\/wp-json\/wp\/v2\/types\/videocasts"}],"wp:featuredmedia":[{"embeddable":true,"href":"https:\/\/bs.xl.pt\/premio-nacional-agricultura\/wp-json\/wp\/v2\/media\/2440"}],"wp:attachment":[{"href":"https:\/\/bs.xl.pt\/premio-nacional-agricultura\/wp-json\/wp\/v2\/media?parent=2437"}],"wp:term":[{"taxonomy":"category","embeddable":true,"href":"https:\/\/bs.xl.pt\/premio-nacional-agricultura\/wp-json\/wp\/v2\/categories?post=2437"},{"taxonomy":"post_tag","embeddable":true,"href":"https:\/\/bs.xl.pt\/premio-nacional-agricultura\/wp-json\/wp\/v2\/tags?post=2437"}],"curies":[{"name":"wp","href":"https:\/\/api.w.org\/{rel}","templated":true}]}}

<p>Segundo episódio do Videocast&nbsp;<strong>Agricultura Agora – Conversas sobre Sustentabilidade e Inovação,&nbsp;</strong>com&nbsp;<strong>Filipe Figueiredo</strong>, CEO da&nbsp;<strong>QTP – Quinoa Portuguesa</strong>, sobre&nbsp;<strong>A cadeia de valor através da inovação.</strong></p>

<p>Segundo episódio do Videocast Agricultura Agora – Conversas sobre Sustentabilidade e Inovação, com Filipe Figueiredo, CEO da QTP – Quinoa Portuguesa, sobre A cadeia de valor através da inovação.</p>
