

{"id":2516,"date":"2024-01-31T17:11:20","date_gmt":"2024-01-31T17:11:20","guid":{"rendered":"https:\/\/bs.xl.pt\/premio-nacional-agricultura\/?post_type=videocasts&#038;p=2516"},"modified":"2025-10-10T12:11:53","modified_gmt":"2025-10-10T11:11:53","slug":"rita-nabeiro-grupo-nabeiro-e-adega-mayor","status":"publish","type":"videocasts","link":"https:\/\/bs.xl.pt\/premio-nacional-agricultura\/videocasts\/rita-nabeiro-grupo-nabeiro-e-adega-mayor\/","title":{"rendered":"Rita Nabeiro"},"content":{"rendered":"\n<p>No quarto epis\u00f3dio, estaremos \u00e0 conversa com <strong>Rita Nabeiro<\/strong>, Administradora Executiva do Grupo Nabeiro e CEO da Adega Mayor, sobre <strong>Inova\u00e7\u00e3o para uma Agricultura Sustent\u00e1vel assente nos Recursos Humanos<\/strong>.<\/p>\n","protected":false},"excerpt":{"rendered":"<p>No quarto epis\u00f3dio, estaremos \u00e0 conversa com Rita Nabeiro, Administradora Executiva do Grupo Nabeiro e CEO da Adega Mayor, sobre Inova\u00e7\u00e3o para uma Agricultura Sustent\u00e1vel assente nos Recursos Humanos.<\/p>\n","protected":false},"featured_media":2513,"template":"","meta":[],"categories":[1],"tags":[49],"class_list":["post-2516","videocasts","type-videocasts","status-publish","has-post-thumbnail","hentry","category-cobertura","tag-12a-edicao"],"_links":{"self":[{"href":"https:\/\/bs.xl.pt\/premio-nacional-agricultura\/wp-json\/wp\/v2\/videocasts\/2516","targetHints":{"allow":["GET"]}}],"collection":[{"href":"https:\/\/bs.xl.pt\/premio-nacional-agricultura\/wp-json\/wp\/v2\/videocasts"}],"about":[{"href":"https:\/\/bs.xl.pt\/premio-nacional-agricultura\/wp-json\/wp\/v2\/types\/videocasts"}],"wp:featuredmedia":[{"embeddable":true,"href":"https:\/\/bs.xl.pt\/premio-nacional-agricultura\/wp-json\/wp\/v2\/media\/2513"}],"wp:attachment":[{"href":"https:\/\/bs.xl.pt\/premio-nacional-agricultura\/wp-json\/wp\/v2\/media?parent=2516"}],"wp:term":[{"taxonomy":"category","embeddable":true,"href":"https:\/\/bs.xl.pt\/premio-nacional-agricultura\/wp-json\/wp\/v2\/categories?post=2516"},{"taxonomy":"post_tag","embeddable":true,"href":"https:\/\/bs.xl.pt\/premio-nacional-agricultura\/wp-json\/wp\/v2\/tags?post=2516"}],"curies":[{"name":"wp","href":"https:\/\/api.w.org\/{rel}","templated":true}]}}

<p>No quarto episódio, estaremos à conversa com <strong>Rita Nabeiro</strong>, Administradora Executiva do Grupo Nabeiro e CEO da Adega Mayor, sobre <strong>Inovação para uma Agricultura Sustentável assente nos Recursos Humanos</strong>.</p>

<p>No quarto episódio, estaremos à conversa com Rita Nabeiro, Administradora Executiva do Grupo Nabeiro e CEO da Adega Mayor, sobre Inovação para uma Agricultura Sustentável assente nos Recursos Humanos.</p>
