

{"id":3231,"date":"2025-10-10T12:09:43","date_gmt":"2025-10-10T11:09:43","guid":{"rendered":"https:\/\/bs.xl.pt\/premio-nacional-agricultura\/?post_type=videocasts&#038;p=3231"},"modified":"2025-11-03T12:41:36","modified_gmt":"2025-11-03T12:41:36","slug":"rita-bonacho","status":"publish","type":"videocasts","link":"https:\/\/bs.xl.pt\/premio-nacional-agricultura\/videocasts\/rita-bonacho\/","title":{"rendered":"Rita Bonacho"},"content":{"rendered":"\n<p>Primeiro epis\u00f3dio da 4\u00aa Temporada do Videocast <strong>Agricultura no Feminino<\/strong>, com a tem\u00e1tica <strong>&#8220;Conversas sobre Agricultura e Floresta&#8221;<\/strong>, com <strong>Rita Bonacho<\/strong>, Presidente da Associa\u00e7\u00e3o de Produtores Florestais de Coruche e membro da Dire\u00e7\u00e3o alargada da CAP.<\/p>\n","protected":false},"excerpt":{"rendered":"<p>Primeiro epis\u00f3dio da 4\u00aa Temporada do Videocast Agricultura no Feminino, com a tem\u00e1tica &#8220;Conversas sobre Agricultura e Floresta&#8221;, com Rita Bonacho, Presidente da Associa\u00e7\u00e3o de Produtores Florestais de Coruche e membro da Dire\u00e7\u00e3o alargada da CAP.<\/p>\n","protected":false},"featured_media":3234,"template":"","meta":[],"categories":[1],"tags":[63],"class_list":["post-3231","videocasts","type-videocasts","status-publish","has-post-thumbnail","hentry","category-cobertura","tag-14a-edicao"],"_links":{"self":[{"href":"https:\/\/bs.xl.pt\/premio-nacional-agricultura\/wp-json\/wp\/v2\/videocasts\/3231","targetHints":{"allow":["GET"]}}],"collection":[{"href":"https:\/\/bs.xl.pt\/premio-nacional-agricultura\/wp-json\/wp\/v2\/videocasts"}],"about":[{"href":"https:\/\/bs.xl.pt\/premio-nacional-agricultura\/wp-json\/wp\/v2\/types\/videocasts"}],"wp:featuredmedia":[{"embeddable":true,"href":"https:\/\/bs.xl.pt\/premio-nacional-agricultura\/wp-json\/wp\/v2\/media\/3234"}],"wp:attachment":[{"href":"https:\/\/bs.xl.pt\/premio-nacional-agricultura\/wp-json\/wp\/v2\/media?parent=3231"}],"wp:term":[{"taxonomy":"category","embeddable":true,"href":"https:\/\/bs.xl.pt\/premio-nacional-agricultura\/wp-json\/wp\/v2\/categories?post=3231"},{"taxonomy":"post_tag","embeddable":true,"href":"https:\/\/bs.xl.pt\/premio-nacional-agricultura\/wp-json\/wp\/v2\/tags?post=3231"}],"curies":[{"name":"wp","href":"https:\/\/api.w.org\/{rel}","templated":true}]}}

<p>Primeiro episódio da 4ª Temporada do Videocast <strong>Agricultura no Feminino</strong>, com a temática <strong>&#8220;Conversas sobre Agricultura e Floresta&#8221;</strong>, com <strong>Rita Bonacho</strong>, Presidente da Associação de Produtores Florestais de Coruche e membro da Direção alargada da CAP.</p>

<p>Primeiro episódio da 4ª Temporada do Videocast Agricultura no Feminino, com a temática &#8220;Conversas sobre Agricultura e Floresta&#8221;, com Rita Bonacho, Presidente da Associação de Produtores Florestais de Coruche e membro da Direção alargada da CAP.</p>
