

{"id":3243,"date":"2025-11-03T12:57:08","date_gmt":"2025-11-03T12:57:08","guid":{"rendered":"https:\/\/bs.xl.pt\/premio-nacional-agricultura\/?post_type=videocasts&#038;p=3243"},"modified":"2025-11-03T12:57:10","modified_gmt":"2025-11-03T12:57:10","slug":"maria-do-ceu-godinho","status":"publish","type":"videocasts","link":"https:\/\/bs.xl.pt\/premio-nacional-agricultura\/videocasts\/maria-do-ceu-godinho\/","title":{"rendered":"Maria do C\u00e9u Godinho"},"content":{"rendered":"\n<p>Segundo epis\u00f3dio da 4\u00aa Temporada do Videocast <strong>Agricultura no Feminino<\/strong> com a tem\u00e1tica <strong>&#8220;Desafios da Doc\u00eancia&#8221;<\/strong>, com <strong>Maria do C\u00e9u Godinho<\/strong>, Professora Adjunta, Escola Superior Agr\u00e1ria de Santar\u00e9m \u2013 ESAS.<\/p>\n","protected":false},"excerpt":{"rendered":"<p>Segundo epis\u00f3dio da 4\u00aa Temporada do Videocast Agricultura no Feminino com a tem\u00e1tica &#8220;Desafios da Doc\u00eancia&#8221;, com Maria do C\u00e9u Godinho, Professora Adjunta, Escola Superior Agr\u00e1ria de Santar\u00e9m \u2013 ESAS.<\/p>\n","protected":false},"featured_media":3249,"template":"","meta":[],"categories":[1],"tags":[63],"class_list":["post-3243","videocasts","type-videocasts","status-publish","has-post-thumbnail","hentry","category-cobertura","tag-14a-edicao"],"_links":{"self":[{"href":"https:\/\/bs.xl.pt\/premio-nacional-agricultura\/wp-json\/wp\/v2\/videocasts\/3243","targetHints":{"allow":["GET"]}}],"collection":[{"href":"https:\/\/bs.xl.pt\/premio-nacional-agricultura\/wp-json\/wp\/v2\/videocasts"}],"about":[{"href":"https:\/\/bs.xl.pt\/premio-nacional-agricultura\/wp-json\/wp\/v2\/types\/videocasts"}],"wp:featuredmedia":[{"embeddable":true,"href":"https:\/\/bs.xl.pt\/premio-nacional-agricultura\/wp-json\/wp\/v2\/media\/3249"}],"wp:attachment":[{"href":"https:\/\/bs.xl.pt\/premio-nacional-agricultura\/wp-json\/wp\/v2\/media?parent=3243"}],"wp:term":[{"taxonomy":"category","embeddable":true,"href":"https:\/\/bs.xl.pt\/premio-nacional-agricultura\/wp-json\/wp\/v2\/categories?post=3243"},{"taxonomy":"post_tag","embeddable":true,"href":"https:\/\/bs.xl.pt\/premio-nacional-agricultura\/wp-json\/wp\/v2\/tags?post=3243"}],"curies":[{"name":"wp","href":"https:\/\/api.w.org\/{rel}","templated":true}]}}

Maria do Céu Godinho

<p>Segundo episódio da 4ª Temporada do Videocast <strong>Agricultura no Feminino</strong> com a temática <strong>&#8220;Desafios da Docência&#8221;</strong>, com <strong>Maria do Céu Godinho</strong>, Professora Adjunta, Escola Superior Agrária de Santarém – ESAS.</p>

<p>Segundo episódio da 4ª Temporada do Videocast Agricultura no Feminino com a temática &#8220;Desafios da Docência&#8221;, com Maria do Céu Godinho, Professora Adjunta, Escola Superior Agrária de Santarém – ESAS.</p>
