{"id":2437,"date":"2025-01-13T16:20:30","date_gmt":"2025-01-13T16:20:30","guid":{"rendered":"https:\/\/bs.xl.pt\/premio-nacional-inovacao\/?post_type=attendants&#038;p=2437"},"modified":"2025-01-13T16:21:21","modified_gmt":"2025-01-13T16:21:21","slug":"eduardo-ramos","status":"publish","type":"attendants","link":"https:\/\/bs.xl.pt\/premio-nacional-inovacao\/attendants\/eduardo-ramos\/","title":{"rendered":"Eduardo Ramos"},"content":{"rendered":"\n<p>Eduardo Ramos \u00e9 administrador executivo do Grupo Brisa, com as fun\u00e7\u00f5es de Chief Development Officer (CDO), tendo os pelouros do Desenvolvimento de Neg\u00f3cios, do Ecossistema Via Verde, da Mobilidade El\u00e9trica e da Inova\u00e7\u00e3o.<\/p>\n\n\n\n<p>Integra os quadros do Grupo Brisa desde 2004, tendo desempenhado v\u00e1rias fun\u00e7\u00f5es no Centro Corporativo e em Unidades de Neg\u00f3cio em Portugal, no Brasil, na Holanda, na \u00cdndia e nos EUA.<\/p>\n\n\n\n<p>Atualmente \u00e9 ainda professor convidado nas licenciaturas e mestrados da Universidade Cat\u00f3lica de Lisboa e da Nova SBE e Angel\/Venture Capital investor.<\/p>\n\n\n\n<p>Come\u00e7ou a sua carreira em 1998 como consultor de gest\u00e3o na EY. \u00c9 licenciado em Economia (Universidade de Lisboa, ISEG), com um MBA pela Nova SBE\/Cat\u00f3lica\/MIT (Lisbon MBA) e com Executives Courses pela Harvard Business School, MIT, INSEAD e Singularity University.<\/p>\n","protected":false},"featured_media":2440,"template":"","meta":[],"categories":[31],"tags":[61],"attendant_categories":[],"class_list":["post-2437","attendants","type-attendants","status-publish","has-post-thumbnail","hentry","category-setores-de-atividade","tag-3a-edicao"],"_links":{"self":[{"href":"https:\/\/bs.xl.pt\/premio-nacional-inovacao\/wp-json\/wp\/v2\/attendants\/2437","targetHints":{"allow":["GET"]}}],"collection":[{"href":"https:\/\/bs.xl.pt\/premio-nacional-inovacao\/wp-json\/wp\/v2\/attendants"}],"about":[{"href":"https:\/\/bs.xl.pt\/premio-nacional-inovacao\/wp-json\/wp\/v2\/types\/attendants"}],"wp:featuredmedia":[{"embeddable":true,"href":"https:\/\/bs.xl.pt\/premio-nacional-inovacao\/wp-json\/wp\/v2\/media\/2440"}],"wp:attachment":[{"href":"https:\/\/bs.xl.pt\/premio-nacional-inovacao\/wp-json\/wp\/v2\/media?parent=2437"}],"wp:term":[{"taxonomy":"category","embeddable":true,"href":"https:\/\/bs.xl.pt\/premio-nacional-inovacao\/wp-json\/wp\/v2\/categories?post=2437"},{"taxonomy":"post_tag","embeddable":true,"href":"https:\/\/bs.xl.pt\/premio-nacional-inovacao\/wp-json\/wp\/v2\/tags?post=2437"},{"taxonomy":"attendant_categories","embeddable":true,"href":"https:\/\/bs.xl.pt\/premio-nacional-inovacao\/wp-json\/wp\/v2\/attendant_categories?post=2437"}],"curies":[{"name":"wp","href":"https:\/\/api.w.org\/{rel}","templated":true}]}}

<p>Eduardo Ramos é administrador executivo do Grupo Brisa, com as funções de Chief Development Officer (CDO), tendo os pelouros do Desenvolvimento de Negócios, do Ecossistema Via Verde, da Mobilidade Elétrica e da Inovação.</p>



<p>Integra os quadros do Grupo Brisa desde 2004, tendo desempenhado várias funções no Centro Corporativo e em Unidades de Negócio em Portugal, no Brasil, na Holanda, na Índia e nos EUA.</p>



<p>Atualmente é ainda professor convidado nas licenciaturas e mestrados da Universidade Católica de Lisboa e da Nova SBE e Angel/Venture Capital investor.</p>



<p>Começou a sua carreira em 1998 como consultor de gestão na EY. É licenciado em Economia (Universidade de Lisboa, ISEG), com um MBA pela Nova SBE/Católica/MIT (Lisbon MBA) e com Executives Courses pela Harvard Business School, MIT, INSEAD e Singularity University.</p>
