{"id":532,"date":"2023-03-23T14:17:49","date_gmt":"2023-03-23T14:17:49","guid":{"rendered":"https:\/\/bs.xl.pt\/premio-nacional-inovacao\/?post_type=attendants&#038;p=532"},"modified":"2025-01-06T16:47:38","modified_gmt":"2025-01-06T16:47:38","slug":"jorge-portugal","status":"publish","type":"attendants","link":"https:\/\/bs.xl.pt\/premio-nacional-inovacao\/attendants\/jorge-portugal\/","title":{"rendered":"Jorge Portugal"},"content":{"rendered":"\n<p>\u00c9 Director-Geral da COTEC Portugal &#8211; Associa\u00e7\u00e3o empresarial para a Inova\u00e7\u00e3o, a principal associa\u00e7\u00e3o e rede empresarial de inova\u00e7\u00e3o tecnol\u00f3gica em Portugal. A sua experi\u00eancia profissional inclui os sectores das TICs, Banca e Retalho. Foi consultor do Presidente da Rep\u00fablica de Portugal e do Governo de Portugal, entre outras institui\u00e7\u00f5es nacionais e internacionais.<\/p>\n\n\n\n<p>Jorge Portugal iniciou a sua carreira profissional no Instituto Superior T\u00e9cnico como docente e investigador. Ao longo mais de duas d\u00e9cadas que lecciona semin\u00e1rios, cursos de p\u00f3s-gradua\u00e7\u00e3o e forma\u00e7\u00e3o de executivos no dom\u00ednio da gest\u00e3o e Inova\u00e7\u00e3o, em Portugal e no estrangeiro.<\/p>\n\n\n\n<p>Possui licenciatura, mestrado e o Doutoramento em Engenharia Mec\u00e2nica pelo Instituto Superior T\u00e9cnico, no dom\u00ednio da modela\u00e7\u00e3o f\u00edsico-matem\u00e1tica da dispers\u00e3o de contaminantes em escoamentos geof\u00edsicos. Concluiu o MBA na NOVASBE. Realizou o Leadership Program em Ciberseguran\u00e7a a convite do Departamento de Estado dos Estados Unidos da Am\u00e9rica.<\/p>\n","protected":false},"featured_media":535,"template":"","meta":[],"categories":[31],"tags":[],"attendant_categories":[],"class_list":["post-532","attendants","type-attendants","status-publish","has-post-thumbnail","hentry","category-setores-de-atividade"],"_links":{"self":[{"href":"https:\/\/bs.xl.pt\/premio-nacional-inovacao\/wp-json\/wp\/v2\/attendants\/532","targetHints":{"allow":["GET"]}}],"collection":[{"href":"https:\/\/bs.xl.pt\/premio-nacional-inovacao\/wp-json\/wp\/v2\/attendants"}],"about":[{"href":"https:\/\/bs.xl.pt\/premio-nacional-inovacao\/wp-json\/wp\/v2\/types\/attendants"}],"wp:featuredmedia":[{"embeddable":true,"href":"https:\/\/bs.xl.pt\/premio-nacional-inovacao\/wp-json\/wp\/v2\/media\/535"}],"wp:attachment":[{"href":"https:\/\/bs.xl.pt\/premio-nacional-inovacao\/wp-json\/wp\/v2\/media?parent=532"}],"wp:term":[{"taxonomy":"category","embeddable":true,"href":"https:\/\/bs.xl.pt\/premio-nacional-inovacao\/wp-json\/wp\/v2\/categories?post=532"},{"taxonomy":"post_tag","embeddable":true,"href":"https:\/\/bs.xl.pt\/premio-nacional-inovacao\/wp-json\/wp\/v2\/tags?post=532"},{"taxonomy":"attendant_categories","embeddable":true,"href":"https:\/\/bs.xl.pt\/premio-nacional-inovacao\/wp-json\/wp\/v2\/attendant_categories?post=532"}],"curies":[{"name":"wp","href":"https:\/\/api.w.org\/{rel}","templated":true}]}}

<p>É Director-Geral da COTEC Portugal &#8211; Associação empresarial para a Inovação, a principal associação e rede empresarial de inovação tecnológica em Portugal. A sua experiência profissional inclui os sectores das TICs, Banca e Retalho. Foi consultor do Presidente da República de Portugal e do Governo de Portugal, entre outras instituições nacionais e internacionais.</p>



<p>Jorge Portugal iniciou a sua carreira profissional no Instituto Superior Técnico como docente e investigador. Ao longo mais de duas décadas que lecciona seminários, cursos de pós-graduação e formação de executivos no domínio da gestão e Inovação, em Portugal e no estrangeiro.</p>



<p>Possui licenciatura, mestrado e o Doutoramento em Engenharia Mecânica pelo Instituto Superior Técnico, no domínio da modelação físico-matemática da dispersão de contaminantes em escoamentos geofísicos. Concluiu o MBA na NOVASBE. Realizou o Leadership Program em Cibersegurança a convite do Departamento de Estado dos Estados Unidos da América.</p>
