{"id":7662,"date":"2026-03-26T18:38:41","date_gmt":"2026-03-26T18:38:41","guid":{"rendered":"https:\/\/bs.xl.pt\/premio-nacional-inovacao\/?post_type=talks&#038;p=7662"},"modified":"2026-03-31T00:02:16","modified_gmt":"2026-03-30T23:02:16","slug":"a-transformacao-do-setor-da-construcao","status":"publish","type":"talks","link":"https:\/\/bs.xl.pt\/premio-nacional-inovacao\/talks\/a-transformacao-do-setor-da-construcao\/","title":{"rendered":"A\u00a0Transforma\u00e7\u00e3o do\u00a0Setor da\u00a0Constru\u00e7\u00e3o"},"content":{"rendered":"\n<div class=\"wp-block-group\"><div class=\"wp-block-group__inner-container is-layout-constrained wp-block-group-is-layout-constrained\">\n<h2 class=\"wp-block-heading\"><strong>A\u00a0Transforma\u00e7\u00e3o do\u00a0Setor da\u00a0Constru\u00e7\u00e3o<\/strong><\/h2>\n\n\n\n<p>A constru\u00e7\u00e3o est\u00e1 a entrar numa nova fase, marcada pela digitaliza\u00e7\u00e3o, pela intelig\u00eancia artificial e por solu\u00e7\u00f5es energ\u00e9ticas mais inteligentes, capazes de aumentar a efici\u00eancia, reduzir desperd\u00edcios e transformar a forma como se planeiam e gerem obras e infraestruturas. Mais do que uma mudan\u00e7a tecnol\u00f3gica, esta \u00e9 uma evolu\u00e7\u00e3o que exige vis\u00e3o estrat\u00e9gica, capacidade de execu\u00e7\u00e3o e novos modelos de colabora\u00e7\u00e3o entre empresas,\u00a0startups, engenharia e setor p\u00fablico.<\/p>\n\n\n\n<p>Como pode o setor da constru\u00e7\u00e3o tirar partido dos dados, da IA e da mobilidade el\u00e9trica para ganhar escala, sustentabilidade e capacidade de decis\u00e3o? Este \u00e9 o ponto de partida para a\u00a0talk\u00a0\u201cA\u00a0Transforma\u00e7\u00e3o do\u00a0Setor da\u00a0Constru\u00e7\u00e3o\u201d, que re\u00fane casos concretos de inova\u00e7\u00e3o e mostra como as infraestruturas inteligentes est\u00e3o a redesenhar o futuro do setor.\u00a0<\/p>\n<\/div><\/div>\n\n\n\n<div class=\"wp-block-group\"><div class=\"wp-block-group__inner-container is-layout-constrained wp-block-group-is-layout-constrained\">\n<p>A\u00a0Talk\u00a0\u201cA Transforma\u00e7\u00e3o do Setor da Constru\u00e7\u00e3o\u201d integra o Pr\u00e9mio Nacional de Inova\u00e7\u00e3o, uma iniciativa do Neg\u00f3cios, do BPI e da\u00a0Claranet\u00a0Portugal. A iniciativa conta com o patroc\u00ednio do FI\u00a0Group,\u00a0da Galp,\u00a0do Grupo Brisa, da HP Portugal,\u00a0da MC, e da\u00a0Mext: Mota-Engil, bem como com a Ag\u00eancia Nacional de Inova\u00e7\u00e3o e a COTEC Portugal como parceiros institucionais, a Nova SBE como\u00a0knowledge\u00a0partner\u00a0e Cascais como Munic\u00edpio Inovador.<\/p>\n\n\n\n<h4 class=\"wp-block-heading\">Participantes <strong>A\u00a0Transforma\u00e7\u00e3o do\u00a0Setor da\u00a0Constru\u00e7\u00e3o<\/strong><\/h4>\n\n\n\n<p><strong>Rui Coutinho<\/strong>, Chief Innovation Officer and Executive Board Member at MEXT:\u00a0MotaEngil\u00a0Next\u00a0<br><strong>Gon\u00e7alo Fernandes<\/strong>, Fundador e CEO da\u00a0Volis\u00a0<br><strong>Augusto Franco<\/strong>,\u00a0Co fundador\u00a0e CTO Sigma\u00a0Easy\u00a0Charge\u00a0<\/p>\n\n\n\n<p><strong>MODERA\u00c7\u00c3O&nbsp;<\/strong>&nbsp;<\/p>\n\n\n\n<p><strong>Susana Marv\u00e3o<\/strong>, Jornalista Colaboradora do Neg\u00f3cios\u00a0<\/p>\n<\/div><\/div>\n","protected":false},"excerpt":{"rendered":"<p>powered by MEXT<\/p>\n","protected":false},"featured_media":7665,"template":"","meta":[],"categories":[81],"tags":[84],"talk_collection":[87],"class_list":["post-7662","talks","type-talks","status-publish","has-post-thumbnail","hentry","category-4a-edicao","tag-4a-edicao","talk_collection-talks-pni"],"_links":{"self":[{"href":"https:\/\/bs.xl.pt\/premio-nacional-inovacao\/wp-json\/wp\/v2\/talks\/7662","targetHints":{"allow":["GET"]}}],"collection":[{"href":"https:\/\/bs.xl.pt\/premio-nacional-inovacao\/wp-json\/wp\/v2\/talks"}],"about":[{"href":"https:\/\/bs.xl.pt\/premio-nacional-inovacao\/wp-json\/wp\/v2\/types\/talks"}],"wp:featuredmedia":[{"embeddable":true,"href":"https:\/\/bs.xl.pt\/premio-nacional-inovacao\/wp-json\/wp\/v2\/media\/7665"}],"wp:attachment":[{"href":"https:\/\/bs.xl.pt\/premio-nacional-inovacao\/wp-json\/wp\/v2\/media?parent=7662"}],"wp:term":[{"taxonomy":"category","embeddable":true,"href":"https:\/\/bs.xl.pt\/premio-nacional-inovacao\/wp-json\/wp\/v2\/categories?post=7662"},{"taxonomy":"post_tag","embeddable":true,"href":"https:\/\/bs.xl.pt\/premio-nacional-inovacao\/wp-json\/wp\/v2\/tags?post=7662"},{"taxonomy":"talk_collection","embeddable":true,"href":"https:\/\/bs.xl.pt\/premio-nacional-inovacao\/wp-json\/wp\/v2\/talk_collection?post=7662"}],"curies":[{"name":"wp","href":"https:\/\/api.w.org\/{rel}","templated":true}]}}

A Transformação do Setor da Construção

<div class="wp-block-group"><div class="wp-block-group__inner-container is-layout-constrained wp-block-group-is-layout-constrained">
<h2 class="wp-block-heading"><strong>A Transformação do Setor da Construção</strong></h2>



<p>A construção está a entrar numa nova fase, marcada pela digitalização, pela inteligência artificial e por soluções energéticas mais inteligentes, capazes de aumentar a eficiência, reduzir desperdícios e transformar a forma como se planeiam e gerem obras e infraestruturas. Mais do que uma mudança tecnológica, esta é uma evolução que exige visão estratégica, capacidade de execução e novos modelos de colaboração entre empresas, startups, engenharia e setor público.</p>



<p>Como pode o setor da construção tirar partido dos dados, da IA e da mobilidade elétrica para ganhar escala, sustentabilidade e capacidade de decisão? Este é o ponto de partida para a talk “A Transformação do Setor da Construção”, que reúne casos concretos de inovação e mostra como as infraestruturas inteligentes estão a redesenhar o futuro do setor. </p>
</div></div>



<div class="wp-block-group"><div class="wp-block-group__inner-container is-layout-constrained wp-block-group-is-layout-constrained">
<p>A Talk “A Transformação do Setor da Construção” integra o Prémio Nacional de Inovação, uma iniciativa do Negócios, do BPI e da Claranet Portugal. A iniciativa conta com o patrocínio do FI Group, da Galp, do Grupo Brisa, da HP Portugal, da MC, e da Mext: Mota-Engil, bem como com a Agência Nacional de Inovação e a COTEC Portugal como parceiros institucionais, a Nova SBE como knowledge partner e Cascais como Município Inovador.</p>



<h4 class="wp-block-heading">Participantes <strong>A Transformação do Setor da Construção</strong></h4>



<p><strong>Rui Coutinho</strong>, Chief Innovation Officer and Executive Board Member at MEXT: MotaEngil Next <br><strong>Gonçalo Fernandes</strong>, Fundador e CEO da Volis <br><strong>Augusto Franco</strong>, Co fundador e CTO Sigma Easy Charge </p>



<p><strong>MODERAÇÃO&nbsp;</strong>&nbsp;</p>



<p><strong>Susana Marvão</strong>, Jornalista Colaboradora do Negócios </p>
</div></div>
