{"id":7737,"date":"2026-04-23T11:38:38","date_gmt":"2026-04-23T10:38:38","guid":{"rendered":"https:\/\/bs.xl.pt\/premio-nacional-inovacao\/?post_type=talks&#038;p=7737"},"modified":"2026-04-23T11:38:40","modified_gmt":"2026-04-23T10:38:40","slug":"ciberseguranca-nas-pme","status":"publish","type":"talks","link":"https:\/\/bs.xl.pt\/premio-nacional-inovacao\/talks\/ciberseguranca-nas-pme\/","title":{"rendered":"Ciberseguran\u00e7a nas PME"},"content":{"rendered":"\n<div class=\"wp-block-group\"><div class=\"wp-block-group__inner-container is-layout-constrained wp-block-group-is-layout-constrained\">\n<h2 class=\"wp-block-heading\"><strong><strong>Ciberseguran\u00e7a nas PME. O papel da confian\u00e7a digital no crescimento e na inova\u00e7\u00e3o<\/strong><\/strong><\/h2>\n\n\n\n<p>A ciberseguran\u00e7a deixou de ser um tema t\u00e9cnico para entrar no plano da gest\u00e3o. Na talk do Pr\u00e9mio Nacional de Inova\u00e7\u00e3o, realizada no BPI, ficou claro que integrar a seguran\u00e7a desde o in\u00edcio n\u00e3o trava o neg\u00f3cio. Torna-o mais s\u00f3lido, mais resiliente e mais preparado para ganhar escala. Em vez de discutir firewalls, servidores ou software, a quest\u00e3o passa a ser traduzida em perda de receita, indisponibilidade de servi\u00e7o, impacto reputacional ou quebra de confian\u00e7a. Proteger o neg\u00f3cio j\u00e1 n\u00e3o \u00e9 apenas defender computadores. \u00c9 criar condi\u00e7\u00f5es para crescer com confian\u00e7a.<\/p>\n<\/div><\/div>\n\n\n\n<div class=\"wp-block-group\"><div class=\"wp-block-group__inner-container is-layout-constrained wp-block-group-is-layout-constrained\">\n<p>A Talk \u201cCiberseguran\u00e7a nas PME. O papel da confian\u00e7a digital no crescimento e na inova\u00e7\u00e3o\u201d faz parte do Pr\u00e9mio Nacional de Inova\u00e7\u00e3o, uma iniciativa do Neg\u00f3cios, do BPI e da Claranet Portugal. O projeto conta com o patroc\u00ednio do FI Group, da Galp, do Grupo Brisa, da HP Portugal, da MC e da Mext: Mota-Engil, bem como com a Ag\u00eancia Nacional de Inova\u00e7\u00e3o e a COTEC Portugal como parceiros institucionais, a Nova SBE como Knowledge Partner e Cascais como Munic\u00edpio Inovador.<\/p>\n\n\n\n<h4 class=\"wp-block-heading\">Participantes<\/h4>\n\n\n\n<p><strong>Frederico Santos Moura<\/strong>, Chief Information Security Officer do BPI<br><strong>Pedro Norton Barbosa<\/strong>, CEO da Skill &amp; Reach<br><strong>Rui Cust\u00f3dio<\/strong>, Head of B2B Services Business Unit da NOS\u00a0<\/p>\n\n\n\n<p><strong>MODERA\u00c7\u00c3O&nbsp;<\/strong>&nbsp;<\/p>\n\n\n\n<p><strong>Carlos Mar\u00e7alo<\/strong>,&nbsp;Diretor de Projetos da Medialivre<\/p>\n<\/div><\/div>\n","protected":false},"excerpt":{"rendered":"<p>Powered by BPI<\/p>\n","protected":false},"featured_media":7740,"template":"","meta":[],"categories":[81],"tags":[84],"talk_collection":[87],"class_list":["post-7737","talks","type-talks","status-publish","has-post-thumbnail","hentry","category-4a-edicao","tag-4a-edicao","talk_collection-talks-pni"],"_links":{"self":[{"href":"https:\/\/bs.xl.pt\/premio-nacional-inovacao\/wp-json\/wp\/v2\/talks\/7737","targetHints":{"allow":["GET"]}}],"collection":[{"href":"https:\/\/bs.xl.pt\/premio-nacional-inovacao\/wp-json\/wp\/v2\/talks"}],"about":[{"href":"https:\/\/bs.xl.pt\/premio-nacional-inovacao\/wp-json\/wp\/v2\/types\/talks"}],"wp:featuredmedia":[{"embeddable":true,"href":"https:\/\/bs.xl.pt\/premio-nacional-inovacao\/wp-json\/wp\/v2\/media\/7740"}],"wp:attachment":[{"href":"https:\/\/bs.xl.pt\/premio-nacional-inovacao\/wp-json\/wp\/v2\/media?parent=7737"}],"wp:term":[{"taxonomy":"category","embeddable":true,"href":"https:\/\/bs.xl.pt\/premio-nacional-inovacao\/wp-json\/wp\/v2\/categories?post=7737"},{"taxonomy":"post_tag","embeddable":true,"href":"https:\/\/bs.xl.pt\/premio-nacional-inovacao\/wp-json\/wp\/v2\/tags?post=7737"},{"taxonomy":"talk_collection","embeddable":true,"href":"https:\/\/bs.xl.pt\/premio-nacional-inovacao\/wp-json\/wp\/v2\/talk_collection?post=7737"}],"curies":[{"name":"wp","href":"https:\/\/api.w.org\/{rel}","templated":true}]}}

Cibersegurança nas PME

<div class="wp-block-group"><div class="wp-block-group__inner-container is-layout-constrained wp-block-group-is-layout-constrained">
<h2 class="wp-block-heading"><strong><strong>Cibersegurança nas PME. O papel da confiança digital no crescimento e na inovação</strong></strong></h2>



<p>A cibersegurança deixou de ser um tema técnico para entrar no plano da gestão. Na talk do Prémio Nacional de Inovação, realizada no BPI, ficou claro que integrar a segurança desde o início não trava o negócio. Torna-o mais sólido, mais resiliente e mais preparado para ganhar escala. Em vez de discutir firewalls, servidores ou software, a questão passa a ser traduzida em perda de receita, indisponibilidade de serviço, impacto reputacional ou quebra de confiança. Proteger o negócio já não é apenas defender computadores. É criar condições para crescer com confiança.</p>
</div></div>



<div class="wp-block-group"><div class="wp-block-group__inner-container is-layout-constrained wp-block-group-is-layout-constrained">
<p>A Talk “Cibersegurança nas PME. O papel da confiança digital no crescimento e na inovação” faz parte do Prémio Nacional de Inovação, uma iniciativa do Negócios, do BPI e da Claranet Portugal. O projeto conta com o patrocínio do FI Group, da Galp, do Grupo Brisa, da HP Portugal, da MC e da Mext: Mota-Engil, bem como com a Agência Nacional de Inovação e a COTEC Portugal como parceiros institucionais, a Nova SBE como Knowledge Partner e Cascais como Município Inovador.</p>



<h4 class="wp-block-heading">Participantes</h4>



<p><strong>Frederico Santos Moura</strong>, Chief Information Security Officer do BPI<br><strong>Pedro Norton Barbosa</strong>, CEO da Skill &amp; Reach<br><strong>Rui Custódio</strong>, Head of B2B Services Business Unit da NOS </p>



<p><strong>MODERAÇÃO&nbsp;</strong>&nbsp;</p>



<p><strong>Carlos Marçalo</strong>,&nbsp;Diretor de Projetos da Medialivre</p>
</div></div>
