{"id":464,"date":"2021-05-20T21:25:37","date_gmt":"2021-05-20T21:25:37","guid":{"rendered":"http:\/\/bs.xl.pt\/premio-saude-sustentavel\/?page_id=464"},"modified":"2021-05-20T21:25:38","modified_gmt":"2021-05-20T21:25:38","slug":"7a-edicao-2018","status":"publish","type":"page","link":"https:\/\/bs.xl.pt\/premio-saude-sustentavel\/vencedores\/7a-edicao-2018\/","title":{"rendered":"7\u00aa Edi\u00e7\u00e3o &#8211; 2018"},"content":{"rendered":"\n<div class=\"wp-block-group\"><div class=\"wp-block-group__inner-container is-layout-flow wp-block-group-is-layout-flow\">\n<h2 class=\"wp-block-heading\">Personalidade do Ano<\/h2>\n\n\n\n<h4 class=\"uk-margin-small-bottom uk-margin-remove-adjacent wp-block-heading\">Vencedor<\/h4>\n\n\n\n<p>Professor Doutor Fernando de P\u00e1dua<\/p>\n\n\n<div class=\"uk-inline\"><img decoding=\"async\" src=\"https:\/\/cdn.xl.pt\/bs\/uploads\/sites\/17\/2021\/05\/fernandodepadua.jpg\" alt=\"7\u00aa Edi\u00e7\u00e3o &#8211; 2018 | Pr\u00e9mio Sa\u00fade Sustent\u00e1vel\" loading=\"lazy\" \/><\/div><p class=\"uk-hidden@s uk-text-small uk-text-muted uk-margin-small-top uk-margin-medium-bottom uk-text-left\"><\/p>\n<\/div><\/div>\n\n\n\n<div class=\"wp-block-group\"><div class=\"wp-block-group__inner-container is-layout-flow wp-block-group-is-layout-flow\">\n<h2 class=\"wp-block-heading\">Vencedores<\/h2>\n\n\n\n<div class=\"wp-block-columns is-layout-flex wp-container-core-columns-is-layout-9d6595d7 wp-block-columns-is-layout-flex\">\n<div class=\"wp-block-column is-layout-flow wp-block-column-is-layout-flow\">\n<h4 class=\"uk-margin-small-bottom uk-margin-remove-adjacent wp-block-heading\">Cuidados Continuados<\/h4>\n\n\n\n<p>Santa Casa da Miseric\u00f3rdia de Pedr\u00f3g\u00e3o Grande<\/p>\n\n\n<div class=\"uk-margin-medium\"><iframe width=\"1280\" height=\"720\" src=\"\/\/www.youtube.com\/embed\/FEBRYGBIO44?showinfo=0\" frameborder=\"0\" allowfullscreen data-uk-responsive loading=\"lazy\" referrerpolicy=\"no-referrer-when-downgrade\" title=\"\"><\/iframe><\/div>\n<\/div>\n\n\n\n<div class=\"wp-block-column is-layout-flow wp-block-column-is-layout-flow\">\n<h4 class=\"uk-margin-small-bottom uk-margin-remove-adjacent wp-block-heading\">Cuidados Prim\u00e1rios<\/h4>\n\n\n\n<p>ACES C\u00e1vado III \u2013 Barcelos\/Esposende<\/p>\n\n\n<div class=\"uk-margin-medium\"><iframe width=\"1280\" height=\"720\" src=\"\/\/www.youtube.com\/embed\/L_TLFvK4cRE?showinfo=0\" frameborder=\"0\" allowfullscreen data-uk-responsive loading=\"lazy\" referrerpolicy=\"no-referrer-when-downgrade\" title=\"\"><\/iframe><\/div>\n<\/div>\n\n\n\n<div class=\"wp-block-column is-layout-flow wp-block-column-is-layout-flow\">\n<h4 class=\"uk-margin-small-bottom uk-margin-remove-adjacent wp-block-heading\">Cuidados Hospitalares<\/h4>\n\n\n\n<p>C. H. de Vila Nova de Gaia\/ Espinho &#8211; U. Neurorradiologia de Interven\u00e7\u00e3o\/U. de AVC<\/p>\n\n\n<div class=\"uk-margin-medium\"><iframe width=\"1280\" height=\"720\" src=\"\/\/www.youtube.com\/embed\/x6lYfCs-8L8?showinfo=0\" frameborder=\"0\" allowfullscreen data-uk-responsive loading=\"lazy\" referrerpolicy=\"no-referrer-when-downgrade\" title=\"\"><\/iframe><\/div>\n<\/div>\n<\/div>\n\n\n\n<div class=\"wp-block-columns is-layout-flex wp-container-core-columns-is-layout-9d6595d7 wp-block-columns-is-layout-flex\">\n<div class=\"wp-block-column is-layout-flow wp-block-column-is-layout-flow\">\n<h4 class=\"uk-margin-small-bottom uk-margin-remove-adjacent wp-block-heading\">Projetos Especiais Integrados<\/h4>\n\n\n\n<p>U. Local de Sa\u00fade do Litoral Alentejano<\/p>\n\n\n<div class=\"uk-margin-medium\"><iframe width=\"1280\" height=\"720\" src=\"\/\/www.youtube.com\/embed\/vpJ2kf8pfqM?showinfo=0\" frameborder=\"0\" allowfullscreen data-uk-responsive loading=\"lazy\" referrerpolicy=\"no-referrer-when-downgrade\" title=\"\"><\/iframe><\/div>\n<\/div>\n\n\n\n<div class=\"wp-block-column is-layout-flow wp-block-column-is-layout-flow\">\n<h4 class=\"uk-margin-small-bottom uk-margin-remove-adjacent wp-block-heading\">Preven\u00e7\u00e3o e Promo\u00e7\u00e3o da Sa\u00fade<\/h4>\n\n\n\n<p>C. H. de Vila Nova de Gaia\/ Espinho<\/p>\n\n\n<div class=\"uk-margin-medium\"><iframe width=\"1280\" height=\"720\" src=\"\/\/www.youtube.com\/embed\/Gvys0fidJuM?showinfo=0\" frameborder=\"0\" allowfullscreen data-uk-responsive loading=\"lazy\" referrerpolicy=\"no-referrer-when-downgrade\" title=\"\"><\/iframe><\/div>\n<\/div>\n\n\n\n<div class=\"wp-block-column is-layout-flow wp-block-column-is-layout-flow\">\n<h4 class=\"uk-margin-small-bottom uk-margin-remove-adjacent wp-block-heading\">Resultados em Sa\u00fade<\/h4>\n\n\n\n<p>Funda\u00e7\u00e3o Nossa Senhora do Bom Sucesso<\/p>\n\n\n<div class=\"uk-margin-medium\"><iframe width=\"1280\" height=\"720\" src=\"\/\/www.youtube.com\/embed\/Cfn6fRjJ_Qo?showinfo=0\" frameborder=\"0\" allowfullscreen data-uk-responsive loading=\"lazy\" referrerpolicy=\"no-referrer-when-downgrade\" title=\"\"><\/iframe><\/div>\n<\/div>\n<\/div>\n<\/div><\/div>\n\n\n\n<div class=\"wp-block-group\"><div class=\"wp-block-group__inner-container is-layout-flow wp-block-group-is-layout-flow\">\n<h2 class=\"wp-block-heading\">Men\u00e7\u00f5es Honrosas<\/h2>\n\n\n\n<div class=\"wp-block-columns is-layout-flex wp-container-core-columns-is-layout-9d6595d7 wp-block-columns-is-layout-flex\">\n<div class=\"wp-block-column is-layout-flow wp-block-column-is-layout-flow\">\n<h4 class=\"uk-margin-small-bottom uk-margin-remove-adjacent wp-block-heading\">Sustentabilidade Econ\u00f3mica-Financeira<\/h4>\n\n\n\n<p>Centro Hospitalar de Vila Nova de Gaia\/Espinho- Centro de Diagn\u00f3stico Pr\u00e9-Natal<\/p>\n\n\n<div class=\"uk-margin-medium\"><iframe width=\"1280\" height=\"720\" src=\"\/\/www.youtube.com\/embed\/Mms91W3YH10?showinfo=0\" frameborder=\"0\" allowfullscreen data-uk-responsive loading=\"lazy\" referrerpolicy=\"no-referrer-when-downgrade\" title=\"\"><\/iframe><\/div>\n<\/div>\n\n\n\n<div class=\"wp-block-column is-layout-flow wp-block-column-is-layout-flow\">\n<h4 class=\"uk-margin-small-bottom uk-margin-remove-adjacent wp-block-heading\">Car\u00e1ter Inovador<\/h4>\n\n\n\n<p>Multicare &#8211; Seguros de Sa\u00fade, S.A<\/p>\n\n\n<div class=\"uk-margin-medium\"><iframe width=\"1280\" height=\"720\" src=\"\/\/www.youtube.com\/embed\/deibArcjS50?showinfo=0\" frameborder=\"0\" allowfullscreen data-uk-responsive loading=\"lazy\" referrerpolicy=\"no-referrer-when-downgrade\" title=\"\"><\/iframe><\/div>\n<\/div>\n\n\n\n<div class=\"wp-block-column is-layout-flow wp-block-column-is-layout-flow\">\n<h4 class=\"uk-margin-small-bottom uk-margin-remove-adjacent wp-block-heading\">Experi\u00eancia do Cidad\u00e3o<\/h4>\n\n\n\n<p>SESARAM<\/p>\n\n\n<div class=\"uk-margin-medium\"><iframe width=\"1280\" height=\"720\" src=\"\/\/www.youtube.com\/embed\/oHjPq5bEoAI?showinfo=0\" frameborder=\"0\" allowfullscreen data-uk-responsive loading=\"lazy\" referrerpolicy=\"no-referrer-when-downgrade\" title=\"\"><\/iframe><\/div>\n<\/div>\n<\/div>\n<\/div><\/div>\n","protected":false},"excerpt":{"rendered":"<p>Personalidade do Ano Vencedor Professor Doutor Fernando de P\u00e1dua Vencedores Cuidados Continuados Santa Casa da Miseric\u00f3rdia de Pedr\u00f3g\u00e3o Grande Cuidados Prim\u00e1rios ACES C\u00e1vado III \u2013 Barcelos\/Esposende Cuidados Hospitalares C. H. de Vila Nova de Gaia\/ Espinho &#8211; U. Neurorradiologia de Interven\u00e7\u00e3o\/U. de AVC Projetos Especiais Integrados U. Local de Sa\u00fade do Litoral Alentejano Preven\u00e7\u00e3o e [&hellip;]<\/p>\n","protected":false},"author":5,"featured_media":0,"parent":335,"menu_order":0,"comment_status":"closed","ping_status":"closed","template":"page_for-vencedores.php","meta":{"footnotes":""},"class_list":["post-464","page","type-page","status-publish","hentry"],"_links":{"self":[{"href":"https:\/\/bs.xl.pt\/premio-saude-sustentavel\/wp-json\/wp\/v2\/pages\/464","targetHints":{"allow":["GET"]}}],"collection":[{"href":"https:\/\/bs.xl.pt\/premio-saude-sustentavel\/wp-json\/wp\/v2\/pages"}],"about":[{"href":"https:\/\/bs.xl.pt\/premio-saude-sustentavel\/wp-json\/wp\/v2\/types\/page"}],"author":[{"embeddable":true,"href":"https:\/\/bs.xl.pt\/premio-saude-sustentavel\/wp-json\/wp\/v2\/users\/5"}],"replies":[{"embeddable":true,"href":"https:\/\/bs.xl.pt\/premio-saude-sustentavel\/wp-json\/wp\/v2\/comments?post=464"}],"version-history":[{"count":4,"href":"https:\/\/bs.xl.pt\/premio-saude-sustentavel\/wp-json\/wp\/v2\/pages\/464\/revisions"}],"predecessor-version":[{"id":479,"href":"https:\/\/bs.xl.pt\/premio-saude-sustentavel\/wp-json\/wp\/v2\/pages\/464\/revisions\/479"}],"up":[{"embeddable":true,"href":"https:\/\/bs.xl.pt\/premio-saude-sustentavel\/wp-json\/wp\/v2\/pages\/335"}],"wp:attachment":[{"href":"https:\/\/bs.xl.pt\/premio-saude-sustentavel\/wp-json\/wp\/v2\/media?parent=464"}],"curies":[{"name":"wp","href":"https:\/\/api.w.org\/{rel}","templated":true}]}}

7ª Edição &#8211; 2018

<div class="wp-block-group"><div class="wp-block-group__inner-container is-layout-flow wp-block-group-is-layout-flow">
<h2 class="wp-block-heading">Personalidade do Ano</h2>



<h4 class="uk-margin-small-bottom uk-margin-remove-adjacent wp-block-heading">Vencedor</h4>



<p>Professor Doutor Fernando de Pádua</p>


<div class="uk-inline"><img decoding="async" src="https://cdn.xl.pt/bs/uploads/sites/17/2021/05/fernandodepadua.jpg" alt="7ª Edição &#8211; 2018 | Prémio Saúde Sustentável" loading="lazy" /></div><p class="uk-hidden@s uk-text-small uk-text-muted uk-margin-small-top uk-margin-medium-bottom uk-text-left"></p>
</div></div>



<div class="wp-block-group"><div class="wp-block-group__inner-container is-layout-flow wp-block-group-is-layout-flow">
<h2 class="wp-block-heading">Vencedores</h2>



<div class="wp-block-columns is-layout-flex wp-container-core-columns-is-layout-9d6595d7 wp-block-columns-is-layout-flex">
<div class="wp-block-column is-layout-flow wp-block-column-is-layout-flow">
<h4 class="uk-margin-small-bottom uk-margin-remove-adjacent wp-block-heading">Cuidados Continuados</h4>



<p>Santa Casa da Misericórdia de Pedrógão Grande</p>


<div class="uk-margin-medium"><iframe width="1280" height="720" src="//www.youtube.com/embed/FEBRYGBIO44?showinfo=0" frameborder="0" allowfullscreen data-uk-responsive loading="lazy" referrerpolicy="no-referrer-when-downgrade" title=""></iframe></div>
</div>



<div class="wp-block-column is-layout-flow wp-block-column-is-layout-flow">
<h4 class="uk-margin-small-bottom uk-margin-remove-adjacent wp-block-heading">Cuidados Primários</h4>



<p>ACES Cávado III – Barcelos/Esposende</p>


<div class="uk-margin-medium"><iframe width="1280" height="720" src="//www.youtube.com/embed/L_TLFvK4cRE?showinfo=0" frameborder="0" allowfullscreen data-uk-responsive loading="lazy" referrerpolicy="no-referrer-when-downgrade" title=""></iframe></div>
</div>



<div class="wp-block-column is-layout-flow wp-block-column-is-layout-flow">
<h4 class="uk-margin-small-bottom uk-margin-remove-adjacent wp-block-heading">Cuidados Hospitalares</h4>



<p>C. H. de Vila Nova de Gaia/ Espinho &#8211; U. Neurorradiologia de Intervenção/U. de AVC</p>


<div class="uk-margin-medium"><iframe width="1280" height="720" src="//www.youtube.com/embed/x6lYfCs-8L8?showinfo=0" frameborder="0" allowfullscreen data-uk-responsive loading="lazy" referrerpolicy="no-referrer-when-downgrade" title=""></iframe></div>
</div>
</div>



<div class="wp-block-columns is-layout-flex wp-container-core-columns-is-layout-9d6595d7 wp-block-columns-is-layout-flex">
<div class="wp-block-column is-layout-flow wp-block-column-is-layout-flow">
<h4 class="uk-margin-small-bottom uk-margin-remove-adjacent wp-block-heading">Projetos Especiais Integrados</h4>



<p>U. Local de Saúde do Litoral Alentejano</p>


<div class="uk-margin-medium"><iframe width="1280" height="720" src="//www.youtube.com/embed/vpJ2kf8pfqM?showinfo=0" frameborder="0" allowfullscreen data-uk-responsive loading="lazy" referrerpolicy="no-referrer-when-downgrade" title=""></iframe></div>
</div>



<div class="wp-block-column is-layout-flow wp-block-column-is-layout-flow">
<h4 class="uk-margin-small-bottom uk-margin-remove-adjacent wp-block-heading">Prevenção e Promoção da Saúde</h4>



<p>C. H. de Vila Nova de Gaia/ Espinho</p>


<div class="uk-margin-medium"><iframe width="1280" height="720" src="//www.youtube.com/embed/Gvys0fidJuM?showinfo=0" frameborder="0" allowfullscreen data-uk-responsive loading="lazy" referrerpolicy="no-referrer-when-downgrade" title=""></iframe></div>
</div>



<div class="wp-block-column is-layout-flow wp-block-column-is-layout-flow">
<h4 class="uk-margin-small-bottom uk-margin-remove-adjacent wp-block-heading">Resultados em Saúde</h4>



<p>Fundação Nossa Senhora do Bom Sucesso</p>


<div class="uk-margin-medium"><iframe width="1280" height="720" src="//www.youtube.com/embed/Cfn6fRjJ_Qo?showinfo=0" frameborder="0" allowfullscreen data-uk-responsive loading="lazy" referrerpolicy="no-referrer-when-downgrade" title=""></iframe></div>
</div>
</div>
</div></div>



<div class="wp-block-group"><div class="wp-block-group__inner-container is-layout-flow wp-block-group-is-layout-flow">
<h2 class="wp-block-heading">Menções Honrosas</h2>



<div class="wp-block-columns is-layout-flex wp-container-core-columns-is-layout-9d6595d7 wp-block-columns-is-layout-flex">
<div class="wp-block-column is-layout-flow wp-block-column-is-layout-flow">
<h4 class="uk-margin-small-bottom uk-margin-remove-adjacent wp-block-heading">Sustentabilidade Económica-Financeira</h4>



<p>Centro Hospitalar de Vila Nova de Gaia/Espinho- Centro de Diagnóstico Pré-Natal</p>


<div class="uk-margin-medium"><iframe width="1280" height="720" src="//www.youtube.com/embed/Mms91W3YH10?showinfo=0" frameborder="0" allowfullscreen data-uk-responsive loading="lazy" referrerpolicy="no-referrer-when-downgrade" title=""></iframe></div>
</div>



<div class="wp-block-column is-layout-flow wp-block-column-is-layout-flow">
<h4 class="uk-margin-small-bottom uk-margin-remove-adjacent wp-block-heading">Caráter Inovador</h4>



<p>Multicare &#8211; Seguros de Saúde, S.A</p>


<div class="uk-margin-medium"><iframe width="1280" height="720" src="//www.youtube.com/embed/deibArcjS50?showinfo=0" frameborder="0" allowfullscreen data-uk-responsive loading="lazy" referrerpolicy="no-referrer-when-downgrade" title=""></iframe></div>
</div>



<div class="wp-block-column is-layout-flow wp-block-column-is-layout-flow">
<h4 class="uk-margin-small-bottom uk-margin-remove-adjacent wp-block-heading">Experiência do Cidadão</h4>



<p>SESARAM</p>


<div class="uk-margin-medium"><iframe width="1280" height="720" src="//www.youtube.com/embed/oHjPq5bEoAI?showinfo=0" frameborder="0" allowfullscreen data-uk-responsive loading="lazy" referrerpolicy="no-referrer-when-downgrade" title=""></iframe></div>
</div>
</div>
</div></div>

<p>Personalidade do Ano Vencedor Professor Doutor Fernando de Pádua Vencedores Cuidados Continuados Santa Casa da Misericórdia de Pedrógão Grande Cuidados Primários ACES Cávado III – Barcelos/Esposende Cuidados Hospitalares C. H. de Vila Nova de Gaia/ Espinho &#8211; U. Neurorradiologia de Intervenção/U. de AVC Projetos Especiais Integrados U. Local de Saúde do Litoral Alentejano Prevenção e [&hellip;]</p>
