{"id":141,"date":"2026-02-16T17:22:54","date_gmt":"2026-02-16T17:22:54","guid":{"rendered":"https:\/\/bs.xl.pt\/radar-africa\/?post_type=attendants&#038;p=141"},"modified":"2026-02-16T17:34:58","modified_gmt":"2026-02-16T17:34:58","slug":"alberto-galhardo-simoes","status":"publish","type":"attendants","link":"https:\/\/bs.xl.pt\/radar-africa\/attendants\/alberto-galhardo-simoes\/","title":{"rendered":"Alberto Galhardo Sim\u00f5es\u00a0"},"content":{"rendered":"\n<p>Alberto Galhardo Sim\u00f5es \u00e9 o S\u00f3cio respons\u00e1vel pela \u00e1rea de pr\u00e1tica de \u00c1frica Lus\u00f3fona da sociedade de advogados CMS Portugal. \u00c9 tamb\u00e9m membro do Comit\u00e9 Executivo da CMS \u00c1frica.<\/p>\n\n\n\n<p>Com mais de 30 anos de experi\u00eancia, tem desenvolvido a sua atividade principalmente nas \u00e1reas de investimento externo, fus\u00f5es e aquisi\u00e7\u00f5es, infraestruturas e energia em Portugal e na \u00c1frica Lus\u00f3fona.<\/p>\n\n\n\n<p><\/p>\n","protected":false},"featured_media":144,"template":"","meta":[],"categories":[],"tags":[],"attendant_categories":[],"class_list":["post-141","attendants","type-attendants","status-publish","has-post-thumbnail","hentry"],"_links":{"self":[{"href":"https:\/\/bs.xl.pt\/radar-africa\/wp-json\/wp\/v2\/attendants\/141","targetHints":{"allow":["GET"]}}],"collection":[{"href":"https:\/\/bs.xl.pt\/radar-africa\/wp-json\/wp\/v2\/attendants"}],"about":[{"href":"https:\/\/bs.xl.pt\/radar-africa\/wp-json\/wp\/v2\/types\/attendants"}],"wp:featuredmedia":[{"embeddable":true,"href":"https:\/\/bs.xl.pt\/radar-africa\/wp-json\/wp\/v2\/media\/144"}],"wp:attachment":[{"href":"https:\/\/bs.xl.pt\/radar-africa\/wp-json\/wp\/v2\/media?parent=141"}],"wp:term":[{"taxonomy":"category","embeddable":true,"href":"https:\/\/bs.xl.pt\/radar-africa\/wp-json\/wp\/v2\/categories?post=141"},{"taxonomy":"post_tag","embeddable":true,"href":"https:\/\/bs.xl.pt\/radar-africa\/wp-json\/wp\/v2\/tags?post=141"},{"taxonomy":"attendant_categories","embeddable":true,"href":"https:\/\/bs.xl.pt\/radar-africa\/wp-json\/wp\/v2\/attendant_categories?post=141"}],"curies":[{"name":"wp","href":"https:\/\/api.w.org\/{rel}","templated":true}]}}

Alberto Galhardo Simões

<p>Alberto Galhardo Simões é o Sócio responsável pela área de prática de África Lusófona da sociedade de advogados CMS Portugal. É também membro do Comité Executivo da CMS África.</p>



<p>Com mais de 30 anos de experiência, tem desenvolvido a sua atividade principalmente nas áreas de investimento externo, fusões e aquisições, infraestruturas e energia em Portugal e na África Lusófona.</p>



<p></p>
