{"id":156,"date":"2026-02-26T10:00:50","date_gmt":"2026-02-26T10:00:50","guid":{"rendered":"https:\/\/bs.xl.pt\/radar-africa\/?post_type=attendants&#038;p=156"},"modified":"2026-02-26T10:03:18","modified_gmt":"2026-02-26T10:03:18","slug":"joana-lino-gaspar","status":"publish","type":"attendants","link":"https:\/\/bs.xl.pt\/radar-africa\/attendants\/joana-lino-gaspar\/","title":{"rendered":"Joana Lino Gaspar"},"content":{"rendered":"\n<p>Desde junho de 2024 exerce fun\u00e7\u00f5es de Administradora Executiva da AICEP com responsabilidades nas<br>\u00e1reas da Rede Externa e Rela\u00e7\u00f5es Institucionais, participa\u00e7\u00e3o de Portugal em Exposi\u00e7\u00f5es Universais<br>e Recursos Humanos. Assegura a coordena\u00e7\u00e3o da diplomacia econ\u00f3mica com o Minist\u00e9rio dos Neg\u00f3cios<br>Estrangeiros.<br>Iniciou a carreira no servi\u00e7o diplom\u00e1tico em junho de 1997. Os postos anteriores incluem a<br>Embaixada de Portugal em Paris (2002-2005) e C\u00f4nsul-Geral de Portugal em Londres (2014-18). Entre<br>as fun\u00e7\u00f5es exercidas nos servi\u00e7os internos do Minist\u00e9rio dos Neg\u00f3cios Estrangeiros incluem-se:<\/p>\n\n\n\n<ul class=\"wp-block-list\">\n<li>Coordenadora do Centro de Estudos e An\u00e1lises Estrat\u00e9gicas do Instituto Diplom\u00e1tico (2018-21 e<br>2022-24);<\/li>\n\n\n\n<li>Chefe da Divis\u00e3o NATO na Dire\u00e7\u00e3o de Servi\u00e7os de Seguran\u00e7a e Defesa (2021-2022);<\/li>\n\n\n\n<li>Chefe da Divis\u00e3o de Prote\u00e7\u00e3o Consular da Dire\u00e7\u00e3o Geral dos Assuntos Consulares e das Comunidades<br>Portuguesas (2011-2014);<\/li>\n\n\n\n<li>Adjunta do Ministro de Estado e dos Neg\u00f3cios Estrangeiros (2008-2011);<\/li>\n\n\n\n<li>Adjunta do Secret\u00e1rio de Estado das Comunidades Portuguesas (2006-2008);<\/li>\n\n\n\n<li>Membro da Equipa de Negocia\u00e7\u00e3o do Tratado de Lisboa na Dire\u00e7\u00e3o das Institui\u00e7\u00f5es da Uni\u00e3o<br>Europeia (2005-2006);<\/li>\n\n\n\n<li>Adjunta do Diretor Geral de Pol\u00edtica Externa (2000-2002);<\/li>\n\n\n\n<li>Desk oficer par as rela\u00e7\u00f5es entre os pa\u00edses mediterr\u00e2nicos e a Uni\u00e3o Europeia na Dire\u00e7\u00e3o-Geral<br>dos Assuntos Europeus (1998-2000).<\/li>\n<\/ul>\n\n\n\n<p>Licenciada em Rela\u00e7\u00f5es Internacionais no Instituto Superior de Ci\u00eancias Sociais e Pol\u00edticas de<br>Lisboa e na Universidade Robert Schuman em Estrasburgo, em 1997, regressou \u00e0 academia para concluir<br>o Mestrado em Rela\u00e7\u00f5es Internacionais, na mesma Universidade, com uma disserta\u00e7\u00e3o sobre \u201cO<br>diplomata no s\u00e9culo XXI. Continuidades e mudan\u00e7as na pr\u00e1tica diplom\u00e1tica face \u00e0s transforma\u00e7\u00f5es<br>tecnol\u00f3gicas \u2013 o caso portugu\u00eas\u201d.<br>De 2021 a 2024, foi docente convidada da unidade curricular de Pr\u00e1tica Diplom\u00e1tica na licenciatura<br>em Ci\u00eancia Pol\u00edtica e Rela\u00e7\u00f5es Internacionais da Universidade Nova de Lisboa.<br>\u00c9 autora do Manual de Pr\u00e1tica Consular, editado em 2014 pelo Minist\u00e9rio dos Neg\u00f3cios<br>Estrangeiros; e de v\u00e1rios cap\u00edtulos em obras coletivas na \u00e1rea da diplomacia.<\/p>\n","protected":false},"featured_media":159,"template":"","meta":[],"categories":[],"tags":[],"attendant_categories":[],"class_list":["post-156","attendants","type-attendants","status-publish","has-post-thumbnail","hentry"],"_links":{"self":[{"href":"https:\/\/bs.xl.pt\/radar-africa\/wp-json\/wp\/v2\/attendants\/156","targetHints":{"allow":["GET"]}}],"collection":[{"href":"https:\/\/bs.xl.pt\/radar-africa\/wp-json\/wp\/v2\/attendants"}],"about":[{"href":"https:\/\/bs.xl.pt\/radar-africa\/wp-json\/wp\/v2\/types\/attendants"}],"wp:featuredmedia":[{"embeddable":true,"href":"https:\/\/bs.xl.pt\/radar-africa\/wp-json\/wp\/v2\/media\/159"}],"wp:attachment":[{"href":"https:\/\/bs.xl.pt\/radar-africa\/wp-json\/wp\/v2\/media?parent=156"}],"wp:term":[{"taxonomy":"category","embeddable":true,"href":"https:\/\/bs.xl.pt\/radar-africa\/wp-json\/wp\/v2\/categories?post=156"},{"taxonomy":"post_tag","embeddable":true,"href":"https:\/\/bs.xl.pt\/radar-africa\/wp-json\/wp\/v2\/tags?post=156"},{"taxonomy":"attendant_categories","embeddable":true,"href":"https:\/\/bs.xl.pt\/radar-africa\/wp-json\/wp\/v2\/attendant_categories?post=156"}],"curies":[{"name":"wp","href":"https:\/\/api.w.org\/{rel}","templated":true}]}}

<p>Desde junho de 2024 exerce funções de Administradora Executiva da AICEP com responsabilidades nas<br>áreas da Rede Externa e Relações Institucionais, participação de Portugal em Exposições Universais<br>e Recursos Humanos. Assegura a coordenação da diplomacia económica com o Ministério dos Negócios<br>Estrangeiros.<br>Iniciou a carreira no serviço diplomático em junho de 1997. Os postos anteriores incluem a<br>Embaixada de Portugal em Paris (2002-2005) e Cônsul-Geral de Portugal em Londres (2014-18). Entre<br>as funções exercidas nos serviços internos do Ministério dos Negócios Estrangeiros incluem-se:</p>



<ul class="wp-block-list">
<li>Coordenadora do Centro de Estudos e Análises Estratégicas do Instituto Diplomático (2018-21 e<br>2022-24);</li>



<li>Chefe da Divisão NATO na Direção de Serviços de Segurança e Defesa (2021-2022);</li>



<li>Chefe da Divisão de Proteção Consular da Direção Geral dos Assuntos Consulares e das Comunidades<br>Portuguesas (2011-2014);</li>



<li>Adjunta do Ministro de Estado e dos Negócios Estrangeiros (2008-2011);</li>



<li>Adjunta do Secretário de Estado das Comunidades Portuguesas (2006-2008);</li>



<li>Membro da Equipa de Negociação do Tratado de Lisboa na Direção das Instituições da União<br>Europeia (2005-2006);</li>



<li>Adjunta do Diretor Geral de Política Externa (2000-2002);</li>



<li>Desk oficer par as relações entre os países mediterrânicos e a União Europeia na Direção-Geral<br>dos Assuntos Europeus (1998-2000).</li>
</ul>



<p>Licenciada em Relações Internacionais no Instituto Superior de Ciências Sociais e Políticas de<br>Lisboa e na Universidade Robert Schuman em Estrasburgo, em 1997, regressou à academia para concluir<br>o Mestrado em Relações Internacionais, na mesma Universidade, com uma dissertação sobre “O<br>diplomata no século XXI. Continuidades e mudanças na prática diplomática face às transformações<br>tecnológicas – o caso português”.<br>De 2021 a 2024, foi docente convidada da unidade curricular de Prática Diplomática na licenciatura<br>em Ciência Política e Relações Internacionais da Universidade Nova de Lisboa.<br>É autora do Manual de Prática Consular, editado em 2014 pelo Ministério dos Negócios<br>Estrangeiros; e de vários capítulos em obras coletivas na área da diplomacia.</p>
