{"id":165,"date":"2026-02-27T15:38:19","date_gmt":"2026-02-27T15:38:19","guid":{"rendered":"https:\/\/bs.xl.pt\/radar-africa\/?post_type=attendants&#038;p=165"},"modified":"2026-03-04T15:42:32","modified_gmt":"2026-03-04T15:42:32","slug":"carlos-antonio-vasconcelos-mota-dos-santos","status":"publish","type":"attendants","link":"https:\/\/bs.xl.pt\/radar-africa\/attendants\/carlos-antonio-vasconcelos-mota-dos-santos\/","title":{"rendered":"Carlos Ant\u00f3nio Vasconcelos Mota dos Santos\u00a0"},"content":{"rendered":"\n<p>Nasceu no Porto, a 13 de maio de 1978.<\/p>\n\n\n\n<p>Habilita\u00e7\u00f5es Acad\u00e9micas:&nbsp;<br>Licenciado em Engenharia Civil pela Faculdade de Engenharia da Universidade do Porto.&nbsp;<br>Master in Business Administration pela Universidade do Porto.<\/p>\n\n\n\n<p>Carreira Profissional:\u00a0<\/p>\n\n\n\n<ul class=\"wp-block-list\">\n<li>Iniciou a sua carreira profissional na Mota Engil, Engenharia e Constru\u00e7\u00e3o, S.A. em 2002.\u00a0<\/li>\n\n\n\n<li>Em 2008 passou a integrar o Conselho de Administra\u00e7\u00e3o da Mota-Engil, Engenharia e Constru\u00e7\u00e3o, S.A.<\/li>\n\n\n\n<li>Desde agosto de 2009 \u00e9 vogal do Conselho de Administra\u00e7\u00e3o da MGP, holding familiar da Fam\u00edlia Mota.<\/li>\n\n\n\n<li>Entre 2011 e 2012 exerceu fun\u00e7\u00f5es de vogal do Conselho Superior e de Supervis\u00e3o da Mota-Engil, Angola, S.A.\u00a0<\/li>\n\n\n\n<li>Presidente do Conselho de Administra\u00e7\u00e3o da Mota-Engil Engenharia e Constru\u00e7\u00e3o entre 2013 e 2016.\u00a0<\/li>\n\n\n\n<li>Em 2019 foi designado Vice-Presidente da Comiss\u00e3o Executiva, sendo nomeado CEO do Grupo Mota-Engil em janeiro de 2023.<\/li>\n\n\n\n<li>\u00c9 atualmente Presidente do Conselho de Administra\u00e7\u00e3o e CEO do Grupo Mota-Engil.<\/li>\n\n\n\n<li>\u00c9 ainda vice-presidente da CIP, Membro do Conselho de Fundadores da Funda\u00e7\u00e3o Serralves e do Conselho de Curadores da Funda\u00e7\u00e3o Manuel Ant\u00f3nio da Mota<\/li>\n<\/ul>\n","protected":false},"featured_media":168,"template":"","meta":[],"categories":[],"tags":[],"attendant_categories":[],"class_list":["post-165","attendants","type-attendants","status-publish","has-post-thumbnail","hentry"],"_links":{"self":[{"href":"https:\/\/bs.xl.pt\/radar-africa\/wp-json\/wp\/v2\/attendants\/165","targetHints":{"allow":["GET"]}}],"collection":[{"href":"https:\/\/bs.xl.pt\/radar-africa\/wp-json\/wp\/v2\/attendants"}],"about":[{"href":"https:\/\/bs.xl.pt\/radar-africa\/wp-json\/wp\/v2\/types\/attendants"}],"wp:featuredmedia":[{"embeddable":true,"href":"https:\/\/bs.xl.pt\/radar-africa\/wp-json\/wp\/v2\/media\/168"}],"wp:attachment":[{"href":"https:\/\/bs.xl.pt\/radar-africa\/wp-json\/wp\/v2\/media?parent=165"}],"wp:term":[{"taxonomy":"category","embeddable":true,"href":"https:\/\/bs.xl.pt\/radar-africa\/wp-json\/wp\/v2\/categories?post=165"},{"taxonomy":"post_tag","embeddable":true,"href":"https:\/\/bs.xl.pt\/radar-africa\/wp-json\/wp\/v2\/tags?post=165"},{"taxonomy":"attendant_categories","embeddable":true,"href":"https:\/\/bs.xl.pt\/radar-africa\/wp-json\/wp\/v2\/attendant_categories?post=165"}],"curies":[{"name":"wp","href":"https:\/\/api.w.org\/{rel}","templated":true}]}}

Carlos António Vasconcelos Mota dos Santos

<p>Nasceu no Porto, a 13 de maio de 1978.</p>



<p>Habilitações Académicas:&nbsp;<br>Licenciado em Engenharia Civil pela Faculdade de Engenharia da Universidade do Porto.&nbsp;<br>Master in Business Administration pela Universidade do Porto.</p>



<p>Carreira Profissional: </p>



<ul class="wp-block-list">
<li>Iniciou a sua carreira profissional na Mota Engil, Engenharia e Construção, S.A. em 2002. </li>



<li>Em 2008 passou a integrar o Conselho de Administração da Mota-Engil, Engenharia e Construção, S.A.</li>



<li>Desde agosto de 2009 é vogal do Conselho de Administração da MGP, holding familiar da Família Mota.</li>



<li>Entre 2011 e 2012 exerceu funções de vogal do Conselho Superior e de Supervisão da Mota-Engil, Angola, S.A. </li>



<li>Presidente do Conselho de Administração da Mota-Engil Engenharia e Construção entre 2013 e 2016. </li>



<li>Em 2019 foi designado Vice-Presidente da Comissão Executiva, sendo nomeado CEO do Grupo Mota-Engil em janeiro de 2023.</li>



<li>É atualmente Presidente do Conselho de Administração e CEO do Grupo Mota-Engil.</li>



<li>É ainda vice-presidente da CIP, Membro do Conselho de Fundadores da Fundação Serralves e do Conselho de Curadores da Fundação Manuel António da Mota</li>
</ul>
