{"id":177,"date":"2026-03-02T16:40:44","date_gmt":"2026-03-02T16:40:44","guid":{"rendered":"https:\/\/bs.xl.pt\/radar-africa\/?post_type=attendants&#038;p=177"},"modified":"2026-03-02T16:40:44","modified_gmt":"2026-03-02T16:40:44","slug":"luis-alvaro-barbosa-de-campos-ferreira","status":"publish","type":"attendants","link":"https:\/\/bs.xl.pt\/radar-africa\/attendants\/luis-alvaro-barbosa-de-campos-ferreira\/","title":{"rendered":"Lu\u00eds \u00c1lvaro Barbosa de Campos Ferreira\u00a0"},"content":{"rendered":"\n<p>Nasceu em Viana do Castelo, Portugal, em 26 de novembro de 1961. Viveu a sua inf\u00e2ncia em Valen\u00e7a do Minho, tendo-se depois mudado com a fam\u00edlia para o Porto.&nbsp;<\/p>\n\n\n\n<p>Licenciado em Direito pela Universidade Cat\u00f3lica do Porto, foi regente do Semin\u00e1rio de Direito da Comunica\u00e7\u00e3o Social na Faculdade de Direito da Universidade Cat\u00f3lica do Porto.&nbsp;<\/p>\n\n\n\n<p>Desempenhou diversos cargos, como Diretor Geral e Vice-Presidente da McCann Erickson Portugal (1994-2001), Deputado \u00e0 Assembleia da Rep\u00fablica entre 2002 e 2013, tendo exercido os cargos de presidente da Comiss\u00e3o de Economia e Obras P\u00fablicas, vice-presidente do Grupo Parlamentar do PSD, presidente da Subcomiss\u00e3o Parlamentar de Direitos Fundamentais e Comunica\u00e7\u00e3o Social, de coordenador do PSD da Comiss\u00e3o Parlamentar de Defesa Nacional, e de presidente do Conselho de Dire\u00e7\u00e3o do Canal Parlamento. Foi diretor do Jornal Povo Livre. Foi Vice-presidente do Instituto S\u00e1 Carneiro (2015-2017).&nbsp;<\/p>\n\n\n\n<p>Foi membro do Conselho da Europa e da Assembleia Parlamentar da Organiza\u00e7\u00e3o para a Seguran\u00e7a e Coopera\u00e7\u00e3o na Europa (2006-2014) OSCE e foi tamb\u00e9m membro do Conselho da Europa.&nbsp;<\/p>\n\n\n\n<p>Foi\u202fSecret\u00e1rio de Estado dos Neg\u00f3cios Estrangeiros e Coopera\u00e7\u00e3o entre 2013 e 2015.&nbsp;<\/p>\n\n\n\n<p>Integra \u00f3rg\u00e3os de diversas organiza\u00e7\u00f5es de cariz social que desenvolvem trabalho em pa\u00edses africanos de l\u00edngua portuguesa.&nbsp;<\/p>\n\n\n\n<p>Atualmente \u00e9 presidente do Conselho de Fundadores e da Funda\u00e7\u00e3o da Casa da M\u00fasica.&nbsp;&nbsp;<\/p>\n\n\n\n<p>\u00c9 Secret\u00e1rio-Geral da UCCLA desde 25 de outubro de 2024.&nbsp;&nbsp;<\/p>\n","protected":false},"featured_media":180,"template":"","meta":[],"categories":[],"tags":[],"attendant_categories":[],"class_list":["post-177","attendants","type-attendants","status-publish","has-post-thumbnail","hentry"],"_links":{"self":[{"href":"https:\/\/bs.xl.pt\/radar-africa\/wp-json\/wp\/v2\/attendants\/177","targetHints":{"allow":["GET"]}}],"collection":[{"href":"https:\/\/bs.xl.pt\/radar-africa\/wp-json\/wp\/v2\/attendants"}],"about":[{"href":"https:\/\/bs.xl.pt\/radar-africa\/wp-json\/wp\/v2\/types\/attendants"}],"wp:featuredmedia":[{"embeddable":true,"href":"https:\/\/bs.xl.pt\/radar-africa\/wp-json\/wp\/v2\/media\/180"}],"wp:attachment":[{"href":"https:\/\/bs.xl.pt\/radar-africa\/wp-json\/wp\/v2\/media?parent=177"}],"wp:term":[{"taxonomy":"category","embeddable":true,"href":"https:\/\/bs.xl.pt\/radar-africa\/wp-json\/wp\/v2\/categories?post=177"},{"taxonomy":"post_tag","embeddable":true,"href":"https:\/\/bs.xl.pt\/radar-africa\/wp-json\/wp\/v2\/tags?post=177"},{"taxonomy":"attendant_categories","embeddable":true,"href":"https:\/\/bs.xl.pt\/radar-africa\/wp-json\/wp\/v2\/attendant_categories?post=177"}],"curies":[{"name":"wp","href":"https:\/\/api.w.org\/{rel}","templated":true}]}}

Luís Álvaro Barbosa de Campos Ferreira

<p>Nasceu em Viana do Castelo, Portugal, em 26 de novembro de 1961. Viveu a sua infância em Valença do Minho, tendo-se depois mudado com a família para o Porto.&nbsp;</p>



<p>Licenciado em Direito pela Universidade Católica do Porto, foi regente do Seminário de Direito da Comunicação Social na Faculdade de Direito da Universidade Católica do Porto.&nbsp;</p>



<p>Desempenhou diversos cargos, como Diretor Geral e Vice-Presidente da McCann Erickson Portugal (1994-2001), Deputado à Assembleia da República entre 2002 e 2013, tendo exercido os cargos de presidente da Comissão de Economia e Obras Públicas, vice-presidente do Grupo Parlamentar do PSD, presidente da Subcomissão Parlamentar de Direitos Fundamentais e Comunicação Social, de coordenador do PSD da Comissão Parlamentar de Defesa Nacional, e de presidente do Conselho de Direção do Canal Parlamento. Foi diretor do Jornal Povo Livre. Foi Vice-presidente do Instituto Sá Carneiro (2015-2017).&nbsp;</p>



<p>Foi membro do Conselho da Europa e da Assembleia Parlamentar da Organização para a Segurança e Cooperação na Europa (2006-2014) OSCE e foi também membro do Conselho da Europa.&nbsp;</p>



<p>Foi Secretário de Estado dos Negócios Estrangeiros e Cooperação entre 2013 e 2015.&nbsp;</p>



<p>Integra órgãos de diversas organizações de cariz social que desenvolvem trabalho em países africanos de língua portuguesa.&nbsp;</p>



<p>Atualmente é presidente do Conselho de Fundadores e da Fundação da Casa da Música.&nbsp;&nbsp;</p>



<p>É Secretário-Geral da UCCLA desde 25 de outubro de 2024.&nbsp;&nbsp;</p>
