{"id":48,"date":"2026-02-16T10:27:28","date_gmt":"2026-02-16T10:27:28","guid":{"rendered":"https:\/\/bs.xl.pt\/radar-africa\/?post_type=attendants&#038;p=48"},"modified":"2026-03-04T15:42:44","modified_gmt":"2026-03-04T15:42:44","slug":"rui-miguel-nabeiro","status":"publish","type":"attendants","link":"https:\/\/bs.xl.pt\/radar-africa\/attendants\/rui-miguel-nabeiro\/","title":{"rendered":"Rui Miguel Nabeiro"},"content":{"rendered":"\n<p>Licenciado em Gest\u00e3o de Empresas e Mestre em Gest\u00e3o Aplicada pela Universidade Cat\u00f3lica Portuguesa, Rui Miguel Nabeiro iniciou o seu percurso profissional em Madrid, passando posteriormente por It\u00e1lia e pela Su\u00ed\u00e7a. \u00c9 Administrador Executivo do Grupo Nabeiro-Delta Caf\u00e9s desde 2009 e CEO desde 2021.<\/p>\n\n\n\n<p>Lidera o Grupo com o prop\u00f3sito de refor\u00e7ar o seu posicionamento como uma das principais empresas globais de caf\u00e9, com a ambi\u00e7\u00e3o de afirmar o Grupo entre as 10 maiores empresas mundiais do setor, promovendo um crescimento assente no desenvolvimento sustent\u00e1vel do neg\u00f3cio, das pessoas e das marcas do Grupo Nabeiro.<\/p>\n\n\n\n<p>Desde 2022, assume igualmente a Presid\u00eancia da C\u00e2mara de Com\u00e9rcio e Ind\u00fastria Portuguesa, bem como da International Coffee Partners, associa\u00e7\u00e3o internacional dedicada \u00e0 sustentabilidade da cadeia de valor do caf\u00e9 e ao apoio \u00e0s comunidades produtoras.<\/p>\n","protected":false},"featured_media":57,"template":"","meta":[],"categories":[],"tags":[],"attendant_categories":[],"class_list":["post-48","attendants","type-attendants","status-publish","has-post-thumbnail","hentry"],"_links":{"self":[{"href":"https:\/\/bs.xl.pt\/radar-africa\/wp-json\/wp\/v2\/attendants\/48","targetHints":{"allow":["GET"]}}],"collection":[{"href":"https:\/\/bs.xl.pt\/radar-africa\/wp-json\/wp\/v2\/attendants"}],"about":[{"href":"https:\/\/bs.xl.pt\/radar-africa\/wp-json\/wp\/v2\/types\/attendants"}],"wp:featuredmedia":[{"embeddable":true,"href":"https:\/\/bs.xl.pt\/radar-africa\/wp-json\/wp\/v2\/media\/57"}],"wp:attachment":[{"href":"https:\/\/bs.xl.pt\/radar-africa\/wp-json\/wp\/v2\/media?parent=48"}],"wp:term":[{"taxonomy":"category","embeddable":true,"href":"https:\/\/bs.xl.pt\/radar-africa\/wp-json\/wp\/v2\/categories?post=48"},{"taxonomy":"post_tag","embeddable":true,"href":"https:\/\/bs.xl.pt\/radar-africa\/wp-json\/wp\/v2\/tags?post=48"},{"taxonomy":"attendant_categories","embeddable":true,"href":"https:\/\/bs.xl.pt\/radar-africa\/wp-json\/wp\/v2\/attendant_categories?post=48"}],"curies":[{"name":"wp","href":"https:\/\/api.w.org\/{rel}","templated":true}]}}

<p>Licenciado em Gestão de Empresas e Mestre em Gestão Aplicada pela Universidade Católica Portuguesa, Rui Miguel Nabeiro iniciou o seu percurso profissional em Madrid, passando posteriormente por Itália e pela Suíça. É Administrador Executivo do Grupo Nabeiro-Delta Cafés desde 2009 e CEO desde 2021.</p>



<p>Lidera o Grupo com o propósito de reforçar o seu posicionamento como uma das principais empresas globais de café, com a ambição de afirmar o Grupo entre as 10 maiores empresas mundiais do setor, promovendo um crescimento assente no desenvolvimento sustentável do negócio, das pessoas e das marcas do Grupo Nabeiro.</p>



<p>Desde 2022, assume igualmente a Presidência da Câmara de Comércio e Indústria Portuguesa, bem como da International Coffee Partners, associação internacional dedicada à sustentabilidade da cadeia de valor do café e ao apoio às comunidades produtoras.</p>
