{"id":60,"date":"2026-02-16T10:27:28","date_gmt":"2026-02-16T10:27:28","guid":{"rendered":"https:\/\/bs.xl.pt\/radar-africa\/?post_type=attendants&#038;p=60"},"modified":"2026-03-04T15:42:47","modified_gmt":"2026-03-04T15:42:47","slug":"vitor-ribeirinho","status":"publish","type":"attendants","link":"https:\/\/bs.xl.pt\/radar-africa\/attendants\/vitor-ribeirinho\/","title":{"rendered":"Vitor Ribeirinho"},"content":{"rendered":"\n<p>Senior Partner\/CEO da KPMG em Portugal desde outubro de 2021, Senior Partner da KPMG em Angola desde outubro de 2025, e membro do Global Council da KPMG Internacional e do Board da Regi\u00e3o EMA da KPMG, Vitor Ribeirinho conta com mais de 34 anos de experi\u00eancia em auditoria e assurance, tendo coordenado v\u00e1rios projetos nacionais e internacionais de accounting advisory, reorganiza\u00e7\u00e3o contabil\u00edstica, fus\u00f5es e aquisi\u00e7\u00f5es, gest\u00e3o de ativos ou reestrutura\u00e7\u00e3o organizacional, envolvendo grandes grupos econ\u00f3micos. Desde o in\u00edcio da sua carreira que tem uma liga\u00e7\u00e3o forte a Angola, tendo participado ativamente em projetos no Pa\u00eds desde 1992, em contacto direto com algumas das principais organiza\u00e7\u00f5es p\u00fablicas e privadas Angolanas, nomeadamente nos setores financeiro e petrol\u00edfero.\u00a0\u00a0<br><br>Conta ainda na sua carreira com uma participa\u00e7\u00e3o ativa em diversos \u00f3rg\u00e3os\/grupos relacionados com a profiss\u00e3o e regula\u00e7\u00e3o de Auditoria.<br><br>Formado em Contabilidade e Administra\u00e7\u00e3o pelo ISCAL, \u00e9 Revisor Oficial de Contas em Portugal e Perito Contabilista em Angola. Juntou-se \u00e0 KPMG em 1991, foi nomeado Partner de Auditoria em 2002 e desempenhou posteriormente o cargo de Head of Audit &amp; Assurance entre 2006 e 2021 e de Vice-Presidente da empresa a partir de 2016, at\u00e9 ser nomeado Senior Partner\/CEO em Portugal e Senior Partner em Angola.\u00a0<\/p>\n","protected":false},"featured_media":63,"template":"","meta":[],"categories":[],"tags":[],"attendant_categories":[],"class_list":["post-60","attendants","type-attendants","status-publish","has-post-thumbnail","hentry"],"_links":{"self":[{"href":"https:\/\/bs.xl.pt\/radar-africa\/wp-json\/wp\/v2\/attendants\/60","targetHints":{"allow":["GET"]}}],"collection":[{"href":"https:\/\/bs.xl.pt\/radar-africa\/wp-json\/wp\/v2\/attendants"}],"about":[{"href":"https:\/\/bs.xl.pt\/radar-africa\/wp-json\/wp\/v2\/types\/attendants"}],"wp:featuredmedia":[{"embeddable":true,"href":"https:\/\/bs.xl.pt\/radar-africa\/wp-json\/wp\/v2\/media\/63"}],"wp:attachment":[{"href":"https:\/\/bs.xl.pt\/radar-africa\/wp-json\/wp\/v2\/media?parent=60"}],"wp:term":[{"taxonomy":"category","embeddable":true,"href":"https:\/\/bs.xl.pt\/radar-africa\/wp-json\/wp\/v2\/categories?post=60"},{"taxonomy":"post_tag","embeddable":true,"href":"https:\/\/bs.xl.pt\/radar-africa\/wp-json\/wp\/v2\/tags?post=60"},{"taxonomy":"attendant_categories","embeddable":true,"href":"https:\/\/bs.xl.pt\/radar-africa\/wp-json\/wp\/v2\/attendant_categories?post=60"}],"curies":[{"name":"wp","href":"https:\/\/api.w.org\/{rel}","templated":true}]}}

<p>Senior Partner/CEO da KPMG em Portugal desde outubro de 2021, Senior Partner da KPMG em Angola desde outubro de 2025, e membro do Global Council da KPMG Internacional e do Board da Região EMA da KPMG, Vitor Ribeirinho conta com mais de 34 anos de experiência em auditoria e assurance, tendo coordenado vários projetos nacionais e internacionais de accounting advisory, reorganização contabilística, fusões e aquisições, gestão de ativos ou reestruturação organizacional, envolvendo grandes grupos económicos. Desde o início da sua carreira que tem uma ligação forte a Angola, tendo participado ativamente em projetos no País desde 1992, em contacto direto com algumas das principais organizações públicas e privadas Angolanas, nomeadamente nos setores financeiro e petrolífero.  <br><br>Conta ainda na sua carreira com uma participação ativa em diversos órgãos/grupos relacionados com a profissão e regulação de Auditoria.<br><br>Formado em Contabilidade e Administração pelo ISCAL, é Revisor Oficial de Contas em Portugal e Perito Contabilista em Angola. Juntou-se à KPMG em 1991, foi nomeado Partner de Auditoria em 2002 e desempenhou posteriormente o cargo de Head of Audit &amp; Assurance entre 2006 e 2021 e de Vice-Presidente da empresa a partir de 2016, até ser nomeado Senior Partner/CEO em Portugal e Senior Partner em Angola. </p>
