{"id":66,"date":"2026-02-16T10:27:28","date_gmt":"2026-02-16T10:27:28","guid":{"rendered":"https:\/\/bs.xl.pt\/radar-africa\/?post_type=attendants&#038;p=66"},"modified":"2026-03-04T16:36:46","modified_gmt":"2026-03-04T16:36:46","slug":"jose-de-lima-massano","status":"publish","type":"attendants","link":"https:\/\/bs.xl.pt\/radar-africa\/attendants\/jose-de-lima-massano\/","title":{"rendered":"Jos\u00e9 de Lima Massano"},"content":{"rendered":"\n<p>Jos\u00e9 de Lima Massano \u00e9 Ministro de Estado para a Coordena\u00e7\u00e3o Econ\u00f3mica, exercendo fun\u00e7\u00f5es na Presid\u00eancia da Rep\u00fablica como principal assessor econ\u00f3mico do Presidente, com responsabilidade directa na coordena\u00e7\u00e3o, acompanhamento e implementa\u00e7\u00e3o das pol\u00edticas e estrat\u00e9gias econ\u00f3micas do Pa\u00eds. Foi nomeado para o cargo em Junho de 2023.<\/p>\n\n\n\n<p>No exerc\u00edcio das suas fun\u00e7\u00f5es, tem como principais responsabilidades:<\/p>\n\n\n\n<ul class=\"wp-block-list\">\n<li>A coordena\u00e7\u00e3o do planeamento econ\u00f3mico, assegurando que as pol\u00edticas e estrat\u00e9gias definidas sejam exequ\u00edveis e estejam alinhadas com a vis\u00e3o do Presidente da Rep\u00fablica e com o Plano Nacional de Desenvolvimento;<\/li>\n<\/ul>\n\n\n\n<ul class=\"wp-block-list\">\n<li>A articula\u00e7\u00e3o e coordena\u00e7\u00e3o dos Minist\u00e9rios do sector econ\u00f3mico, bem como de outros membros da equipa econ\u00f3mica do Governo, incluindo comiss\u00f5es e grupos de trabalho criados pelo Presidente para mat\u00e9rias espec\u00edficas;<\/li>\n<\/ul>\n\n\n\n<ul class=\"wp-block-list\">\n<li>A monitoriza\u00e7\u00e3o e avalia\u00e7\u00e3o da execu\u00e7\u00e3o das pol\u00edticas e estrat\u00e9gias econ\u00f3micas aprovadas;<\/li>\n<\/ul>\n\n\n\n<ul class=\"wp-block-list\">\n<li>A promo\u00e7\u00e3o do di\u00e1logo e da coopera\u00e7\u00e3o com o sector p\u00fablico e privado, visando o refor\u00e7o das rela\u00e7\u00f5es entre o Governo e os principais agentes econ\u00f3micos, nacionais e internacionais;<\/li>\n<\/ul>\n\n\n\n<ul class=\"wp-block-list\">\n<li>A representa\u00e7\u00e3o da Presid\u00eancia da Rep\u00fablica em f\u00f3runs, reuni\u00f5es e eventos nacionais e internacionais de car\u00e1cter econ\u00f3mico e financeiro.<\/li>\n<\/ul>\n\n\n\n<ul class=\"wp-block-list\">\n<li>O Ministro participa igualmente em reuni\u00f5es do Conselho de Ministros e outros encontros de Estado presididos pelo Presidente da Rep\u00fablica, sempre que estejam em causa mat\u00e9rias de natureza estrat\u00e9gica ou transversal.<\/li>\n<\/ul>\n\n\n\n<p>Antes de assumir estas fun\u00e7\u00f5es, Jos\u00e9 de Lima Massano foi Governador do Banco Nacional de Angola (BNA), cargo que exerceu por cerca de dez anos, em dois per\u00edodos distintos: de Outubro de 2010 a Janeiro de 2015, e de Outubro de 2017 a Junho de 2023.<\/p>\n\n\n\n<p>Possui uma vasta experi\u00eancia no sector financeiro p\u00fablico e privado, tendo desempenhado, por um total de seis anos, as fun\u00e7\u00f5es de Presidente da Comiss\u00e3o Executiva do Banco Angolano de Investimento (BAI), antes e ap\u00f3s o seu primeiro mandato \u00e0 frente do banco central. Anteriormente, exerceu durante sete anos o cargo de Administrador Executivo do Banco de Poupan\u00e7a e Cr\u00e9dito (BPC), ent\u00e3o o maior banco p\u00fablico do Pa\u00eds.<\/p>\n\n\n\n<p>Licenciado em Contabilidade e Finan\u00e7as pela University of Salford, em Manchester (1995), e mestre na mesma \u00e1rea pela City University of London (1996), iniciou a sua carreira profissional na Sonangol EP, em 1997, no Departamento de Contabilidade.<\/p>\n","protected":false},"featured_media":69,"template":"","meta":[],"categories":[],"tags":[],"attendant_categories":[],"class_list":["post-66","attendants","type-attendants","status-publish","has-post-thumbnail","hentry"],"_links":{"self":[{"href":"https:\/\/bs.xl.pt\/radar-africa\/wp-json\/wp\/v2\/attendants\/66","targetHints":{"allow":["GET"]}}],"collection":[{"href":"https:\/\/bs.xl.pt\/radar-africa\/wp-json\/wp\/v2\/attendants"}],"about":[{"href":"https:\/\/bs.xl.pt\/radar-africa\/wp-json\/wp\/v2\/types\/attendants"}],"wp:featuredmedia":[{"embeddable":true,"href":"https:\/\/bs.xl.pt\/radar-africa\/wp-json\/wp\/v2\/media\/69"}],"wp:attachment":[{"href":"https:\/\/bs.xl.pt\/radar-africa\/wp-json\/wp\/v2\/media?parent=66"}],"wp:term":[{"taxonomy":"category","embeddable":true,"href":"https:\/\/bs.xl.pt\/radar-africa\/wp-json\/wp\/v2\/categories?post=66"},{"taxonomy":"post_tag","embeddable":true,"href":"https:\/\/bs.xl.pt\/radar-africa\/wp-json\/wp\/v2\/tags?post=66"},{"taxonomy":"attendant_categories","embeddable":true,"href":"https:\/\/bs.xl.pt\/radar-africa\/wp-json\/wp\/v2\/attendant_categories?post=66"}],"curies":[{"name":"wp","href":"https:\/\/api.w.org\/{rel}","templated":true}]}}

José de Lima Massano

<p>José de Lima Massano é Ministro de Estado para a Coordenação Económica, exercendo funções na Presidência da República como principal assessor económico do Presidente, com responsabilidade directa na coordenação, acompanhamento e implementação das políticas e estratégias económicas do País. Foi nomeado para o cargo em Junho de 2023.</p>



<p>No exercício das suas funções, tem como principais responsabilidades:</p>



<ul class="wp-block-list">
<li>A coordenação do planeamento económico, assegurando que as políticas e estratégias definidas sejam exequíveis e estejam alinhadas com a visão do Presidente da República e com o Plano Nacional de Desenvolvimento;</li>
</ul>



<ul class="wp-block-list">
<li>A articulação e coordenação dos Ministérios do sector económico, bem como de outros membros da equipa económica do Governo, incluindo comissões e grupos de trabalho criados pelo Presidente para matérias específicas;</li>
</ul>



<ul class="wp-block-list">
<li>A monitorização e avaliação da execução das políticas e estratégias económicas aprovadas;</li>
</ul>



<ul class="wp-block-list">
<li>A promoção do diálogo e da cooperação com o sector público e privado, visando o reforço das relações entre o Governo e os principais agentes económicos, nacionais e internacionais;</li>
</ul>



<ul class="wp-block-list">
<li>A representação da Presidência da República em fóruns, reuniões e eventos nacionais e internacionais de carácter económico e financeiro.</li>
</ul>



<ul class="wp-block-list">
<li>O Ministro participa igualmente em reuniões do Conselho de Ministros e outros encontros de Estado presididos pelo Presidente da República, sempre que estejam em causa matérias de natureza estratégica ou transversal.</li>
</ul>



<p>Antes de assumir estas funções, José de Lima Massano foi Governador do Banco Nacional de Angola (BNA), cargo que exerceu por cerca de dez anos, em dois períodos distintos: de Outubro de 2010 a Janeiro de 2015, e de Outubro de 2017 a Junho de 2023.</p>



<p>Possui uma vasta experiência no sector financeiro público e privado, tendo desempenhado, por um total de seis anos, as funções de Presidente da Comissão Executiva do Banco Angolano de Investimento (BAI), antes e após o seu primeiro mandato à frente do banco central. Anteriormente, exerceu durante sete anos o cargo de Administrador Executivo do Banco de Poupança e Crédito (BPC), então o maior banco público do País.</p>



<p>Licenciado em Contabilidade e Finanças pela University of Salford, em Manchester (1995), e mestre na mesma área pela City University of London (1996), iniciou a sua carreira profissional na Sonangol EP, em 1997, no Departamento de Contabilidade.</p>
