{"id":72,"date":"2026-02-16T10:27:28","date_gmt":"2026-02-16T10:27:28","guid":{"rendered":"https:\/\/bs.xl.pt\/radar-africa\/?post_type=attendants&#038;p=72"},"modified":"2026-02-16T10:27:28","modified_gmt":"2026-02-16T10:27:28","slug":"arlindo-das-chagas-rangel","status":"publish","type":"attendants","link":"https:\/\/bs.xl.pt\/radar-africa\/attendants\/arlindo-das-chagas-rangel\/","title":{"rendered":"Arlindo das Chagas Rangel"},"content":{"rendered":"\n<p><strong>Forma\u00e7\u00e3o Acad\u00e9mica<\/strong><\/p>\n\n\n\n<p>Arlindo das Chagas Rangel \u00e9 licenciado em Gest\u00e3o de Empresas pela Universidade Lus\u00edadas de Angola. Em 2007, frequentou uma p\u00f3s-gradua\u00e7\u00e3o em Direito Banc\u00e1rio, realizada em parceria entre a Faculdade de Direito de Lisboa e a Faculdade Agostinho Neto.<\/p>\n\n\n\n<p><strong>Forma\u00e7\u00e3o Complementar<\/strong><\/p>\n\n\n\n<p>Em termos de forma\u00e7\u00e3o complementar, realizou um mini MBA no Instituto Superior de Ci\u00eancias do Trabalho e da Empresa (INDEG). Em 2017, concluiu uma p\u00f3s-gradua\u00e7\u00e3o em Gest\u00e3o de Empresas pela Cat\u00f3lica Lisbon Business &amp; Economics. No mesmo ano, completou o curso de Corporate Governance no Instituto Portugu\u00eas de Corporate Governance (IPCG).<\/p>\n\n\n\n<p>Em 2022, fez os m\u00f3dulos I \u201cA Actua\u00e7\u00e3o em Boards\u201d e II \u201cA Lideran\u00e7a em Boards&#8221; do curso de Corporate Governance, na Universidade Nova de Lisboa, onde no mesmo ano concluiu tamb\u00e9m um curso de Planeamento Estrat\u00e9gico.<\/p>\n\n\n\n<p><br><strong>Percurso Profissional<\/strong><\/p>\n\n\n\n<p>Tem uma vasta experi\u00eancia no sector banc\u00e1rio, com passagens por institui\u00e7\u00f5es de destaque como o Banco Esp\u00edrito Santo Angola (BESA), o Banco de Poupan\u00e7a e Cr\u00e9dito (BPC), o Banco Econ\u00f3mico e o Banco Keve, em fun\u00e7\u00f5es t\u00e9cnica, cargos de direc\u00e7\u00e3o e de gest\u00e3o.<\/p>\n\n\n\n<p>Al\u00e9m da sua carreira no sector banc\u00e1rio, tem-se destacado em fun\u00e7\u00f5es de lideran\u00e7a em outras \u00e1reas, tendo sido Administrador Executivo do Grupo Score Media, Coordenador da \u00c1rea de Expans\u00e3o do BESA e de Presidente do Conselho Fiscal da Unitel, a maior operadora de telefonia m\u00f3vel de Angola, de 2019 a 2024, dentre outros.<\/p>\n\n\n\n<p>Em Janeiro de 2024 foi nomeado Presidente do Conselho de Administra\u00e7\u00e3o da AIPEX (Ag\u00eancia de Investimento Privado e Promo\u00e7\u00e3o das Exporta\u00e7\u00f5es de Angola), cargo que ocupa at\u00e9 ao momento.<\/p>\n","protected":false},"featured_media":75,"template":"","meta":[],"categories":[],"tags":[],"attendant_categories":[],"class_list":["post-72","attendants","type-attendants","status-publish","has-post-thumbnail","hentry"],"_links":{"self":[{"href":"https:\/\/bs.xl.pt\/radar-africa\/wp-json\/wp\/v2\/attendants\/72","targetHints":{"allow":["GET"]}}],"collection":[{"href":"https:\/\/bs.xl.pt\/radar-africa\/wp-json\/wp\/v2\/attendants"}],"about":[{"href":"https:\/\/bs.xl.pt\/radar-africa\/wp-json\/wp\/v2\/types\/attendants"}],"wp:featuredmedia":[{"embeddable":true,"href":"https:\/\/bs.xl.pt\/radar-africa\/wp-json\/wp\/v2\/media\/75"}],"wp:attachment":[{"href":"https:\/\/bs.xl.pt\/radar-africa\/wp-json\/wp\/v2\/media?parent=72"}],"wp:term":[{"taxonomy":"category","embeddable":true,"href":"https:\/\/bs.xl.pt\/radar-africa\/wp-json\/wp\/v2\/categories?post=72"},{"taxonomy":"post_tag","embeddable":true,"href":"https:\/\/bs.xl.pt\/radar-africa\/wp-json\/wp\/v2\/tags?post=72"},{"taxonomy":"attendant_categories","embeddable":true,"href":"https:\/\/bs.xl.pt\/radar-africa\/wp-json\/wp\/v2\/attendant_categories?post=72"}],"curies":[{"name":"wp","href":"https:\/\/api.w.org\/{rel}","templated":true}]}}

<p><strong>Formação Académica</strong></p>



<p>Arlindo das Chagas Rangel é licenciado em Gestão de Empresas pela Universidade Lusíadas de Angola. Em 2007, frequentou uma pós-graduação em Direito Bancário, realizada em parceria entre a Faculdade de Direito de Lisboa e a Faculdade Agostinho Neto.</p>



<p><strong>Formação Complementar</strong></p>



<p>Em termos de formação complementar, realizou um mini MBA no Instituto Superior de Ciências do Trabalho e da Empresa (INDEG). Em 2017, concluiu uma pós-graduação em Gestão de Empresas pela Católica Lisbon Business &amp; Economics. No mesmo ano, completou o curso de Corporate Governance no Instituto Português de Corporate Governance (IPCG).</p>



<p>Em 2022, fez os módulos I “A Actuação em Boards” e II “A Liderança em Boards&#8221; do curso de Corporate Governance, na Universidade Nova de Lisboa, onde no mesmo ano concluiu também um curso de Planeamento Estratégico.</p>



<p><br><strong>Percurso Profissional</strong></p>



<p>Tem uma vasta experiência no sector bancário, com passagens por instituições de destaque como o Banco Espírito Santo Angola (BESA), o Banco de Poupança e Crédito (BPC), o Banco Económico e o Banco Keve, em funções técnica, cargos de direcção e de gestão.</p>



<p>Além da sua carreira no sector bancário, tem-se destacado em funções de liderança em outras áreas, tendo sido Administrador Executivo do Grupo Score Media, Coordenador da Área de Expansão do BESA e de Presidente do Conselho Fiscal da Unitel, a maior operadora de telefonia móvel de Angola, de 2019 a 2024, dentre outros.</p>



<p>Em Janeiro de 2024 foi nomeado Presidente do Conselho de Administração da AIPEX (Agência de Investimento Privado e Promoção das Exportações de Angola), cargo que ocupa até ao momento.</p>
