{"id":78,"date":"2026-02-16T10:27:28","date_gmt":"2026-02-16T10:27:28","guid":{"rendered":"https:\/\/bs.xl.pt\/radar-africa\/?post_type=attendants&#038;p=78"},"modified":"2026-02-16T11:32:39","modified_gmt":"2026-02-16T11:32:39","slug":"joao-luis-traca","status":"publish","type":"attendants","link":"https:\/\/bs.xl.pt\/radar-africa\/attendants\/joao-luis-traca\/","title":{"rendered":"Jo\u00e3o Lu\u00eds Tra\u00e7a"},"content":{"rendered":"\n<p>S\u00f3cio da sociedade de advogados Miranda &amp; Associados onde acompanha empresas em Portugal e Angola.<\/p>\n\n\n\n<p>Presidente da dire\u00e7\u00e3o da C\u00e2mara de Com\u00e9rcio e Ind\u00fastria Portugal-Angola desde 2016.<\/p>\n\n\n\n<p>Licenciado em Direito pela Universidade Cat\u00f3lica (88\/93)<\/p>\n\n\n\n<p>MBA tamb\u00e9m pela Universidade Cat\u00f3lica (99\/2001)<\/p>\n","protected":false},"featured_media":81,"template":"","meta":[],"categories":[],"tags":[],"attendant_categories":[],"class_list":["post-78","attendants","type-attendants","status-publish","has-post-thumbnail","hentry"],"_links":{"self":[{"href":"https:\/\/bs.xl.pt\/radar-africa\/wp-json\/wp\/v2\/attendants\/78","targetHints":{"allow":["GET"]}}],"collection":[{"href":"https:\/\/bs.xl.pt\/radar-africa\/wp-json\/wp\/v2\/attendants"}],"about":[{"href":"https:\/\/bs.xl.pt\/radar-africa\/wp-json\/wp\/v2\/types\/attendants"}],"wp:featuredmedia":[{"embeddable":true,"href":"https:\/\/bs.xl.pt\/radar-africa\/wp-json\/wp\/v2\/media\/81"}],"wp:attachment":[{"href":"https:\/\/bs.xl.pt\/radar-africa\/wp-json\/wp\/v2\/media?parent=78"}],"wp:term":[{"taxonomy":"category","embeddable":true,"href":"https:\/\/bs.xl.pt\/radar-africa\/wp-json\/wp\/v2\/categories?post=78"},{"taxonomy":"post_tag","embeddable":true,"href":"https:\/\/bs.xl.pt\/radar-africa\/wp-json\/wp\/v2\/tags?post=78"},{"taxonomy":"attendant_categories","embeddable":true,"href":"https:\/\/bs.xl.pt\/radar-africa\/wp-json\/wp\/v2\/attendant_categories?post=78"}],"curies":[{"name":"wp","href":"https:\/\/api.w.org\/{rel}","templated":true}]}}

João Luís Traça

<p>Sócio da sociedade de advogados Miranda &amp; Associados onde acompanha empresas em Portugal e Angola.</p>



<p>Presidente da direção da Câmara de Comércio e Indústria Portugal-Angola desde 2016.</p>



<p>Licenciado em Direito pela Universidade Católica (88/93)</p>



<p>MBA também pela Universidade Católica (99/2001)</p>
