{"id":23,"date":"2021-10-15T22:33:45","date_gmt":"2021-10-15T22:33:45","guid":{"rendered":"http:\/\/bs.xl.pt\/record-padel-challenge\/?page_id=23"},"modified":"2022-06-02T16:37:31","modified_gmt":"2022-06-02T15:37:31","slug":"premios","status":"publish","type":"page","link":"https:\/\/bs.xl.pt\/record-padel-challenge\/premios\/","title":{"rendered":"Pr\u00e9mios"},"content":{"rendered":"\n<div class=\"wp-block-group\"><div class=\"wp-block-group__inner-container is-layout-flow wp-block-group-is-layout-flow\">\n<h2 class=\"wp-block-heading\">Etapas<\/h2>\n\n\n\n<p>T-shirt T\u00e9cnica, Garrafa de \u00e1gua e copo reutiliz\u00e1vel, Overgrip, Protector de raquete, Catering, 1 voucher de 1h30 no clube onde vai participar (pr\u00e9-treino)<\/p>\n\n\n\n<p>Bon\u00e9, Saco, 1 voucher de t-shirt + Boxer para levantar em loja Intimissimi Uomo<\/p>\n\n\n\n<p>Assinatura digital do Record durante 3 meses<\/p>\n<\/div><\/div>\n\n\n\n<div class=\"wp-block-group\"><div class=\"wp-block-group__inner-container is-layout-flow wp-block-group-is-layout-flow\">\n<h2 class=\"wp-block-heading\">Masters<\/h2>\n\n\n\n<p>T-shirt T\u00e9cnica (edi\u00e7\u00e3o especial), Overgrip, Catering<\/p>\n\n\n\n<p>1 Perfume Intimissimi Uomo Black 50ml<\/p>\n<\/div><\/div>\n\n\n\n<div class=\"wp-block-group\"><div class=\"wp-block-group__inner-container is-layout-flow wp-block-group-is-layout-flow\">\n<h3 class=\"wp-block-heading\">Vencedores<\/h3>\n\n\n\n<p>Vouchers de estadia para 6 noites, para duas pessoas, num dos&nbsp;<strong>hot\u00e9is Vila Gal\u00e9<\/strong>&nbsp;(para cada um dos elementos da equipa).<\/p>\n\n\n\n<p>Pack de 5&nbsp; alugueres de campos Rackets Pro + 1 Friend Pass \u201cThe Code\u201d (inclui 1 aula \u00e0 escolha nos nossos Clubes) + pack de 4 aulas \u201cThe Code\u201d (validade de 30 dias) + pack de 4 Sess\u00f5es de 30 minutos de Personal Trainer + Mini Barril de Cerveja&nbsp; + Voucher 50\u20ac&nbsp; para vencedores dos Masters, a usar exclusivamente em Raquetes Quad.<\/p>\n\n\n\n<p>Voucher 300\u20ac para descontar em loja \u2013 <strong>Intimissimi<\/strong> <strong>Uomo<\/strong>, para cada um dos elementos da equipa.<\/p>\n\n\n\n<p>1 ano de assinatura digital Record e Jornal de Neg\u00f3cios para cada um dos elementos da equipa.<\/p>\n\n\n\n<h3 class=\"wp-block-heading\">Finalistas<\/h3>\n\n\n\n<p>1 Friend Pass \u201cThe Code\u201d (inclui 1 aula \u00e0 escolha nos nossos Clubes) + &nbsp;pack de 4 aulas \u201cThe Code\u201d (validade de 30 dias) + pack de 4 Sess\u00f5es de 30 minutos de Personal Trainer + Voucher 25\u20ac para os finalistas, a usar exclusivamente em Raquetes Quad.<\/p>\n<\/div><\/div>\n\n\n\n<div class=\"wp-block-group\"><div class=\"wp-block-group__inner-container is-layout-flow wp-block-group-is-layout-flow\">\n<h3 class=\"wp-block-heading\">Vencedores<\/h3>\n\n\n\n<p>Vouchers de estadia para 4 noites, para duas pessoas, num dos&nbsp;<strong>hot\u00e9is Vila Gal\u00e9<\/strong>&nbsp;(para cada um dos elementos da equipa).<\/p>\n\n\n\n<p>Pack de 5&nbsp; alugueres de campos Rackets Pro + 1 Friend Pass \u201cThe Code\u201d (inclui 1 aula \u00e0 escolha nos nossos Clubes) + pack de 4 aulas \u201cThe Code\u201d (validade de 30 dias) + pack de 4 Sess\u00f5es de 30 minutos de Personal Trainer + Mini Barril de Cerveja&nbsp; + Voucher 50\u20ac&nbsp; para vencedores dos Masters, a usar exclusivamente em Raquetes Quad.<\/p>\n\n\n\n<p>Voucher 150\u20ac para descontar em loja \u2013 <strong>Intimissimi Uomo<\/strong>, para cada um dos elementos da equipa.<\/p>\n\n\n\n<p>1 ano de assinatura digital Record e Jornal de Neg\u00f3cios para cada um dos elementos da equipa.<\/p>\n\n\n\n<h3 class=\"wp-block-heading\">Finalistas<\/h3>\n\n\n\n<p>1 Friend Pass \u201cThe Code\u201d (inclui 1 aula \u00e0 escolha nos nossos Clubes) + &nbsp;pack de 4 aulas \u201cThe Code\u201d (validade de 30 dias) + pack de 4 Sess\u00f5es de 30 minutos de Personal Trainer + Voucher 25\u20ac para os finalistas, a usar exclusivamente em Raquetes Quad.<\/p>\n<\/div><\/div>\n\n\n\n<div class=\"wp-block-group\"><div class=\"wp-block-group__inner-container is-layout-flow wp-block-group-is-layout-flow\">\n<h3 class=\"wp-block-heading\">Vencedores<\/h3>\n\n\n\n<p>Vouchers de estadia para 2 noites, para duas pessoas, num dos&nbsp;<strong>hot\u00e9is Vila Gal\u00e9<\/strong>&nbsp;(para cada um dos elementos da equipa).<\/p>\n\n\n\n<p>Pack de 5&nbsp; alugueres de campos Rackets Pro + 1 Friend Pass \u201cThe Code\u201d (inclui 1 aula \u00e0 escolha nos nossos Clubes) + pack de 4 aulas \u201cThe Code\u201d (validade de 30 dias) + pack de 4 Sess\u00f5es de 30 minutos de Personal Trainer + Mini Barril de Cerveja&nbsp; + Voucher 50\u20ac&nbsp; para vencedores dos Masters, a usar exclusivamente em Raquetes Quad.<\/p>\n\n\n\n<p>Voucher 80\u20ac para descontar em loja \u2013 <strong>Intimissimi Uomo<\/strong>, para cada um dos elementos da equipa.<\/p>\n\n\n\n<p>1 ano de assinatura digital Record e Jornal de Neg\u00f3cios para cada um dos elementos da equipa.<\/p>\n\n\n\n<h3 class=\"wp-block-heading\">Finalistas<\/h3>\n\n\n\n<p>1 Friend Pass \u201cThe Code\u201d (inclui 1 aula \u00e0 escolha nos nossos Clubes) + &nbsp;pack de 4 aulas \u201cThe Code\u201d (validade de 30 dias) + pack de 4 Sess\u00f5es de 30 minutos de Personal Trainer + Voucher 25\u20ac para os finalistas, a usar exclusivamente em Raquetes Quad.<\/p>\n<\/div><\/div>\n\n\n\n<div class=\"wp-block-group\"><div class=\"wp-block-group__inner-container is-layout-flow wp-block-group-is-layout-flow\">\n<p><strong>VALOR TOTAL DOS PR\u00c9MIOS &nbsp;= 12000 euros em pr\u00e9mios<\/strong><\/p>\n\n\n\n<p>Vouchers de estadias para duas pessoas num dos hot\u00e9is Vila Gal\u00e9<br>Vouchers Intimissimi Uomo para descontar em loja<br>Pack de 5&nbsp; alugueres de campos Rackets Pro + Pack de 4 aulas The Code + Friend Pass The Code + 4 Sess\u00f5es de&nbsp; Performance +&nbsp;&nbsp; Vouchers em raquetes Quad + Mini Barril de Cerveja&nbsp;Heineken<br>Assinatura digital Record e Neg\u00f3cios<\/p>\n<\/div><\/div>\n","protected":false},"excerpt":{"rendered":"<p>Etapas T-shirt T\u00e9cnica, Garrafa de \u00e1gua e copo reutiliz\u00e1vel, Overgrip, Protector de raquete, Catering, 1 voucher de 1h30 no clube onde vai participar (pr\u00e9-treino) Bon\u00e9, Saco, 1 voucher de t-shirt + Boxer para levantar em loja Intimissimi Uomo Assinatura digital do Record durante 3 meses Masters T-shirt T\u00e9cnica (edi\u00e7\u00e3o especial), Overgrip, Catering 1 Perfume Intimissimi [&hellip;]<\/p>\n","protected":false},"author":5,"featured_media":0,"parent":0,"menu_order":0,"comment_status":"closed","ping_status":"closed","template":"","meta":{"footnotes":""},"class_list":["post-23","page","type-page","status-publish","hentry"],"_links":{"self":[{"href":"https:\/\/bs.xl.pt\/record-padel-challenge\/wp-json\/wp\/v2\/pages\/23","targetHints":{"allow":["GET"]}}],"collection":[{"href":"https:\/\/bs.xl.pt\/record-padel-challenge\/wp-json\/wp\/v2\/pages"}],"about":[{"href":"https:\/\/bs.xl.pt\/record-padel-challenge\/wp-json\/wp\/v2\/types\/page"}],"author":[{"embeddable":true,"href":"https:\/\/bs.xl.pt\/record-padel-challenge\/wp-json\/wp\/v2\/users\/5"}],"replies":[{"embeddable":true,"href":"https:\/\/bs.xl.pt\/record-padel-challenge\/wp-json\/wp\/v2\/comments?post=23"}],"version-history":[{"count":9,"href":"https:\/\/bs.xl.pt\/record-padel-challenge\/wp-json\/wp\/v2\/pages\/23\/revisions"}],"predecessor-version":[{"id":739,"href":"https:\/\/bs.xl.pt\/record-padel-challenge\/wp-json\/wp\/v2\/pages\/23\/revisions\/739"}],"wp:attachment":[{"href":"https:\/\/bs.xl.pt\/record-padel-challenge\/wp-json\/wp\/v2\/media?parent=23"}],"curies":[{"name":"wp","href":"https:\/\/api.w.org\/{rel}","templated":true}]}}