{"id":116,"date":"2021-04-19T18:14:29","date_gmt":"2021-04-19T17:14:29","guid":{"rendered":"http:\/\/bs.xl.pt\/premio-nacional-sustentabilidade\/?post_type=attendants&#038;p=116"},"modified":"2024-07-29T10:19:32","modified_gmt":"2024-07-29T09:19:32","slug":"luisa-ribeiro-lopes","status":"publish","type":"attendants","link":"https:\/\/bs.xl.pt\/sustentabilidade-2030\/attendants\/luisa-ribeiro-lopes\/","title":{"rendered":"Lu\u00edsa Ribeiro Lopes"},"content":{"rendered":"\n<p>Luisa Ribeiro Lopes \u00e9 Presidente do Conselho Diretivo do .PT, entidade respons\u00e1vel pela gest\u00e3o do dom\u00ednio de topo nacional, o .pt. Integra tamb\u00e9m a Dire\u00e7\u00e3o Nacional da DECO.<br>Licenciada em Direito pela Faculdade de Direito da Universidade de Lisboa, doutoranda em Estudos de G\u00e9nero pela Universidade de Lisboa, integrou v\u00e1rios grupos nacionais e internacionais para o desenvolvimento da Sociedade da Informa\u00e7\u00e3o, tendo sido uma das respons\u00e1veis pelo projeto A\u00e7ores: Regi\u00e3o Digital, membro da Miss\u00e3o para a Sociedade da Informa\u00e7\u00e3o, s\u00f3cia fundadora da APDSI, membro do Conselho Estrat\u00e9gico da ACEPI, e membro do Comit\u00e9 Executivo do MUDA \u2013 Movimento pela Utiliza\u00e7\u00e3o Digital Ativa.<\/p>\n","protected":false},"featured_media":15385,"template":"","meta":[],"categories":[89,127],"tags":[],"attendant_categories":[121],"class_list":["post-116","attendants","type-attendants","status-publish","has-post-thumbnail","hentry","category-conferencia-08-abril","category-governacao","attendant_categories-transformacao-digital-em-sustentabilidade"],"_links":{"self":[{"href":"https:\/\/bs.xl.pt\/sustentabilidade-2030\/wp-json\/wp\/v2\/attendants\/116","targetHints":{"allow":["GET"]}}],"collection":[{"href":"https:\/\/bs.xl.pt\/sustentabilidade-2030\/wp-json\/wp\/v2\/attendants"}],"about":[{"href":"https:\/\/bs.xl.pt\/sustentabilidade-2030\/wp-json\/wp\/v2\/types\/attendants"}],"wp:featuredmedia":[{"embeddable":true,"href":"https:\/\/bs.xl.pt\/sustentabilidade-2030\/wp-json\/wp\/v2\/media\/15385"}],"wp:attachment":[{"href":"https:\/\/bs.xl.pt\/sustentabilidade-2030\/wp-json\/wp\/v2\/media?parent=116"}],"wp:term":[{"taxonomy":"category","embeddable":true,"href":"https:\/\/bs.xl.pt\/sustentabilidade-2030\/wp-json\/wp\/v2\/categories?post=116"},{"taxonomy":"post_tag","embeddable":true,"href":"https:\/\/bs.xl.pt\/sustentabilidade-2030\/wp-json\/wp\/v2\/tags?post=116"},{"taxonomy":"attendant_categories","embeddable":true,"href":"https:\/\/bs.xl.pt\/sustentabilidade-2030\/wp-json\/wp\/v2\/attendant_categories?post=116"}],"curies":[{"name":"wp","href":"https:\/\/api.w.org\/{rel}","templated":true}]}}

Luísa Ribeiro Lopes

<p>Luisa Ribeiro Lopes é Presidente do Conselho Diretivo do .PT, entidade responsável pela gestão do domínio de topo nacional, o .pt. Integra também a Direção Nacional da DECO.<br>Licenciada em Direito pela Faculdade de Direito da Universidade de Lisboa, doutoranda em Estudos de Género pela Universidade de Lisboa, integrou vários grupos nacionais e internacionais para o desenvolvimento da Sociedade da Informação, tendo sido uma das responsáveis pelo projeto Açores: Região Digital, membro da Missão para a Sociedade da Informação, sócia fundadora da APDSI, membro do Conselho Estratégico da ACEPI, e membro do Comité Executivo do MUDA – Movimento pela Utilização Digital Ativa.</p>
