{"id":1412,"date":"2021-09-27T21:30:59","date_gmt":"2021-09-27T20:30:59","guid":{"rendered":"http:\/\/bs.xl.pt\/sustentabilidade-2030\/?post_type=attendants&#038;p=1412"},"modified":"2026-03-26T12:00:55","modified_gmt":"2026-03-26T12:00:55","slug":"teresa-brantuas","status":"publish","type":"attendants","link":"https:\/\/bs.xl.pt\/sustentabilidade-2030\/attendants\/teresa-brantuas\/","title":{"rendered":"Teresa Brantuas"},"content":{"rendered":"\n<p>Licenciada em Atuariado e Matem\u00e1ticas Aplicadas, Teresa Brantuas iniciou a sua carreira<br>profissional na Allianz Portugal como Atu\u00e1ria Vida e N\u00e3o Vida, em 1993.<br>Em 1998 ascendeu a Chefe de Atuariado, tamb\u00e9m nos ramos Vida e N\u00e3o Vida e em 2009<br>assumiu a posi\u00e7\u00e3o de Diretora de Produto Vida e N\u00e3o Vida.<br>Em 2016 aceitou um desafio internacional e tomou a seu cargo a Dire\u00e7\u00e3o de Vida e Sa\u00fade e a<br>Dire\u00e7\u00e3o Geral da Allianz Popular, tornando-se membro do Comit\u00e9 Executivo na Companhia<br>de Seguros Y Reaseguros Allianz Espanha.<br>De regresso a Portugal, em Fevereiro 2017, assumiu a lideran\u00e7a da Allianz Portugal como<br>CEO e membro do seu Comit\u00e9 Executivo, posi\u00e7\u00e3o que continua a assegurar.<\/p>\n","protected":false},"featured_media":1415,"template":"","meta":[],"categories":[127],"tags":[343],"attendant_categories":[94],"class_list":["post-1412","attendants","type-attendants","status-publish","has-post-thumbnail","hentry","category-governacao","tag-edicao-2024-25","attendant_categories-descarbonizacao"],"_links":{"self":[{"href":"https:\/\/bs.xl.pt\/sustentabilidade-2030\/wp-json\/wp\/v2\/attendants\/1412","targetHints":{"allow":["GET"]}}],"collection":[{"href":"https:\/\/bs.xl.pt\/sustentabilidade-2030\/wp-json\/wp\/v2\/attendants"}],"about":[{"href":"https:\/\/bs.xl.pt\/sustentabilidade-2030\/wp-json\/wp\/v2\/types\/attendants"}],"wp:featuredmedia":[{"embeddable":true,"href":"https:\/\/bs.xl.pt\/sustentabilidade-2030\/wp-json\/wp\/v2\/media\/1415"}],"wp:attachment":[{"href":"https:\/\/bs.xl.pt\/sustentabilidade-2030\/wp-json\/wp\/v2\/media?parent=1412"}],"wp:term":[{"taxonomy":"category","embeddable":true,"href":"https:\/\/bs.xl.pt\/sustentabilidade-2030\/wp-json\/wp\/v2\/categories?post=1412"},{"taxonomy":"post_tag","embeddable":true,"href":"https:\/\/bs.xl.pt\/sustentabilidade-2030\/wp-json\/wp\/v2\/tags?post=1412"},{"taxonomy":"attendant_categories","embeddable":true,"href":"https:\/\/bs.xl.pt\/sustentabilidade-2030\/wp-json\/wp\/v2\/attendant_categories?post=1412"}],"curies":[{"name":"wp","href":"https:\/\/api.w.org\/{rel}","templated":true}]}}

<p>Licenciada em Atuariado e Matemáticas Aplicadas, Teresa Brantuas iniciou a sua carreira<br>profissional na Allianz Portugal como Atuária Vida e Não Vida, em 1993.<br>Em 1998 ascendeu a Chefe de Atuariado, também nos ramos Vida e Não Vida e em 2009<br>assumiu a posição de Diretora de Produto Vida e Não Vida.<br>Em 2016 aceitou um desafio internacional e tomou a seu cargo a Direção de Vida e Saúde e a<br>Direção Geral da Allianz Popular, tornando-se membro do Comité Executivo na Companhia<br>de Seguros Y Reaseguros Allianz Espanha.<br>De regresso a Portugal, em Fevereiro 2017, assumiu a liderança da Allianz Portugal como<br>CEO e membro do seu Comité Executivo, posição que continua a assegurar.</p>
