{"id":15181,"date":"2023-06-07T12:22:01","date_gmt":"2023-06-07T11:22:01","guid":{"rendered":"https:\/\/bs.xl.pt\/sustentabilidade-2030\/?post_type=attendants&#038;p=15181"},"modified":"2024-09-02T12:35:40","modified_gmt":"2024-09-02T11:35:40","slug":"nelson-lage","status":"publish","type":"attendants","link":"https:\/\/bs.xl.pt\/sustentabilidade-2030\/attendants\/nelson-lage\/","title":{"rendered":"Nelson Lage"},"content":{"rendered":"\n<p>Nelson Lage \u00e9 licenciado em Ci\u00eancia Pol\u00edtica &#8211; Rela\u00e7\u00f5es Internacionais e possui um<br>Mestrado Executivo em Gest\u00e3o e Desenvolvimento de Lideran\u00e7a (Cat\u00f3lica Lisbon<br>School of Business &amp; Economics). Tem mais de 15 anos de experi\u00eancia no sector<br>p\u00fablico nas \u00e1reas da energia, da inova\u00e7\u00e3o e das rela\u00e7\u00f5es internacionais.<\/p>\n\n\n\n<p><br>Desempenhou o cargo de assessor em v\u00e1rios governos e, mais recentemente, foi<br>Adjunto do Secret\u00e1rio de Estado da Energia no XXI Governo e Adjunto\/Chefe do<br>Gabinete em substitui\u00e7\u00e3o do Secret\u00e1rio de Estado Adjunto e da Energia no XXII<br>Governo.<\/p>\n\n\n\n<p><br>Em 2011 ingressou na ADENE &#8211; Ag\u00eancia Portuguesa da Energia e \u00e9 desde 2020<br>Presidente do Conselho de Administra\u00e7\u00e3o da ADENE, Presidente do Conselho de<br>Administra\u00e7\u00e3o do OLMC \u2013 Operador Log\u00edstico de Mudan\u00e7a de Comercializador e<br>membro do Conselho de Administra\u00e7\u00e3o da rede MEDENER \u2013 Rede de Ag\u00eancias de<br>Energia do Mediterr\u00e2neo. \u00c9 ainda membro do Conselho Consultivo da ERSE \u2013<br>Entidade Reguladora dos Servi\u00e7os Energ\u00e9ticos e membro Conselho Estrat\u00e9gico e<br>Consultivo de v\u00e1rias iniciativas e eventos. Foi, de fevereiro de 2022 a fevereiro de<br>2023, Presidente da EnR \u2013 European Enery Network.<\/p>\n\n\n\n<p><br>Numa base volunt\u00e1ria e pro bono, \u00e9 Diretor Executivo da Rede de Di\u00e1logo<br>Intercultural &#8211; Reach Alliance Global Network, membro do conselho da Funda\u00e7\u00e3o<br>Alliance of Civilization e membro da East West Bridge International Foundation.<\/p>\n","protected":false},"featured_media":15184,"template":"","meta":[],"categories":[],"tags":[],"attendant_categories":[106],"class_list":["post-15181","attendants","type-attendants","status-publish","has-post-thumbnail","hentry","attendant_categories-cidades-sustentaveis"],"_links":{"self":[{"href":"https:\/\/bs.xl.pt\/sustentabilidade-2030\/wp-json\/wp\/v2\/attendants\/15181","targetHints":{"allow":["GET"]}}],"collection":[{"href":"https:\/\/bs.xl.pt\/sustentabilidade-2030\/wp-json\/wp\/v2\/attendants"}],"about":[{"href":"https:\/\/bs.xl.pt\/sustentabilidade-2030\/wp-json\/wp\/v2\/types\/attendants"}],"wp:featuredmedia":[{"embeddable":true,"href":"https:\/\/bs.xl.pt\/sustentabilidade-2030\/wp-json\/wp\/v2\/media\/15184"}],"wp:attachment":[{"href":"https:\/\/bs.xl.pt\/sustentabilidade-2030\/wp-json\/wp\/v2\/media?parent=15181"}],"wp:term":[{"taxonomy":"category","embeddable":true,"href":"https:\/\/bs.xl.pt\/sustentabilidade-2030\/wp-json\/wp\/v2\/categories?post=15181"},{"taxonomy":"post_tag","embeddable":true,"href":"https:\/\/bs.xl.pt\/sustentabilidade-2030\/wp-json\/wp\/v2\/tags?post=15181"},{"taxonomy":"attendant_categories","embeddable":true,"href":"https:\/\/bs.xl.pt\/sustentabilidade-2030\/wp-json\/wp\/v2\/attendant_categories?post=15181"}],"curies":[{"name":"wp","href":"https:\/\/api.w.org\/{rel}","templated":true}]}}

<p>Nelson Lage é licenciado em Ciência Política &#8211; Relações Internacionais e possui um<br>Mestrado Executivo em Gestão e Desenvolvimento de Liderança (Católica Lisbon<br>School of Business &amp; Economics). Tem mais de 15 anos de experiência no sector<br>público nas áreas da energia, da inovação e das relações internacionais.</p>



<p><br>Desempenhou o cargo de assessor em vários governos e, mais recentemente, foi<br>Adjunto do Secretário de Estado da Energia no XXI Governo e Adjunto/Chefe do<br>Gabinete em substituição do Secretário de Estado Adjunto e da Energia no XXII<br>Governo.</p>



<p><br>Em 2011 ingressou na ADENE &#8211; Agência Portuguesa da Energia e é desde 2020<br>Presidente do Conselho de Administração da ADENE, Presidente do Conselho de<br>Administração do OLMC – Operador Logístico de Mudança de Comercializador e<br>membro do Conselho de Administração da rede MEDENER – Rede de Agências de<br>Energia do Mediterrâneo. É ainda membro do Conselho Consultivo da ERSE –<br>Entidade Reguladora dos Serviços Energéticos e membro Conselho Estratégico e<br>Consultivo de várias iniciativas e eventos. Foi, de fevereiro de 2022 a fevereiro de<br>2023, Presidente da EnR – European Enery Network.</p>



<p><br>Numa base voluntária e pro bono, é Diretor Executivo da Rede de Diálogo<br>Intercultural &#8211; Reach Alliance Global Network, membro do conselho da Fundação<br>Alliance of Civilization e membro da East West Bridge International Foundation.</p>
