{"id":15727,"date":"2023-09-05T11:15:23","date_gmt":"2023-09-05T10:15:23","guid":{"rendered":"https:\/\/bs.xl.pt\/sustentabilidade-2030\/?post_type=attendants&#038;p=15727"},"modified":"2024-09-02T12:36:31","modified_gmt":"2024-09-02T11:36:31","slug":"luis-alves-fernandes","status":"publish","type":"attendants","link":"https:\/\/bs.xl.pt\/sustentabilidade-2030\/attendants\/luis-alves-fernandes\/","title":{"rendered":"Lu\u00eds Alves Fernandes"},"content":{"rendered":"\n<p>Luis Fernandes \u00e9 licenciado em Engenharia Mec\u00e2nica pelo Instituto Superior T\u00e9cnico, em Lisboa.<\/p>\n\n\n\n<p>Entrou para os quadros da Cimpor em 1983.<\/p>\n\n\n\n<p>Dirigiu os centros de produ\u00e7\u00e3o da Cimpor de Loul\u00e9 e Alhandra e mais tarde foi o respons\u00e1vel pela opera\u00e7\u00e3o da empresa no Egito e na regi\u00e3o asi\u00e1tica (\u00cdndia e China).<\/p>\n\n\n\n<p>Em 2012, com a aquisi\u00e7\u00e3o da Cimpor pelo Grupo InterCement, foi nomeado CEO Portugal e Cabo Verde, tendo sido, na segunda metade de 2018, Vice Presidente da regi\u00e3o EMEA (Portugal, Cabo Verde, Egito, Mo\u00e7ambique e \u00c1frica do Sul).<\/p>\n\n\n\n<p>Ap\u00f3s a aquisi\u00e7\u00e3o da Cimpor pelo Grupo Oyak em 2019, foi nomeado CEO da CIMPOR Portugal e Cabo Verde, e a partir de fevereiro de 2023 \u00e9 CEO da Cimpor Portugal e \u00c1frica.<\/p>\n","protected":false},"featured_media":16066,"template":"","meta":[],"categories":[145],"tags":[253],"attendant_categories":[],"class_list":["post-15727","attendants","type-attendants","status-publish","has-post-thumbnail","hentry","category-grande-conferencia","tag-edicao-2023-24"],"_links":{"self":[{"href":"https:\/\/bs.xl.pt\/sustentabilidade-2030\/wp-json\/wp\/v2\/attendants\/15727","targetHints":{"allow":["GET"]}}],"collection":[{"href":"https:\/\/bs.xl.pt\/sustentabilidade-2030\/wp-json\/wp\/v2\/attendants"}],"about":[{"href":"https:\/\/bs.xl.pt\/sustentabilidade-2030\/wp-json\/wp\/v2\/types\/attendants"}],"wp:featuredmedia":[{"embeddable":true,"href":"https:\/\/bs.xl.pt\/sustentabilidade-2030\/wp-json\/wp\/v2\/media\/16066"}],"wp:attachment":[{"href":"https:\/\/bs.xl.pt\/sustentabilidade-2030\/wp-json\/wp\/v2\/media?parent=15727"}],"wp:term":[{"taxonomy":"category","embeddable":true,"href":"https:\/\/bs.xl.pt\/sustentabilidade-2030\/wp-json\/wp\/v2\/categories?post=15727"},{"taxonomy":"post_tag","embeddable":true,"href":"https:\/\/bs.xl.pt\/sustentabilidade-2030\/wp-json\/wp\/v2\/tags?post=15727"},{"taxonomy":"attendant_categories","embeddable":true,"href":"https:\/\/bs.xl.pt\/sustentabilidade-2030\/wp-json\/wp\/v2\/attendant_categories?post=15727"}],"curies":[{"name":"wp","href":"https:\/\/api.w.org\/{rel}","templated":true}]}}

Luís Alves Fernandes

<p>Luis Fernandes é licenciado em Engenharia Mecânica pelo Instituto Superior Técnico, em Lisboa.</p>



<p>Entrou para os quadros da Cimpor em 1983.</p>



<p>Dirigiu os centros de produção da Cimpor de Loulé e Alhandra e mais tarde foi o responsável pela operação da empresa no Egito e na região asiática (Índia e China).</p>



<p>Em 2012, com a aquisição da Cimpor pelo Grupo InterCement, foi nomeado CEO Portugal e Cabo Verde, tendo sido, na segunda metade de 2018, Vice Presidente da região EMEA (Portugal, Cabo Verde, Egito, Moçambique e África do Sul).</p>



<p>Após a aquisição da Cimpor pelo Grupo Oyak em 2019, foi nomeado CEO da CIMPOR Portugal e Cabo Verde, e a partir de fevereiro de 2023 é CEO da Cimpor Portugal e África.</p>
