{"id":15730,"date":"2023-09-05T11:16:49","date_gmt":"2023-09-05T10:16:49","guid":{"rendered":"https:\/\/bs.xl.pt\/sustentabilidade-2030\/?post_type=attendants&#038;p=15730"},"modified":"2025-04-15T11:03:14","modified_gmt":"2025-04-15T10:03:14","slug":"armindo-monteiro","status":"publish","type":"attendants","link":"https:\/\/bs.xl.pt\/sustentabilidade-2030\/attendants\/armindo-monteiro\/","title":{"rendered":"Armindo Monteiro"},"content":{"rendered":"\n<p>Armindo Monteiro \u00e9 Presidente da CIP \u2013 Confedera\u00e7\u00e3o Empresarial de Portugal desde mar\u00e7o de 2023, organiza\u00e7\u00e3o onde ocupava a cadeira da vice-presid\u00eancia desde 2010. Acionista, presidente e CEO do grupo LEVON, universo empresarial que desenvolve atividade nas \u00e1reas da engenharia e constru\u00e7\u00e3o, ambiente e servi\u00e7os, tecnologias e gest\u00e3o imobili\u00e1ria, Armindo Monteiro foi Presidente da ANJE \u2013 Associa\u00e7\u00e3o Nacional de Jovens Empres\u00e1rios, presidente da ANETIE \u2013 Associa\u00e7\u00e3o Nacional das Empresas das Tecnologias de Informa\u00e7\u00e3o e Eletr\u00f3nica, Vice-Presidente da Yes for Europe \u2013 Confedera\u00e7\u00e3o Europeia de Associa\u00e7\u00f5es Jovens Empres\u00e1rios, vice-presidente da CIJE \u2013 Confedera\u00e7\u00e3o Ibero-Americana de Jovens Empres\u00e1rios e presidiu ao Conselho Geral da Universidade de \u00c9vora. Licenciado em Gest\u00e3o de Empresas pela Universidade de \u00c9vora, e p\u00f3s-graduado em Estat\u00edstica e Sistemas de Informa\u00e7\u00e3o pela Universidade Nova de Lisboa (NOVA IMS), Armindo Monteiro liderou diversas empresas ao longo da sua carreira profissional, nomeadamente a COMPTA, tornando-se na altura o mais novo l\u00edder de uma empresa cotada em bolsa (EURONEXT).<\/p>\n","protected":false},"featured_media":15733,"template":"","meta":[],"categories":[145],"tags":[343],"attendant_categories":[109],"class_list":["post-15730","attendants","type-attendants","status-publish","has-post-thumbnail","hentry","category-grande-conferencia","tag-edicao-2024-25","attendant_categories-bem-estar-da-comunidade-igualdade-diversidade-e-equidade"],"_links":{"self":[{"href":"https:\/\/bs.xl.pt\/sustentabilidade-2030\/wp-json\/wp\/v2\/attendants\/15730","targetHints":{"allow":["GET"]}}],"collection":[{"href":"https:\/\/bs.xl.pt\/sustentabilidade-2030\/wp-json\/wp\/v2\/attendants"}],"about":[{"href":"https:\/\/bs.xl.pt\/sustentabilidade-2030\/wp-json\/wp\/v2\/types\/attendants"}],"wp:featuredmedia":[{"embeddable":true,"href":"https:\/\/bs.xl.pt\/sustentabilidade-2030\/wp-json\/wp\/v2\/media\/15733"}],"wp:attachment":[{"href":"https:\/\/bs.xl.pt\/sustentabilidade-2030\/wp-json\/wp\/v2\/media?parent=15730"}],"wp:term":[{"taxonomy":"category","embeddable":true,"href":"https:\/\/bs.xl.pt\/sustentabilidade-2030\/wp-json\/wp\/v2\/categories?post=15730"},{"taxonomy":"post_tag","embeddable":true,"href":"https:\/\/bs.xl.pt\/sustentabilidade-2030\/wp-json\/wp\/v2\/tags?post=15730"},{"taxonomy":"attendant_categories","embeddable":true,"href":"https:\/\/bs.xl.pt\/sustentabilidade-2030\/wp-json\/wp\/v2\/attendant_categories?post=15730"}],"curies":[{"name":"wp","href":"https:\/\/api.w.org\/{rel}","templated":true}]}}

<p>Armindo Monteiro é Presidente da CIP – Confederação Empresarial de Portugal desde março de 2023, organização onde ocupava a cadeira da vice-presidência desde 2010. Acionista, presidente e CEO do grupo LEVON, universo empresarial que desenvolve atividade nas áreas da engenharia e construção, ambiente e serviços, tecnologias e gestão imobiliária, Armindo Monteiro foi Presidente da ANJE – Associação Nacional de Jovens Empresários, presidente da ANETIE – Associação Nacional das Empresas das Tecnologias de Informação e Eletrónica, Vice-Presidente da Yes for Europe – Confederação Europeia de Associações Jovens Empresários, vice-presidente da CIJE – Confederação Ibero-Americana de Jovens Empresários e presidiu ao Conselho Geral da Universidade de Évora. Licenciado em Gestão de Empresas pela Universidade de Évora, e pós-graduado em Estatística e Sistemas de Informação pela Universidade Nova de Lisboa (NOVA IMS), Armindo Monteiro liderou diversas empresas ao longo da sua carreira profissional, nomeadamente a COMPTA, tornando-se na altura o mais novo líder de uma empresa cotada em bolsa (EURONEXT).</p>
