{"id":15736,"date":"2023-09-05T11:19:27","date_gmt":"2023-09-05T10:19:27","guid":{"rendered":"https:\/\/bs.xl.pt\/sustentabilidade-2030\/?post_type=attendants&#038;p=15736"},"modified":"2023-11-06T15:49:50","modified_gmt":"2023-11-06T15:49:50","slug":"cristina-vaz-de-almeida","status":"publish","type":"attendants","link":"https:\/\/bs.xl.pt\/sustentabilidade-2030\/attendants\/cristina-vaz-de-almeida\/","title":{"rendered":"Cristina Vaz de Almeida"},"content":{"rendered":"\n<p>Doutora em Ci\u00eancias da Comunica\u00e7\u00e3o &#8211; Literacia em Sa\u00fade, Presidente da Sociedade Portuguesa de Literacia em Sa\u00fade (SPLS), Diretora da P\u00f3s Gradua\u00e7\u00e3o em Literacia em Sa\u00fade (ISPA), Chief-Editor of Jornal Investiga\u00e7\u00e3o M\u00e9dica (JIM), Investigadora do ISCSP \u2013 CAPP, BUMPER &#8211; Member of Advisory Board, Member NCH &#8211; National Cancer Hub \u2013 Portugal e Autora de in\u00fameros livros , cap\u00edtulos e artigos na \u00e1rea da literacia em sa\u00fade, comunica\u00e7\u00e3o em sa\u00fade, mudan\u00e7a de comportamento<\/p>\n","protected":false},"featured_media":15961,"template":"","meta":[],"categories":[],"tags":[],"attendant_categories":[112],"class_list":["post-15736","attendants","type-attendants","status-publish","has-post-thumbnail","hentry","attendant_categories-saude-e-bem-estar-nas-empresas-organizacoes"],"_links":{"self":[{"href":"https:\/\/bs.xl.pt\/sustentabilidade-2030\/wp-json\/wp\/v2\/attendants\/15736","targetHints":{"allow":["GET"]}}],"collection":[{"href":"https:\/\/bs.xl.pt\/sustentabilidade-2030\/wp-json\/wp\/v2\/attendants"}],"about":[{"href":"https:\/\/bs.xl.pt\/sustentabilidade-2030\/wp-json\/wp\/v2\/types\/attendants"}],"wp:featuredmedia":[{"embeddable":true,"href":"https:\/\/bs.xl.pt\/sustentabilidade-2030\/wp-json\/wp\/v2\/media\/15961"}],"wp:attachment":[{"href":"https:\/\/bs.xl.pt\/sustentabilidade-2030\/wp-json\/wp\/v2\/media?parent=15736"}],"wp:term":[{"taxonomy":"category","embeddable":true,"href":"https:\/\/bs.xl.pt\/sustentabilidade-2030\/wp-json\/wp\/v2\/categories?post=15736"},{"taxonomy":"post_tag","embeddable":true,"href":"https:\/\/bs.xl.pt\/sustentabilidade-2030\/wp-json\/wp\/v2\/tags?post=15736"},{"taxonomy":"attendant_categories","embeddable":true,"href":"https:\/\/bs.xl.pt\/sustentabilidade-2030\/wp-json\/wp\/v2\/attendant_categories?post=15736"}],"curies":[{"name":"wp","href":"https:\/\/api.w.org\/{rel}","templated":true}]}}

<p>Doutora em Ciências da Comunicação &#8211; Literacia em Saúde, Presidente da Sociedade Portuguesa de Literacia em Saúde (SPLS), Diretora da Pós Graduação em Literacia em Saúde (ISPA), Chief-Editor of Jornal Investigação Médica (JIM), Investigadora do ISCSP – CAPP, BUMPER &#8211; Member of Advisory Board, Member NCH &#8211; National Cancer Hub – Portugal e Autora de inúmeros livros , capítulos e artigos na área da literacia em saúde, comunicação em saúde, mudança de comportamento</p>
