{"id":15748,"date":"2023-09-05T11:29:13","date_gmt":"2023-09-05T10:29:13","guid":{"rendered":"https:\/\/bs.xl.pt\/sustentabilidade-2030\/?post_type=attendants&#038;p=15748"},"modified":"2023-09-05T11:29:15","modified_gmt":"2023-09-05T10:29:15","slug":"rodrigo-tavares","status":"publish","type":"attendants","link":"https:\/\/bs.xl.pt\/sustentabilidade-2030\/attendants\/rodrigo-tavares\/","title":{"rendered":"Rodrigo Tavares"},"content":{"rendered":"\n<p>Rodrigo Tavares \u00e9 Professor Catedr\u00e1tico Convidado na Nova School of Business and Economics (Nova SBE) onde leciona cadeiras de finan\u00e7as sustent\u00e1veis e de&nbsp;sustentabilidade corporativa nos programas de mestrado e&nbsp;de forma\u00e7\u00e3o de executivos. \u00c9 tamb\u00e9m fundador e CEO do Granito Group, um grupo sediado em Londres&nbsp;dedicado ao avan\u00e7o da economia sustent\u00e1vel com servi\u00e7os de consultoria estrat\u00e9gica, assessoria financeira e policy &amp; pesquisa.&nbsp;<br><br>Entre 2011 e 2014, atuou como Chefe da Assessoria Especial para Assuntos Internacionais do governo do Estado de S\u00e3o Paulo (atual Secretaria de Rela\u00e7\u00f5es&nbsp;Internacionais). De 2008 a 2010 redigiu os relat\u00f3rios anuais do Secret\u00e1rio Geral da ONU, Ban Ki-moon, sobre o desenvolvimento de \u00c1frica. Trabalhou tamb\u00e9m por cinco anos&nbsp;na Universidade das Na\u00e7\u00f5es Unidas, o think-tank da ONU, na B\u00e9lgica e na Eti\u00f3pia.&nbsp;<br><br>A sua trajet\u00f3ria acad\u00e9mica inclui as universidades de Gotemburgo, na Su\u00e9cia (Ph.D.), Columbia (research fellow com bolsa de p\u00f3s-doutoramento), Calif\u00f3rnia-Berkeley&nbsp;(research fellow) e Harvard (senior research fellow). Concluiu tamb\u00e9m cursos executivos na Universidade de Harvard em negocia\u00e7\u00e3o (2006) e em lideran\u00e7a global (2021); na&nbsp;Universidade de Princeton em transi\u00e7\u00e3o energ\u00e9tica (2022); e&nbsp;na Hong Kong University of Science and Technology&nbsp;(HKUST)&nbsp;em Intelig\u00eancia Artificial (2023).<br><br>\u00c9 autor de 4 livros e dezenas de artigos cient\u00edficos sobre Rela\u00e7\u00f5es Internacionais e desenvolvimento econ\u00f3mico. O seu livro mais recente \u00e9&nbsp;\u201cParadiplomacy: Cities and&nbsp;States as Global Players\u201d&nbsp;(Oxford University Press).&nbsp;<br><br>Foi nomeado Young Global Leader pelo F\u00f3rum Econ\u00f3mico Mundial (2017)&nbsp;e&nbsp;Jovem L\u00edder pelo Governo do Qu\u00e9bec (2011).<br><br>\u00c9 colunista da Folha de S\u00e3o Paulo&nbsp;e&nbsp;do Expresso.<\/p>\n","protected":false},"featured_media":15751,"template":"","meta":[],"categories":[],"tags":[],"attendant_categories":[118],"class_list":["post-15748","attendants","type-attendants","status-publish","has-post-thumbnail","hentry","attendant_categories-financas-sustentaveis"],"_links":{"self":[{"href":"https:\/\/bs.xl.pt\/sustentabilidade-2030\/wp-json\/wp\/v2\/attendants\/15748","targetHints":{"allow":["GET"]}}],"collection":[{"href":"https:\/\/bs.xl.pt\/sustentabilidade-2030\/wp-json\/wp\/v2\/attendants"}],"about":[{"href":"https:\/\/bs.xl.pt\/sustentabilidade-2030\/wp-json\/wp\/v2\/types\/attendants"}],"wp:featuredmedia":[{"embeddable":true,"href":"https:\/\/bs.xl.pt\/sustentabilidade-2030\/wp-json\/wp\/v2\/media\/15751"}],"wp:attachment":[{"href":"https:\/\/bs.xl.pt\/sustentabilidade-2030\/wp-json\/wp\/v2\/media?parent=15748"}],"wp:term":[{"taxonomy":"category","embeddable":true,"href":"https:\/\/bs.xl.pt\/sustentabilidade-2030\/wp-json\/wp\/v2\/categories?post=15748"},{"taxonomy":"post_tag","embeddable":true,"href":"https:\/\/bs.xl.pt\/sustentabilidade-2030\/wp-json\/wp\/v2\/tags?post=15748"},{"taxonomy":"attendant_categories","embeddable":true,"href":"https:\/\/bs.xl.pt\/sustentabilidade-2030\/wp-json\/wp\/v2\/attendant_categories?post=15748"}],"curies":[{"name":"wp","href":"https:\/\/api.w.org\/{rel}","templated":true}]}}

<p>Rodrigo Tavares é Professor Catedrático Convidado na Nova School of Business and Economics (Nova SBE) onde leciona cadeiras de finanças sustentáveis e de&nbsp;sustentabilidade corporativa nos programas de mestrado e&nbsp;de formação de executivos. É também fundador e CEO do Granito Group, um grupo sediado em Londres&nbsp;dedicado ao avanço da economia sustentável com serviços de consultoria estratégica, assessoria financeira e policy &amp; pesquisa.&nbsp;<br><br>Entre 2011 e 2014, atuou como Chefe da Assessoria Especial para Assuntos Internacionais do governo do Estado de São Paulo (atual Secretaria de Relações&nbsp;Internacionais). De 2008 a 2010 redigiu os relatórios anuais do Secretário Geral da ONU, Ban Ki-moon, sobre o desenvolvimento de África. Trabalhou também por cinco anos&nbsp;na Universidade das Nações Unidas, o think-tank da ONU, na Bélgica e na Etiópia.&nbsp;<br><br>A sua trajetória académica inclui as universidades de Gotemburgo, na Suécia (Ph.D.), Columbia (research fellow com bolsa de pós-doutoramento), Califórnia-Berkeley&nbsp;(research fellow) e Harvard (senior research fellow). Concluiu também cursos executivos na Universidade de Harvard em negociação (2006) e em liderança global (2021); na&nbsp;Universidade de Princeton em transição energética (2022); e&nbsp;na Hong Kong University of Science and Technology&nbsp;(HKUST)&nbsp;em Inteligência Artificial (2023).<br><br>É autor de 4 livros e dezenas de artigos científicos sobre Relações Internacionais e desenvolvimento económico. O seu livro mais recente é&nbsp;“Paradiplomacy: Cities and&nbsp;States as Global Players”&nbsp;(Oxford University Press).&nbsp;<br><br>Foi nomeado Young Global Leader pelo Fórum Económico Mundial (2017)&nbsp;e&nbsp;Jovem Líder pelo Governo do Québec (2011).<br><br>É colunista da Folha de São Paulo&nbsp;e&nbsp;do Expresso.</p>
