{"id":16807,"date":"2023-10-31T08:57:46","date_gmt":"2023-10-31T08:57:46","guid":{"rendered":"https:\/\/bs.xl.pt\/sustentabilidade-2030\/?post_type=attendants&#038;p=16807"},"modified":"2023-11-03T12:23:24","modified_gmt":"2023-11-03T12:23:24","slug":"carlos-alberto-medeiros-abreu","status":"publish","type":"attendants","link":"https:\/\/bs.xl.pt\/sustentabilidade-2030\/attendants\/carlos-alberto-medeiros-abreu\/","title":{"rendered":"Carlos Alberto Medeiros Abreu"},"content":{"rendered":"\n<p>Nascido a 1 de Novembro de 1956 em Mo\u00e7ambique.<\/p>\n\n\n\n<p>Licenciado em Engenharia Electrot\u00e9cnica pelo Instituto Superior T\u00e9cnico de Lisboa.<\/p>\n\n\n\n<p>Frequentou diversos cursos de p\u00f3s-gradua\u00e7\u00e3o na Universidade Cat\u00f3lica Portuguesa e na Kellog University, nomeadamente nas \u00e1reas de gest\u00e3o, ambiente, lideran\u00e7a e energias renov\u00e1veis.<\/p>\n\n\n\n<p>Desempenha actualmente as fun\u00e7\u00f5es de Administrador na Secil \u2013 Companhia Geral de Cal e Cimento, onde ingressou em 1984.<\/p>\n\n\n\n<p>O Grupo SECIL \u00e9 produtor de cimento e materiais de constru\u00e7\u00e3o, desenvolvendo a sua actividade atrav\u00e9s das opera\u00e7\u00f5es sedeadas em Portugal, Tun\u00edsia, L\u00edbano, Angola, Cabo Verde e Brasil.<\/p>\n\n\n\n<p>A Secil \u2013 Companhia Geral de Cal e Cimento, S.A. \u00e9 controlada societariamente pelo grupo industrial Semapa.<\/p>\n\n\n\n<p>Exerce fun\u00e7\u00f5es de Administrador nas seguintes empresas associadas do Grupo Secil:<\/p>\n\n\n\n<p>Secil Lobito (Angola)<\/p>\n\n\n\n<p>Ciment de Sibline (L\u00edbano)<\/p>\n\n\n\n<p>Soci\u00e9t\u00e9 des Ciments de Gab\u00e8s (Tun\u00edsia)<\/p>\n\n\n\n<p>Supremo Cimento (Brasil)<\/p>\n\n\n\n<p>Margem (Brasil)<\/p>\n\n\n\n<p>Desenvolve ainda actividade directiva nas seguintes associa\u00e7\u00f5es:<\/p>\n\n\n\n<p>IFIEC \u2013 International Federation of Industrial Energy Consumers<\/p>\n\n\n\n<p>ATIC \u2013 Associa\u00e7\u00e3o T\u00e9cnica da Ind\u00fastria do Cimento<\/p>\n\n\n\n<p>AISET \u2013 Associa\u00e7\u00e3o da Ind\u00fastria da Pen\u00ednsula de Set\u00fabal<\/p>\n\n\n\n<p>At\u00e9 Mar\u00e7o 2023:<\/p>\n\n\n\n<p>APIGCEE \u2013 Associa\u00e7\u00e3o Portuguesa dos Industriais Grandes Consumidores de Energia El\u00e9ctrica\u201d<\/p>\n","protected":false},"featured_media":16813,"template":"","meta":[],"categories":[133],"tags":[277],"attendant_categories":[],"class_list":["post-16807","attendants","type-attendants","status-publish","has-post-thumbnail","hentry","category-ambiente","tag-speaker-talk-esg-ambiente-2"],"_links":{"self":[{"href":"https:\/\/bs.xl.pt\/sustentabilidade-2030\/wp-json\/wp\/v2\/attendants\/16807","targetHints":{"allow":["GET"]}}],"collection":[{"href":"https:\/\/bs.xl.pt\/sustentabilidade-2030\/wp-json\/wp\/v2\/attendants"}],"about":[{"href":"https:\/\/bs.xl.pt\/sustentabilidade-2030\/wp-json\/wp\/v2\/types\/attendants"}],"wp:featuredmedia":[{"embeddable":true,"href":"https:\/\/bs.xl.pt\/sustentabilidade-2030\/wp-json\/wp\/v2\/media\/16813"}],"wp:attachment":[{"href":"https:\/\/bs.xl.pt\/sustentabilidade-2030\/wp-json\/wp\/v2\/media?parent=16807"}],"wp:term":[{"taxonomy":"category","embeddable":true,"href":"https:\/\/bs.xl.pt\/sustentabilidade-2030\/wp-json\/wp\/v2\/categories?post=16807"},{"taxonomy":"post_tag","embeddable":true,"href":"https:\/\/bs.xl.pt\/sustentabilidade-2030\/wp-json\/wp\/v2\/tags?post=16807"},{"taxonomy":"attendant_categories","embeddable":true,"href":"https:\/\/bs.xl.pt\/sustentabilidade-2030\/wp-json\/wp\/v2\/attendant_categories?post=16807"}],"curies":[{"name":"wp","href":"https:\/\/api.w.org\/{rel}","templated":true}]}}

<p>Nascido a 1 de Novembro de 1956 em Moçambique.</p>



<p>Licenciado em Engenharia Electrotécnica pelo Instituto Superior Técnico de Lisboa.</p>



<p>Frequentou diversos cursos de pós-graduação na Universidade Católica Portuguesa e na Kellog University, nomeadamente nas áreas de gestão, ambiente, liderança e energias renováveis.</p>



<p>Desempenha actualmente as funções de Administrador na Secil – Companhia Geral de Cal e Cimento, onde ingressou em 1984.</p>



<p>O Grupo SECIL é produtor de cimento e materiais de construção, desenvolvendo a sua actividade através das operações sedeadas em Portugal, Tunísia, Líbano, Angola, Cabo Verde e Brasil.</p>



<p>A Secil – Companhia Geral de Cal e Cimento, S.A. é controlada societariamente pelo grupo industrial Semapa.</p>



<p>Exerce funções de Administrador nas seguintes empresas associadas do Grupo Secil:</p>



<p>Secil Lobito (Angola)</p>



<p>Ciment de Sibline (Líbano)</p>



<p>Société des Ciments de Gabès (Tunísia)</p>



<p>Supremo Cimento (Brasil)</p>



<p>Margem (Brasil)</p>



<p>Desenvolve ainda actividade directiva nas seguintes associações:</p>



<p>IFIEC – International Federation of Industrial Energy Consumers</p>



<p>ATIC – Associação Técnica da Indústria do Cimento</p>



<p>AISET – Associação da Indústria da Península de Setúbal</p>



<p>Até Março 2023:</p>



<p>APIGCEE – Associação Portuguesa dos Industriais Grandes Consumidores de Energia Eléctrica”</p>
