{"id":19663,"date":"2024-09-02T12:00:48","date_gmt":"2024-09-02T11:00:48","guid":{"rendered":"https:\/\/bs.xl.pt\/sustentabilidade-2030\/?post_type=attendants&#038;p=19663"},"modified":"2025-04-15T11:29:59","modified_gmt":"2025-04-15T10:29:59","slug":"hernani-magalhaes","status":"publish","type":"attendants","link":"https:\/\/bs.xl.pt\/sustentabilidade-2030\/attendants\/hernani-magalhaes\/","title":{"rendered":"Hern\u00e2ni Magalh\u00e3es"},"content":{"rendered":"\n<p>Hernani Peixoto de Magalh\u00e3es, 51 anos, natural de Lisboa, viveu e estudou em Inglaterra onde se licenciou em Gest\u00e3o de Empresas, com especializa\u00e7\u00e3o em Gest\u00e3o de Marketing pela Universidade de Westminster em Londres.<br><br>Trabalhou em v\u00e1rios pa\u00edses, tendo come\u00e7ado a&nbsp;sua carreira profissional em It\u00e1lia, como assistente do Diretor de Produ\u00e7\u00e3o na Fabrica Italiana Artigos Pl\u00e1sticos em Mil\u00e3o.&nbsp;<\/p>\n\n\n\n<p>Em Fran\u00e7a, trabalhou como assistente do Diretor Financeiro na multinacional americana Borden, empresa que produzia filmes alimentares em PVC .<\/p>\n\n\n\n<p>Regressa a Inglaterra, onde ingressa na FFP Packaging Solutions em Northampton, na area das embalagens alimentares e novamente na area financeira.&nbsp;<\/p>\n\n\n\n<p>Novamente em Londres, teve a sua primeira experi\u00eancia na area do Marketing e esteve 2 anos como Business Developer Manager na Henrion, Ludlow &amp; Schmidt, empresa de Corporate Identity.<\/p>\n\n\n\n<p>Em Maio de &nbsp;1997 regressa a Portugal para desempenhar a fun\u00e7\u00e3o de respons\u00e1vel de Marketing na Silvex. Come\u00e7ou por estruturar o departamento comercial expandido-o exponencialmente a n\u00edvel internacional, e por fazer um rebranding da marca, criando a assinatura \u201ctorna a vida mais f\u00e1cil&#8221;, e que mais tarde evoluiu &nbsp;\u201csempre a inventar uma vida mais f\u00e1cil\u201d.<br><br>Em 2008 desenvolveu parcerias internacionais na area dos biopl\u00e1sticos e promoveu ac\u00e7\u00f5es de I&amp;D com universidades na areas dos biopl\u00e1sticos e nos materiais reciclados, acreditando que o futuro passa pela economia circular e no re-aproveitamento dos materiais.&nbsp;<\/p>\n\n\n\n<p>Em Mar\u00e7o de 2020, assume o lugar de Presidente do Conselho de Administra\u00e7\u00e3o da Silvex.<\/p>\n","protected":false},"featured_media":19798,"template":"","meta":[],"categories":[145],"tags":[343,352],"attendant_categories":[97],"class_list":["post-19663","attendants","type-attendants","status-publish","has-post-thumbnail","hentry","category-grande-conferencia","tag-edicao-2024-25","tag-grande-conferencia-dia-1","attendant_categories-economia-circular"],"_links":{"self":[{"href":"https:\/\/bs.xl.pt\/sustentabilidade-2030\/wp-json\/wp\/v2\/attendants\/19663","targetHints":{"allow":["GET"]}}],"collection":[{"href":"https:\/\/bs.xl.pt\/sustentabilidade-2030\/wp-json\/wp\/v2\/attendants"}],"about":[{"href":"https:\/\/bs.xl.pt\/sustentabilidade-2030\/wp-json\/wp\/v2\/types\/attendants"}],"wp:featuredmedia":[{"embeddable":true,"href":"https:\/\/bs.xl.pt\/sustentabilidade-2030\/wp-json\/wp\/v2\/media\/19798"}],"wp:attachment":[{"href":"https:\/\/bs.xl.pt\/sustentabilidade-2030\/wp-json\/wp\/v2\/media?parent=19663"}],"wp:term":[{"taxonomy":"category","embeddable":true,"href":"https:\/\/bs.xl.pt\/sustentabilidade-2030\/wp-json\/wp\/v2\/categories?post=19663"},{"taxonomy":"post_tag","embeddable":true,"href":"https:\/\/bs.xl.pt\/sustentabilidade-2030\/wp-json\/wp\/v2\/tags?post=19663"},{"taxonomy":"attendant_categories","embeddable":true,"href":"https:\/\/bs.xl.pt\/sustentabilidade-2030\/wp-json\/wp\/v2\/attendant_categories?post=19663"}],"curies":[{"name":"wp","href":"https:\/\/api.w.org\/{rel}","templated":true}]}}

Hernâni Magalhães

<p>Hernani Peixoto de Magalhães, 51 anos, natural de Lisboa, viveu e estudou em Inglaterra onde se licenciou em Gestão de Empresas, com especialização em Gestão de Marketing pela Universidade de Westminster em Londres.<br><br>Trabalhou em vários países, tendo começado a&nbsp;sua carreira profissional em Itália, como assistente do Diretor de Produção na Fabrica Italiana Artigos Plásticos em Milão.&nbsp;</p>



<p>Em França, trabalhou como assistente do Diretor Financeiro na multinacional americana Borden, empresa que produzia filmes alimentares em PVC .</p>



<p>Regressa a Inglaterra, onde ingressa na FFP Packaging Solutions em Northampton, na area das embalagens alimentares e novamente na area financeira.&nbsp;</p>



<p>Novamente em Londres, teve a sua primeira experiência na area do Marketing e esteve 2 anos como Business Developer Manager na Henrion, Ludlow &amp; Schmidt, empresa de Corporate Identity.</p>



<p>Em Maio de &nbsp;1997 regressa a Portugal para desempenhar a função de responsável de Marketing na Silvex. Começou por estruturar o departamento comercial expandido-o exponencialmente a nível internacional, e por fazer um rebranding da marca, criando a assinatura “torna a vida mais fácil&#8221;, e que mais tarde evoluiu &nbsp;“sempre a inventar uma vida mais fácil”.<br><br>Em 2008 desenvolveu parcerias internacionais na area dos bioplásticos e promoveu acções de I&amp;D com universidades na areas dos bioplásticos e nos materiais reciclados, acreditando que o futuro passa pela economia circular e no re-aproveitamento dos materiais.&nbsp;</p>



<p>Em Março de 2020, assume o lugar de Presidente do Conselho de Administração da Silvex.</p>
