{"id":20971,"date":"2024-12-11T15:06:55","date_gmt":"2024-12-11T15:06:55","guid":{"rendered":"https:\/\/bs.xl.pt\/sustentabilidade-2030\/?post_type=attendants&#038;p=20971"},"modified":"2025-01-20T15:38:18","modified_gmt":"2025-01-20T15:38:18","slug":"sofia-salgado","status":"publish","type":"attendants","link":"https:\/\/bs.xl.pt\/sustentabilidade-2030\/attendants\/sofia-salgado\/","title":{"rendered":"Sofia Salgado"},"content":{"rendered":"\n<p>Sofia Salgado \u00e9 docente da Cat\u00f3lica Porto Business School. De 2013 a 2020, foi diretora da Escola, tempos de \u201cgrande desafio e realiza\u00e7\u00e3o\u201d. Vem de uma fam\u00edlia de \u201ceducadores\u201d, miss\u00e3o que tamb\u00e9m abra\u00e7a com grande convic\u00e7\u00e3o. Divide a sua vida entre a academia e o tecido empresarial, assumindo atualmente cargos de gest\u00e3o em empresas como a Monta-Engil, a EDP e a Corticeira Amorim. A n\u00edvel internacional, \u00e9 membro do EQUIS Board da EFMD (B\u00e9lgica), desde 2019, e membro do Conselho Consultivo Internacional da Liverpool University Management School (Reino Unido) e da Sk\u00e9ma Business School (Fran\u00e7a).<\/p>\n\n\n\n<p>\u00c9 doutorada em Business Studies pela Universidade de Warwick (Reino Unido) com disserta\u00e7\u00e3o sobre a especifica\u00e7\u00e3o de servi\u00e7os de elevada intera\u00e7\u00e3o, Mestre em Gest\u00e3o de Opera\u00e7\u00f5es Comerciais e Licenciada em Gest\u00e3o e Administra\u00e7\u00e3o de Empresas pela Cat\u00f3lica Porto Business School. Sofia completou o certificado de Corporate Governance pelo Insead (2019) e participou no High Potentials Leadership Program em Harvard (2012).<\/p>\n","protected":false},"featured_media":21112,"template":"","meta":[],"categories":[142],"tags":[343],"attendant_categories":[],"class_list":["post-20971","attendants","type-attendants","status-publish","has-post-thumbnail","hentry","category-social","tag-edicao-2024-25"],"_links":{"self":[{"href":"https:\/\/bs.xl.pt\/sustentabilidade-2030\/wp-json\/wp\/v2\/attendants\/20971","targetHints":{"allow":["GET"]}}],"collection":[{"href":"https:\/\/bs.xl.pt\/sustentabilidade-2030\/wp-json\/wp\/v2\/attendants"}],"about":[{"href":"https:\/\/bs.xl.pt\/sustentabilidade-2030\/wp-json\/wp\/v2\/types\/attendants"}],"wp:featuredmedia":[{"embeddable":true,"href":"https:\/\/bs.xl.pt\/sustentabilidade-2030\/wp-json\/wp\/v2\/media\/21112"}],"wp:attachment":[{"href":"https:\/\/bs.xl.pt\/sustentabilidade-2030\/wp-json\/wp\/v2\/media?parent=20971"}],"wp:term":[{"taxonomy":"category","embeddable":true,"href":"https:\/\/bs.xl.pt\/sustentabilidade-2030\/wp-json\/wp\/v2\/categories?post=20971"},{"taxonomy":"post_tag","embeddable":true,"href":"https:\/\/bs.xl.pt\/sustentabilidade-2030\/wp-json\/wp\/v2\/tags?post=20971"},{"taxonomy":"attendant_categories","embeddable":true,"href":"https:\/\/bs.xl.pt\/sustentabilidade-2030\/wp-json\/wp\/v2\/attendant_categories?post=20971"}],"curies":[{"name":"wp","href":"https:\/\/api.w.org\/{rel}","templated":true}]}}

<p>Sofia Salgado é docente da Católica Porto Business School. De 2013 a 2020, foi diretora da Escola, tempos de “grande desafio e realização”. Vem de uma família de “educadores”, missão que também abraça com grande convicção. Divide a sua vida entre a academia e o tecido empresarial, assumindo atualmente cargos de gestão em empresas como a Monta-Engil, a EDP e a Corticeira Amorim. A nível internacional, é membro do EQUIS Board da EFMD (Bélgica), desde 2019, e membro do Conselho Consultivo Internacional da Liverpool University Management School (Reino Unido) e da Skéma Business School (França).</p>



<p>É doutorada em Business Studies pela Universidade de Warwick (Reino Unido) com dissertação sobre a especificação de serviços de elevada interação, Mestre em Gestão de Operações Comerciais e Licenciada em Gestão e Administração de Empresas pela Católica Porto Business School. Sofia completou o certificado de Corporate Governance pelo Insead (2019) e participou no High Potentials Leadership Program em Harvard (2012).</p>
