{"id":2351,"date":"2022-04-01T12:17:36","date_gmt":"2022-04-01T11:17:36","guid":{"rendered":"https:\/\/bs.xl.pt\/sustentabilidade-2030\/?post_type=attendants&#038;p=2351"},"modified":"2022-04-01T12:17:38","modified_gmt":"2022-04-01T11:17:38","slug":"nelson-machado","status":"publish","type":"attendants","link":"https:\/\/bs.xl.pt\/sustentabilidade-2030\/attendants\/nelson-machado\/","title":{"rendered":"Nelson Machado"},"content":{"rendered":"\n<p>Nelson Machado (15-09-1959) \u00e9 natural do Porto e \u00e9 licenciado em Economia pela Universidade de Economia do Porto.<br>Durante v\u00e1rios anos foi tamb\u00e9m assistente na mesma universidade e na Faculdade de Engenharia. Desempenhou diversos cargos de Dire\u00e7\u00e3o no Grupo Millennium bcp desde 1982, nomeadamente Administrador de v\u00e1rias empresas: Membro do Conselho de Administra\u00e7\u00e3o da Banca Millennium na Gr\u00e9cia; Vice-presidente do \u201cConseil de Surveillance\u201d do Banque BCP em Fran\u00e7a; Vice-presidente do CA do Millennium bcp \u2013 Presta\u00e7\u00e3o de Servi\u00e7os, ACE e Membro do CA do Millennium bcp; Membro do Conselho de Administra\u00e7\u00e3o do Millennium bcp de 2008 a abril de 2011. Neste ano at\u00e9 2016 desempenhou fun\u00e7\u00f5es de CEO e Vice-presidente do CA do Banco ActivoBank. Em julho 2016 integrou os quadros da Ageas, ocupando o cargo de Chief Life &amp; Bancassurance Officer do Grupo Ageas Portugal (que inclui as marcas Ageas Seguros, Ageas Pens\u00f5es e Ocidental) e tamb\u00e9m de Membro da Comiss\u00e3o Executiva deste Grupo.<\/p>\n","protected":false},"featured_media":2354,"template":"","meta":[],"categories":[89],"tags":[],"attendant_categories":[],"class_list":["post-2351","attendants","type-attendants","status-publish","has-post-thumbnail","hentry","category-conferencia-08-abril"],"_links":{"self":[{"href":"https:\/\/bs.xl.pt\/sustentabilidade-2030\/wp-json\/wp\/v2\/attendants\/2351","targetHints":{"allow":["GET"]}}],"collection":[{"href":"https:\/\/bs.xl.pt\/sustentabilidade-2030\/wp-json\/wp\/v2\/attendants"}],"about":[{"href":"https:\/\/bs.xl.pt\/sustentabilidade-2030\/wp-json\/wp\/v2\/types\/attendants"}],"wp:featuredmedia":[{"embeddable":true,"href":"https:\/\/bs.xl.pt\/sustentabilidade-2030\/wp-json\/wp\/v2\/media\/2354"}],"wp:attachment":[{"href":"https:\/\/bs.xl.pt\/sustentabilidade-2030\/wp-json\/wp\/v2\/media?parent=2351"}],"wp:term":[{"taxonomy":"category","embeddable":true,"href":"https:\/\/bs.xl.pt\/sustentabilidade-2030\/wp-json\/wp\/v2\/categories?post=2351"},{"taxonomy":"post_tag","embeddable":true,"href":"https:\/\/bs.xl.pt\/sustentabilidade-2030\/wp-json\/wp\/v2\/tags?post=2351"},{"taxonomy":"attendant_categories","embeddable":true,"href":"https:\/\/bs.xl.pt\/sustentabilidade-2030\/wp-json\/wp\/v2\/attendant_categories?post=2351"}],"curies":[{"name":"wp","href":"https:\/\/api.w.org\/{rel}","templated":true}]}}

<p>Nelson Machado (15-09-1959) é natural do Porto e é licenciado em Economia pela Universidade de Economia do Porto.<br>Durante vários anos foi também assistente na mesma universidade e na Faculdade de Engenharia. Desempenhou diversos cargos de Direção no Grupo Millennium bcp desde 1982, nomeadamente Administrador de várias empresas: Membro do Conselho de Administração da Banca Millennium na Grécia; Vice-presidente do “Conseil de Surveillance” do Banque BCP em França; Vice-presidente do CA do Millennium bcp – Prestação de Serviços, ACE e Membro do CA do Millennium bcp; Membro do Conselho de Administração do Millennium bcp de 2008 a abril de 2011. Neste ano até 2016 desempenhou funções de CEO e Vice-presidente do CA do Banco ActivoBank. Em julho 2016 integrou os quadros da Ageas, ocupando o cargo de Chief Life &amp; Bancassurance Officer do Grupo Ageas Portugal (que inclui as marcas Ageas Seguros, Ageas Pensões e Ocidental) e também de Membro da Comissão Executiva deste Grupo.</p>
