{"id":25548,"date":"2026-03-24T16:27:59","date_gmt":"2026-03-24T16:27:59","guid":{"rendered":"https:\/\/bs.xl.pt\/sustentabilidade-2030\/?post_type=attendants&#038;p=25548"},"modified":"2026-03-24T16:32:21","modified_gmt":"2026-03-24T16:32:21","slug":"antonio-veiga-ferrao","status":"publish","type":"attendants","link":"https:\/\/bs.xl.pt\/sustentabilidade-2030\/attendants\/antonio-veiga-ferrao\/","title":{"rendered":"Ant\u00f3nio Veiga Ferr\u00e3o"},"content":{"rendered":"\n<p>Ant\u00f3nio Veiga Ferr\u00e3o \u00e9 presidente do Conselho de Administra\u00e7\u00e3o da MOBI.E, S.A. para o tri\u00e9nio 2026\/2028, desde mar\u00e7o de 2026.<\/p>\n\n\n\n<p>Entre 2024 e 2026, desempenhou fun\u00e7\u00f5es como adjunto no Gabinete da Secret\u00e1ria de Estado da Mobilidade, Minist\u00e9rio das Infraestruturas e Habita\u00e7\u00e3o.<\/p>\n\n\n\n<p>Anteriormente, foi diretor da Fintech Solutions durante quatro anos, onde contribuiu para o desenvolvimento tecnol\u00f3gico e digital de servi\u00e7os financeiros de diversas institui\u00e7\u00f5es. Em paralelo, integrou a administra\u00e7\u00e3o da Portugal Fintech Association, associa\u00e7\u00e3o sem fins lucrativos de suporte ao ecossistema tecnol\u00f3gico de inova\u00e7\u00e3o no setor financeiro.<\/p>\n\n\n\n<p>Entre 2015 e 2020, exerceu v\u00e1rias fun\u00e7\u00f5es na Leadership Business Consulting, uma consultora internacional de gest\u00e3o, trabalhando em projetos nas \u00e1reas da mobilidade, administra\u00e7\u00e3o p\u00fablica, energia, comunica\u00e7\u00f5es, inova\u00e7\u00e3o e investimento.<\/p>\n\n\n\n<p>\u00c9 mestre em Gest\u00e3o Estrat\u00e9gica pela Rotterdam School of Management e licenciado em Economia pela Nova School of Business and Economics.<\/p>\n","protected":false},"featured_media":25551,"template":"","meta":[],"categories":[],"tags":[],"attendant_categories":[103],"class_list":["post-25548","attendants","type-attendants","status-publish","has-post-thumbnail","hentry","attendant_categories-mobilidade-sustentavel"],"_links":{"self":[{"href":"https:\/\/bs.xl.pt\/sustentabilidade-2030\/wp-json\/wp\/v2\/attendants\/25548","targetHints":{"allow":["GET"]}}],"collection":[{"href":"https:\/\/bs.xl.pt\/sustentabilidade-2030\/wp-json\/wp\/v2\/attendants"}],"about":[{"href":"https:\/\/bs.xl.pt\/sustentabilidade-2030\/wp-json\/wp\/v2\/types\/attendants"}],"wp:featuredmedia":[{"embeddable":true,"href":"https:\/\/bs.xl.pt\/sustentabilidade-2030\/wp-json\/wp\/v2\/media\/25551"}],"wp:attachment":[{"href":"https:\/\/bs.xl.pt\/sustentabilidade-2030\/wp-json\/wp\/v2\/media?parent=25548"}],"wp:term":[{"taxonomy":"category","embeddable":true,"href":"https:\/\/bs.xl.pt\/sustentabilidade-2030\/wp-json\/wp\/v2\/categories?post=25548"},{"taxonomy":"post_tag","embeddable":true,"href":"https:\/\/bs.xl.pt\/sustentabilidade-2030\/wp-json\/wp\/v2\/tags?post=25548"},{"taxonomy":"attendant_categories","embeddable":true,"href":"https:\/\/bs.xl.pt\/sustentabilidade-2030\/wp-json\/wp\/v2\/attendant_categories?post=25548"}],"curies":[{"name":"wp","href":"https:\/\/api.w.org\/{rel}","templated":true}]}}

António Veiga Ferrão

<p>António Veiga Ferrão é presidente do Conselho de Administração da MOBI.E, S.A. para o triénio 2026/2028, desde março de 2026.</p>



<p>Entre 2024 e 2026, desempenhou funções como adjunto no Gabinete da Secretária de Estado da Mobilidade, Ministério das Infraestruturas e Habitação.</p>



<p>Anteriormente, foi diretor da Fintech Solutions durante quatro anos, onde contribuiu para o desenvolvimento tecnológico e digital de serviços financeiros de diversas instituições. Em paralelo, integrou a administração da Portugal Fintech Association, associação sem fins lucrativos de suporte ao ecossistema tecnológico de inovação no setor financeiro.</p>



<p>Entre 2015 e 2020, exerceu várias funções na Leadership Business Consulting, uma consultora internacional de gestão, trabalhando em projetos nas áreas da mobilidade, administração pública, energia, comunicações, inovação e investimento.</p>



<p>É mestre em Gestão Estratégica pela Rotterdam School of Management e licenciado em Economia pela Nova School of Business and Economics.</p>
