{"id":2752,"date":"2022-08-17T11:40:00","date_gmt":"2022-08-17T10:40:00","guid":{"rendered":"https:\/\/bs.xl.pt\/sustentabilidade-2030\/?post_type=attendants&#038;p=2752"},"modified":"2024-09-02T12:03:49","modified_gmt":"2024-09-02T11:03:49","slug":"helder-pedro","status":"publish","type":"attendants","link":"https:\/\/bs.xl.pt\/sustentabilidade-2030\/attendants\/helder-pedro\/","title":{"rendered":"Helder Pedro"},"content":{"rendered":"\n<p>Nasceu em Lisboa e \u00e9 licenciado em Direito pela Faculdade de Direito de Lisboa.<\/p>\n\n\n\n<p>Exerce o cargo de Secret\u00e1rio-Geral da ACAP (Associa\u00e7\u00e3o Autom\u00f3vel de Portugal), desde 1992 e cumulativamente, desde 2008, o cargo de Vogal da Direc\u00e7\u00e3o desta Associa\u00e7\u00e3o.<\/p>\n\n\n\n<p>Chairman do Comit\u00e9 de Liga\u00e7\u00e3o da ACEA (Associa\u00e7\u00e3o dos Construtores Europeus de Autom\u00f3veis).<\/p>\n\n\n\n<p>Vice-Presidente Executivo da Direc\u00e7\u00e3o da CCP \u2013 Confedera\u00e7\u00e3o do Com\u00e9rcio e Servi\u00e7os de Portugal<\/p>\n\n\n\n<p>Vice-Presidente do Conselho Geral da PRP \u2013 Preven\u00e7\u00e3o Rodovi\u00e1ria Portuguesa<\/p>\n\n\n\n<p>Gerente Executivo da empresa Auto Informa &#8211; Comercializa\u00e7\u00e3o de Estudos e Presta\u00e7\u00e3o de Servi\u00e7os no Sector Autom\u00f3vel<\/p>\n\n\n\n<p>Gerente da Valorpneu &#8211; Sociedade de Gest\u00e3o de Pneus, Lda.<\/p>\n\n\n\n<p>Gerente da Valorcar &#8211; Sociedade de Gest\u00e3o de Ve\u00edculos em Fim de Vida, Lda.<\/p>\n\n\n\n<p>Gerente da empresa Sogilub \u2013 Sociedade de Gest\u00e3o Integrada de \u00d3leos Lubrificantes Usados, Lda.<\/p>\n\n\n\n<p>Presidente do Conselho Fiscal da PRODEQ &#8211; Associa\u00e7\u00e3o para o desenvolvimento da Engenharia Qu\u00edmica<\/p>\n\n\n\n<p>Entre 1992 e 2007 foi Director-Geral da AIMA (Associa\u00e7\u00e3o dos Industriais de Autom\u00f3veis) at\u00e9 \u00e0 fus\u00e3o desta Associa\u00e7\u00e3o com a ACAP.<\/p>\n\n\n\n<p>Foi Director Executivo do Sal\u00e3o Internacional do Autom\u00f3vel de Portugal<\/p>\n\n\n\n<p>Foi Administrador da empresa MOR-ONLINE<\/p>\n\n\n\n<p>Participa regularmente como orador principal em Confer\u00eancias e Semin\u00e1rios. Tem, igualmente, feito diversas interven\u00e7\u00f5es, a convite de universidades.<\/p>\n","protected":false},"featured_media":2755,"template":"","meta":[],"categories":[133],"tags":[280],"attendant_categories":[103],"class_list":["post-2752","attendants","type-attendants","status-publish","has-post-thumbnail","hentry","category-ambiente","tag-speaker-talk-esg-ambiente-3","attendant_categories-mobilidade-sustentavel"],"_links":{"self":[{"href":"https:\/\/bs.xl.pt\/sustentabilidade-2030\/wp-json\/wp\/v2\/attendants\/2752","targetHints":{"allow":["GET"]}}],"collection":[{"href":"https:\/\/bs.xl.pt\/sustentabilidade-2030\/wp-json\/wp\/v2\/attendants"}],"about":[{"href":"https:\/\/bs.xl.pt\/sustentabilidade-2030\/wp-json\/wp\/v2\/types\/attendants"}],"wp:featuredmedia":[{"embeddable":true,"href":"https:\/\/bs.xl.pt\/sustentabilidade-2030\/wp-json\/wp\/v2\/media\/2755"}],"wp:attachment":[{"href":"https:\/\/bs.xl.pt\/sustentabilidade-2030\/wp-json\/wp\/v2\/media?parent=2752"}],"wp:term":[{"taxonomy":"category","embeddable":true,"href":"https:\/\/bs.xl.pt\/sustentabilidade-2030\/wp-json\/wp\/v2\/categories?post=2752"},{"taxonomy":"post_tag","embeddable":true,"href":"https:\/\/bs.xl.pt\/sustentabilidade-2030\/wp-json\/wp\/v2\/tags?post=2752"},{"taxonomy":"attendant_categories","embeddable":true,"href":"https:\/\/bs.xl.pt\/sustentabilidade-2030\/wp-json\/wp\/v2\/attendant_categories?post=2752"}],"curies":[{"name":"wp","href":"https:\/\/api.w.org\/{rel}","templated":true}]}}

<p>Nasceu em Lisboa e é licenciado em Direito pela Faculdade de Direito de Lisboa.</p>



<p>Exerce o cargo de Secretário-Geral da ACAP (Associação Automóvel de Portugal), desde 1992 e cumulativamente, desde 2008, o cargo de Vogal da Direcção desta Associação.</p>



<p>Chairman do Comité de Ligação da ACEA (Associação dos Construtores Europeus de Automóveis).</p>



<p>Vice-Presidente Executivo da Direcção da CCP – Confederação do Comércio e Serviços de Portugal</p>



<p>Vice-Presidente do Conselho Geral da PRP – Prevenção Rodoviária Portuguesa</p>



<p>Gerente Executivo da empresa Auto Informa &#8211; Comercialização de Estudos e Prestação de Serviços no Sector Automóvel</p>



<p>Gerente da Valorpneu &#8211; Sociedade de Gestão de Pneus, Lda.</p>



<p>Gerente da Valorcar &#8211; Sociedade de Gestão de Veículos em Fim de Vida, Lda.</p>



<p>Gerente da empresa Sogilub – Sociedade de Gestão Integrada de Óleos Lubrificantes Usados, Lda.</p>



<p>Presidente do Conselho Fiscal da PRODEQ &#8211; Associação para o desenvolvimento da Engenharia Química</p>



<p>Entre 1992 e 2007 foi Director-Geral da AIMA (Associação dos Industriais de Automóveis) até à fusão desta Associação com a ACAP.</p>



<p>Foi Director Executivo do Salão Internacional do Automóvel de Portugal</p>



<p>Foi Administrador da empresa MOR-ONLINE</p>



<p>Participa regularmente como orador principal em Conferências e Seminários. Tem, igualmente, feito diversas intervenções, a convite de universidades.</p>
