{"id":3265,"date":"2022-10-18T11:52:49","date_gmt":"2022-10-18T10:52:49","guid":{"rendered":"https:\/\/bs.xl.pt\/sustentabilidade-2030\/?post_type=attendants&#038;p=3265"},"modified":"2023-09-22T18:42:51","modified_gmt":"2023-09-22T17:42:51","slug":"angela-morgado","status":"publish","type":"attendants","link":"https:\/\/bs.xl.pt\/sustentabilidade-2030\/attendants\/angela-morgado\/","title":{"rendered":"\u00c2ngela Morgado"},"content":{"rendered":"\n<p><strong>\u00c2ngela Morgado<\/strong> \u00e9 licenciada em Sociologia pelo Instituto Superior de Ci\u00eancias do Trabalho e da Empresa (ISCTE);<\/p>\n\n\n\n<p>\u00c9mestre em <strong><em>Comunica\u00e7\u00e3o, Cultura e Tecnologias da Informa\u00e7\u00e3o<\/em><\/strong> tamb\u00e9m pelo ISCTEcom realiza\u00e7\u00e3o da Tese de Mestrado subordinada ao tema \u201cInternet, Democracia e Comunica\u00e7\u00e3o Pol\u00edtica \u2013 as elites parlamentares em Portugal e a utiliza\u00e7\u00e3o das tecnologias de informa\u00e7\u00e3o no Parlamento Portugu\u00eas\u201d.<\/p>\n\n\n\n<p>\u00c9 especialista em Fundraising e em consultoria de Comunica\u00e7\u00e3o e Imagem;<\/p>\n\n\n\n<p>\u00c9 Diretora Executiva da Associa\u00e7\u00e3o Natureza Portugal, em associa\u00e7\u00e3o com a WWF<em>\u2013 WWF &#8211; World Wide Fund for Nature <\/em>(Fundo Mundial para a Natureza) \u2013 sendo respons\u00e1vel pela coordena\u00e7\u00e3o do programa de conserva\u00e7\u00e3o e da equipa da ANP|WWF bem como pela estrat\u00e9gia de fundraising, comunica\u00e7\u00e3o e contactos com o sector corporativo da ONG em Portugal;<\/p>\n\n\n\n<p>Foi Consultora de Comunica\u00e7\u00e3o do Programa Comunit\u00e1rio EQUAL, Projecto ES2 \u2013 \u00caxcel\u00eancia na Solidariedade (de 2005 a 2007);<\/p>\n\n\n\n<p>Foi membro da Comiss\u00e3o Executiva do Observat\u00f3rio da Comunica\u00e7\u00e3o portugu\u00eas \u2013 OberCom e respons\u00e1vel pela comunica\u00e7\u00e3o e rela\u00e7\u00f5es p\u00fablicas do Observat\u00f3rio (de 2006 a 2007).<\/p>\n\n\n\n<p>Foi durante 10 anos account s\u00e9nior e supervisora de clientes na ag\u00eancia de comunica\u00e7\u00e3o Agenda Estrat\u00e9gica, SA, tendo acumulado a fun\u00e7\u00e3o de directora de clientes da empresa de design gr\u00e1fico do grupo.<\/p>\n\n\n\n<p>Prestou servi\u00e7os de consultoria na \u00e1rea da comunica\u00e7\u00e3o e imagem, englobando a \u00e1rea de assessoria de imprensa, a v\u00e1rias organiza\u00e7\u00f5es, enquanto profissional independente.<\/p>\n\n\n\n<p>Participou ainda em projectos de investiga\u00e7\u00e3o, no ISCTE, no \u00e2mbito do Departamento de Sociologia da Comunica\u00e7\u00e3o e Tecnologias de Informa\u00e7\u00e3o sob a coordena\u00e7\u00e3o do Prof. Doutor Jos\u00e9 Manuel Paquete de Oliveira, Professor Jos\u00e9 Jorge Barreiros e Professor Gustavo Cardoso.<\/p>\n","protected":false},"featured_media":3268,"template":"","meta":[],"categories":[],"tags":[],"attendant_categories":[],"class_list":["post-3265","attendants","type-attendants","status-publish","has-post-thumbnail","hentry"],"_links":{"self":[{"href":"https:\/\/bs.xl.pt\/sustentabilidade-2030\/wp-json\/wp\/v2\/attendants\/3265","targetHints":{"allow":["GET"]}}],"collection":[{"href":"https:\/\/bs.xl.pt\/sustentabilidade-2030\/wp-json\/wp\/v2\/attendants"}],"about":[{"href":"https:\/\/bs.xl.pt\/sustentabilidade-2030\/wp-json\/wp\/v2\/types\/attendants"}],"wp:featuredmedia":[{"embeddable":true,"href":"https:\/\/bs.xl.pt\/sustentabilidade-2030\/wp-json\/wp\/v2\/media\/3268"}],"wp:attachment":[{"href":"https:\/\/bs.xl.pt\/sustentabilidade-2030\/wp-json\/wp\/v2\/media?parent=3265"}],"wp:term":[{"taxonomy":"category","embeddable":true,"href":"https:\/\/bs.xl.pt\/sustentabilidade-2030\/wp-json\/wp\/v2\/categories?post=3265"},{"taxonomy":"post_tag","embeddable":true,"href":"https:\/\/bs.xl.pt\/sustentabilidade-2030\/wp-json\/wp\/v2\/tags?post=3265"},{"taxonomy":"attendant_categories","embeddable":true,"href":"https:\/\/bs.xl.pt\/sustentabilidade-2030\/wp-json\/wp\/v2\/attendant_categories?post=3265"}],"curies":[{"name":"wp","href":"https:\/\/api.w.org\/{rel}","templated":true}]}}

Ângela Morgado

<p><strong>Ângela Morgado</strong> é licenciada em Sociologia pelo Instituto Superior de Ciências do Trabalho e da Empresa (ISCTE);</p>



<p>Émestre em <strong><em>Comunicação, Cultura e Tecnologias da Informação</em></strong> também pelo ISCTEcom realização da Tese de Mestrado subordinada ao tema “Internet, Democracia e Comunicação Política – as elites parlamentares em Portugal e a utilização das tecnologias de informação no Parlamento Português”.</p>



<p>É especialista em Fundraising e em consultoria de Comunicação e Imagem;</p>



<p>É Diretora Executiva da Associação Natureza Portugal, em associação com a WWF<em>– WWF &#8211; World Wide Fund for Nature </em>(Fundo Mundial para a Natureza) – sendo responsável pela coordenação do programa de conservação e da equipa da ANP|WWF bem como pela estratégia de fundraising, comunicação e contactos com o sector corporativo da ONG em Portugal;</p>



<p>Foi Consultora de Comunicação do Programa Comunitário EQUAL, Projecto ES2 – Êxcelência na Solidariedade (de 2005 a 2007);</p>



<p>Foi membro da Comissão Executiva do Observatório da Comunicação português – OberCom e responsável pela comunicação e relações públicas do Observatório (de 2006 a 2007).</p>



<p>Foi durante 10 anos account sénior e supervisora de clientes na agência de comunicação Agenda Estratégica, SA, tendo acumulado a função de directora de clientes da empresa de design gráfico do grupo.</p>



<p>Prestou serviços de consultoria na área da comunicação e imagem, englobando a área de assessoria de imprensa, a várias organizações, enquanto profissional independente.</p>



<p>Participou ainda em projectos de investigação, no ISCTE, no âmbito do Departamento de Sociologia da Comunicação e Tecnologias de Informação sob a coordenação do Prof. Doutor José Manuel Paquete de Oliveira, Professor José Jorge Barreiros e Professor Gustavo Cardoso.</p>
