{"id":3307,"date":"2022-10-18T12:09:09","date_gmt":"2022-10-18T11:09:09","guid":{"rendered":"https:\/\/bs.xl.pt\/sustentabilidade-2030\/?post_type=attendants&#038;p=3307"},"modified":"2024-09-02T12:30:20","modified_gmt":"2024-09-02T11:30:20","slug":"joao-canario","status":"publish","type":"attendants","link":"https:\/\/bs.xl.pt\/sustentabilidade-2030\/attendants\/joao-canario\/","title":{"rendered":"Jo\u00e3o Can\u00e1rio"},"content":{"rendered":"\n<p>Jo\u00e3o Can\u00e1rio \u00e9 investigador coordenador do Centro de Qu\u00edmica Estrutural e Professor Convidado do Departamento de Engenharia Qu\u00edmica do Instituto Superior T\u00e9cnico (IST). \u00c9 tamb\u00e9m Professor Adjunto nas Universidades de Laval e Trent e investigador convidado do Center for Northern Studies, tudo no Canad\u00e1.<\/p>\n\n\n\n<p>Jo\u00e3o Can\u00e1rio \u00e9 Doutor em Ci\u00eancias do Ambiente pela Universidade NOVA de Lisboa e em 2017 concluiu a Habilita\u00e7\u00e3o em Qu\u00edmica no Instituto Superior T\u00e9cnico. \u00c9 vice-presidente do International Arctic Science Committee (IASC) e membro do Terrestrial Working Group. Desde 2017, Jo\u00e3o Can\u00e1rio lidera o Projeto internacional T-MOSAiC &#8211; Terrestrial Multidisciplinary distributed Observatories for the Study of Arctic Connections que envolve investigadores do \u00c1rtico de 23 pa\u00edses.<\/p>\n\n\n\n<p>Jo\u00e3o Can\u00e1rio tem vindo a desenvolver investiga\u00e7\u00e3o sobre os ciclos biogeoqu\u00edmicos de elementos no ambiente, nomeadamente sobre o merc\u00fario. Desde 2008 tem participado de v\u00e1rias campanhas de investiga\u00e7\u00e3o no \u00c1rtico e na Ant\u00e1rtida. Na Ant\u00e1rtida, ele est\u00e1 particularmente interessado no estudo do impacto humano nos ecossistemas austrais, enquanto no \u00c1rtico, o seu trabalho tem sido centrado no impacto das altera\u00e7\u00f5es clim\u00e1ticas na degrada\u00e7\u00e3o do solo permanentemente gelado (permafrost), no papel da composi\u00e7\u00e3o da mat\u00e9ria org\u00e2nica na libera\u00e7\u00e3o de gases de efeito estufa e, na exporta\u00e7\u00e3o de contaminantes do permafrost para os ecossistemas boreais.<\/p>\n","protected":false},"featured_media":3310,"template":"","meta":[],"categories":[145],"tags":[],"attendant_categories":[100],"class_list":["post-3307","attendants","type-attendants","status-publish","has-post-thumbnail","hentry","category-grande-conferencia","attendant_categories-preservacao-do-capital-natural"],"_links":{"self":[{"href":"https:\/\/bs.xl.pt\/sustentabilidade-2030\/wp-json\/wp\/v2\/attendants\/3307","targetHints":{"allow":["GET"]}}],"collection":[{"href":"https:\/\/bs.xl.pt\/sustentabilidade-2030\/wp-json\/wp\/v2\/attendants"}],"about":[{"href":"https:\/\/bs.xl.pt\/sustentabilidade-2030\/wp-json\/wp\/v2\/types\/attendants"}],"wp:featuredmedia":[{"embeddable":true,"href":"https:\/\/bs.xl.pt\/sustentabilidade-2030\/wp-json\/wp\/v2\/media\/3310"}],"wp:attachment":[{"href":"https:\/\/bs.xl.pt\/sustentabilidade-2030\/wp-json\/wp\/v2\/media?parent=3307"}],"wp:term":[{"taxonomy":"category","embeddable":true,"href":"https:\/\/bs.xl.pt\/sustentabilidade-2030\/wp-json\/wp\/v2\/categories?post=3307"},{"taxonomy":"post_tag","embeddable":true,"href":"https:\/\/bs.xl.pt\/sustentabilidade-2030\/wp-json\/wp\/v2\/tags?post=3307"},{"taxonomy":"attendant_categories","embeddable":true,"href":"https:\/\/bs.xl.pt\/sustentabilidade-2030\/wp-json\/wp\/v2\/attendant_categories?post=3307"}],"curies":[{"name":"wp","href":"https:\/\/api.w.org\/{rel}","templated":true}]}}

João Canário

<p>João Canário é investigador coordenador do Centro de Química Estrutural e Professor Convidado do Departamento de Engenharia Química do Instituto Superior Técnico (IST). É também Professor Adjunto nas Universidades de Laval e Trent e investigador convidado do Center for Northern Studies, tudo no Canadá.</p>



<p>João Canário é Doutor em Ciências do Ambiente pela Universidade NOVA de Lisboa e em 2017 concluiu a Habilitação em Química no Instituto Superior Técnico. É vice-presidente do International Arctic Science Committee (IASC) e membro do Terrestrial Working Group. Desde 2017, João Canário lidera o Projeto internacional T-MOSAiC &#8211; Terrestrial Multidisciplinary distributed Observatories for the Study of Arctic Connections que envolve investigadores do Ártico de 23 países.</p>



<p>João Canário tem vindo a desenvolver investigação sobre os ciclos biogeoquímicos de elementos no ambiente, nomeadamente sobre o mercúrio. Desde 2008 tem participado de várias campanhas de investigação no Ártico e na Antártida. Na Antártida, ele está particularmente interessado no estudo do impacto humano nos ecossistemas austrais, enquanto no Ártico, o seu trabalho tem sido centrado no impacto das alterações climáticas na degradação do solo permanentemente gelado (permafrost), no papel da composição da matéria orgânica na liberação de gases de efeito estufa e, na exportação de contaminantes do permafrost para os ecossistemas boreais.</p>
