{"id":4084,"date":"2023-03-28T14:30:56","date_gmt":"2023-03-28T13:30:56","guid":{"rendered":"https:\/\/bs.xl.pt\/sustentabilidade-2030\/?post_type=attendants&#038;p=4084"},"modified":"2024-01-04T17:51:49","modified_gmt":"2024-01-04T17:51:49","slug":"amandio-santos","status":"publish","type":"attendants","link":"https:\/\/bs.xl.pt\/sustentabilidade-2030\/attendants\/amandio-santos\/","title":{"rendered":"Am\u00e2ndio Santos"},"content":{"rendered":"\n<p>Forma\u00e7\u00e3o em Contabilidade e Administra\u00e7\u00e3o pelo ISCA \u2013 Universidade de Aveiro<br>Presidente do Conselho de Administra\u00e7\u00e3o da Portugalfoods -Polo de Competitividade Agro-Alimentar <br>Administrador Executivo GRUPO PRIMOR<br>Presidente Conselho de Administra\u00e7\u00e3o Laborat\u00f3rio Colaborativo COLAB4Food<br>Presidente Conselho de Administra\u00e7\u00e3o Tecmeat-Centro Tecnol\u00f3gico das Carnes<br>Membro Conselho Consultivo da AICEP para a Internacionaliza\u00e7\u00e3o<br>Gestor e consultor de empresas<\/p>\n","protected":false},"featured_media":4087,"template":"","meta":[],"categories":[127,145],"tags":[],"attendant_categories":[],"class_list":["post-4084","attendants","type-attendants","status-publish","has-post-thumbnail","hentry","category-governacao","category-grande-conferencia"],"_links":{"self":[{"href":"https:\/\/bs.xl.pt\/sustentabilidade-2030\/wp-json\/wp\/v2\/attendants\/4084","targetHints":{"allow":["GET"]}}],"collection":[{"href":"https:\/\/bs.xl.pt\/sustentabilidade-2030\/wp-json\/wp\/v2\/attendants"}],"about":[{"href":"https:\/\/bs.xl.pt\/sustentabilidade-2030\/wp-json\/wp\/v2\/types\/attendants"}],"wp:featuredmedia":[{"embeddable":true,"href":"https:\/\/bs.xl.pt\/sustentabilidade-2030\/wp-json\/wp\/v2\/media\/4087"}],"wp:attachment":[{"href":"https:\/\/bs.xl.pt\/sustentabilidade-2030\/wp-json\/wp\/v2\/media?parent=4084"}],"wp:term":[{"taxonomy":"category","embeddable":true,"href":"https:\/\/bs.xl.pt\/sustentabilidade-2030\/wp-json\/wp\/v2\/categories?post=4084"},{"taxonomy":"post_tag","embeddable":true,"href":"https:\/\/bs.xl.pt\/sustentabilidade-2030\/wp-json\/wp\/v2\/tags?post=4084"},{"taxonomy":"attendant_categories","embeddable":true,"href":"https:\/\/bs.xl.pt\/sustentabilidade-2030\/wp-json\/wp\/v2\/attendant_categories?post=4084"}],"curies":[{"name":"wp","href":"https:\/\/api.w.org\/{rel}","templated":true}]}}

Amândio Santos

<p>Formação em Contabilidade e Administração pelo ISCA – Universidade de Aveiro<br>Presidente do Conselho de Administração da Portugalfoods -Polo de Competitividade Agro-Alimentar <br>Administrador Executivo GRUPO PRIMOR<br>Presidente Conselho de Administração Laboratório Colaborativo COLAB4Food<br>Presidente Conselho de Administração Tecmeat-Centro Tecnológico das Carnes<br>Membro Conselho Consultivo da AICEP para a Internacionalização<br>Gestor e consultor de empresas</p>
