{"id":24444,"date":"2025-10-28T17:10:29","date_gmt":"2025-10-28T17:10:29","guid":{"rendered":"https:\/\/bs.xl.pt\/sustentabilidade-2030\/?page_id=24444"},"modified":"2026-02-24T12:18:44","modified_gmt":"2026-02-24T12:18:44","slug":"cso-awards","status":"publish","type":"page","link":"https:\/\/bs.xl.pt\/sustentabilidade-2030\/cso-awards\/","title":{"rendered":"CSO Awards"},"content":{"rendered":"\n<div class=\"wp-block-group\"><div class=\"wp-block-group__inner-container is-layout-constrained wp-block-group-is-layout-constrained\">\n<p>A iniciativa <strong>Neg\u00f3cios Sustentabilidade<\/strong>, em parceria com a <strong>Futur\/io<\/strong>, com o apoio do <strong>BCSD Portugal<\/strong> e o <strong>Grace \u2013 Empresas Respons\u00e1veis<\/strong>, criaram os <strong>CSO Awards Portugal<\/strong>, um pr\u00e9mio de prest\u00edgio no \u00e2mbito da sustentabilidade empresarial, que visa distinguir a contribui\u00e7\u00e3o dos diretores dedicados \u00e0 \u00e1rea da sustentabilidade (Chief Sustainability Officers \u2013 CSOs) que demonstraram uma lideran\u00e7a exemplar na promo\u00e7\u00e3o de pr\u00e1ticas sustent\u00e1veis nas suas organiza\u00e7\u00f5es.<\/p>\n\n\n\n<p>Esta iniciativa pretende reunir os principais CSO nacionais num momento de reflex\u00e3o sobre o que se est\u00e1 a fazer e devia fazer em rela\u00e7\u00e3o \u00e0 Sustentabilidade.&nbsp;<\/p>\n\n\n\n<p><strong>Reconhe\u00e7a o valor da lideran\u00e7a sustent\u00e1vel. Candidate-se aos CSO Awards Portugal e junte-se aos profissionais que est\u00e3o a definir o futuro das empresas respons\u00e1veis.<\/strong><\/p>\n<\/div><\/div>\n\n\n<\/div><\/section><section id=\"cso-awards-jury\" class=\"uk-section uk-section-default\"><div class=\"uk-container uk-container-large\"><h2 class=\"uk-text-center uk-margin-large-bottom\">J\u00fari<\/h2><div class=\"uk-text-center\" tabindex=\"0\" aria-label=\"J\u00fari Slider\" data-uk-slider=\"sets: true\"><div class=\"uk-position-relative\"><div class=\"uk-slider-container\"><ul class=\"uk-slider-items uk-grid uk-child-width-1-2@s uk-child-width-1-5@m\" data-uk-grid role=\"list\"><li role=\"listitem\"><a class=\"uk-link-reset\" href=\"https:\/\/bs.xl.pt\/sustentabilidade-2030\/attendants\/duarte-cordeiro\/\" aria-label=\"Saber mais sobre Duarte Cordeiro\"><div class=\"attendant-face uk-cover-container uk-border-circle\"><img decoding=\"async\" src=\"https:\/\/cdn.xl.pt\/bs\/uploads\/sites\/11\/2024\/10\/Fotografia-Duarte-Cordeiro-450x450.jpg\" alt=\"\" loading=\"lazy\" data-uk-cover><canvas width=\"400\" height=\"400\"><\/canvas><\/div><p id=\"attendant-20110\" class=\"text-name uk-margin-remove-bottom\">Duarte Cordeiro<\/p><p class=\"text-function\">Partner, Shiftify<\/p><\/a><\/li><li role=\"listitem\"><a class=\"uk-link-reset\" href=\"https:\/\/bs.xl.pt\/sustentabilidade-2030\/attendants\/filipa-pantaleao\/\" aria-label=\"Saber mais sobre Filipa Pantale\u00e3o\"><div class=\"attendant-face uk-cover-container uk-border-circle\"><img decoding=\"async\" src=\"https:\/\/cdn.xl.pt\/bs\/uploads\/sites\/11\/2022\/10\/FOTO-FILIPA-PROFISSIONAL-blur-450x450.jpg\" alt=\"\" loading=\"lazy\" data-uk-cover><canvas width=\"400\" height=\"400\"><\/canvas><\/div><p id=\"attendant-3277\" class=\"text-name uk-margin-remove-bottom\">Filipa Pantale\u00e3o<\/p><p class=\"text-function\">Diretora Executiva, BCSD Portugal<\/p><\/a><\/li><li role=\"listitem\"><a class=\"uk-link-reset\" href=\"https:\/\/bs.xl.pt\/sustentabilidade-2030\/attendants\/filipe-santos\/\" aria-label=\"Saber mais sobre Filipe Santos\"><div class=\"attendant-face uk-cover-container uk-border-circle\"><img decoding=\"async\" src=\"https:\/\/cdn.xl.pt\/bs\/uploads\/sites\/11\/2021\/04\/FilipeSantos-450x450.jpg\" alt=\"\" loading=\"lazy\" data-uk-cover><canvas width=\"400\" height=\"400\"><\/canvas><\/div><p id=\"attendant-212\" class=\"text-name uk-margin-remove-bottom\">Filipe Santos<\/p><p class=\"text-function\">Dean, Cat\u00f3lica Lisbon School of Business and Economics e Presidente, Funda\u00e7\u00e3o EDP<\/p><\/a><\/li><li role=\"listitem\"><a class=\"uk-link-reset\" href=\"https:\/\/bs.xl.pt\/sustentabilidade-2030\/attendants\/francisco-ferreira\/\" aria-label=\"Saber mais sobre Francisco Ferreira\"><div class=\"attendant-face uk-cover-container uk-border-circle\"><img decoding=\"async\" src=\"https:\/\/cdn.xl.pt\/bs\/uploads\/sites\/11\/2021\/04\/foto-FF-vertical-450x450.jpg\" alt=\"\" loading=\"lazy\" data-uk-cover><canvas width=\"400\" height=\"400\"><\/canvas><\/div><p id=\"attendant-26\" class=\"text-name uk-margin-remove-bottom\">Francisco Ferreira<\/p><p class=\"text-function\">Presidente, ZERO \u2013 Associa\u00e7\u00e3o Sistema Terrestre Sustent\u00e1vel<\/p><\/a><\/li><li role=\"listitem\"><a class=\"uk-link-reset\" href=\"https:\/\/bs.xl.pt\/sustentabilidade-2030\/attendants\/harald-neidhardt\/\" aria-label=\"Saber mais sobre Harald Neidhardt\"><div class=\"attendant-face uk-cover-container uk-border-circle\"><img decoding=\"async\" src=\"https:\/\/cdn.xl.pt\/bs\/uploads\/sites\/11\/2025\/11\/Harald-Neidhardt-1-450x450.jpg\" alt=\"\" loading=\"lazy\" data-uk-cover><canvas width=\"400\" height=\"400\"><\/canvas><\/div><p id=\"attendant-24693\" class=\"text-name uk-margin-remove-bottom\">Harald Neidhardt<\/p><p class=\"text-function\">CEO &amp; Curator, Futur\/io Institute<\/p><\/a><\/li><li role=\"listitem\"><a class=\"uk-link-reset\" href=\"https:\/\/bs.xl.pt\/sustentabilidade-2030\/attendants\/joao-falcao-e-cunha\/\" aria-label=\"Saber mais sobre Jo\u00e3o Falc\u00e3o e Cunha\"><div class=\"attendant-face uk-cover-container uk-border-circle\"><img decoding=\"async\" src=\"https:\/\/cdn.xl.pt\/bs\/uploads\/sites\/11\/2021\/07\/foto-jfc-450x450.jpg\" alt=\"\" loading=\"lazy\" data-uk-cover><canvas width=\"400\" height=\"400\"><\/canvas><\/div><p id=\"attendant-652\" class=\"text-name uk-margin-remove-bottom\">Jo\u00e3o Falc\u00e3o e Cunha<\/p><p class=\"text-function\">Diretor, Faculdade de Engenharia da Universidade do Porto<\/p><\/a><\/li><li role=\"listitem\"><a class=\"uk-link-reset\" href=\"https:\/\/bs.xl.pt\/sustentabilidade-2030\/attendants\/jose-franco\/\" aria-label=\"Saber mais sobre Jos\u00e9 Franco\"><div class=\"attendant-face uk-cover-container uk-border-circle\"><img decoding=\"async\" src=\"https:\/\/cdn.xl.pt\/bs\/uploads\/sites\/11\/2021\/07\/JF1-450x450.jpg\" alt=\"\" loading=\"lazy\" data-uk-cover><canvas width=\"400\" height=\"400\"><\/canvas><\/div><p id=\"attendant-580\" class=\"text-name uk-margin-remove-bottom\">Jos\u00e9 Franco<\/p><p class=\"text-function\">Managing Partner, Corpcom<\/p><\/a><\/li><li role=\"listitem\"><a class=\"uk-link-reset\" href=\"https:\/\/bs.xl.pt\/sustentabilidade-2030\/attendants\/margarida-couto\/\" aria-label=\"Saber mais sobre Margarida Couto\"><div class=\"attendant-face uk-cover-container uk-border-circle\"><img decoding=\"async\" src=\"https:\/\/cdn.xl.pt\/bs\/uploads\/sites\/11\/2021\/04\/MCouto2-450x450.jpg\" alt=\"\" loading=\"lazy\" data-uk-cover><canvas width=\"400\" height=\"400\"><\/canvas><\/div><p id=\"attendant-194\" class=\"text-name uk-margin-remove-bottom\">Margarida Couto<\/p><p class=\"text-function\">S\u00f3cia Fundadora, VdA<\/p><\/a><\/li><li role=\"listitem\"><a class=\"uk-link-reset\" href=\"https:\/\/bs.xl.pt\/sustentabilidade-2030\/attendants\/miguel-araujo\/\" aria-label=\"Saber mais sobre Miguel Ara\u00fajo\"><div class=\"attendant-face uk-cover-container uk-border-circle\"><img decoding=\"async\" src=\"https:\/\/cdn.xl.pt\/bs\/uploads\/sites\/11\/2024\/01\/foto-MA-450x450.jpeg\" alt=\"\" loading=\"lazy\" data-uk-cover><canvas width=\"400\" height=\"400\"><\/canvas><\/div><p id=\"attendant-17558\" class=\"text-name uk-margin-remove-bottom\">Miguel Ara\u00fajo<\/p><p class=\"text-function\">Diretor-Geral, Mobinov<\/p><\/a><\/li><li role=\"listitem\"><a class=\"uk-link-reset\" href=\"https:\/\/bs.xl.pt\/sustentabilidade-2030\/attendants\/miguel-de-castro-neto\/\" aria-label=\"Saber mais sobre Miguel de Castro Neto\"><div class=\"attendant-face uk-cover-container uk-border-circle\"><img decoding=\"async\" src=\"https:\/\/cdn.xl.pt\/bs\/uploads\/sites\/11\/2021\/04\/IMG_0578-3-450x450.jpg\" alt=\"\" loading=\"lazy\" data-uk-cover><canvas width=\"400\" height=\"400\"><\/canvas><\/div><p id=\"attendant-224\" class=\"text-name uk-margin-remove-bottom\">Miguel de Castro Neto<\/p><p class=\"text-function\">Subdiretor, NOVA Information Management School e coordenador, NOVA Cidade \u2013 Urban Analytics Lab, ex -Secret\u00e1rio de Estado do Ordenamento do Territ\u00f3rio e Conserva\u00e7\u00e3o da Natureza<\/p><\/a><\/li><li role=\"listitem\"><a class=\"uk-link-reset\" href=\"https:\/\/bs.xl.pt\/sustentabilidade-2030\/attendants\/vitor-santos\/\" aria-label=\"Saber mais sobre Vitor Santos\"><div class=\"attendant-face uk-cover-container uk-border-circle\"><img decoding=\"async\" src=\"https:\/\/cdn.xl.pt\/bs\/uploads\/sites\/11\/2024\/08\/ISEG-Staff3-Vitor-Santos3944-450x450.jpg\" alt=\"\" loading=\"lazy\" data-uk-cover><canvas width=\"400\" height=\"400\"><\/canvas><\/div><p id=\"attendant-19528\" class=\"text-name uk-margin-remove-bottom\">Vitor Santos<\/p><p class=\"text-function\">Ex-secret\u00e1rio de Estado da Energia e ex-ministros<\/p><\/a><\/li><\/ul><\/div><a class=\"uk-position-center-left-out uk-position-small\" href=\"#\" data-uk-slidenav-previous data-uk-slider-item=\"previous\" aria-label=\"Previous Attendant\"><\/a><a class=\"uk-position-center-right-out uk-position-small\" href=\"#\" data-uk-slidenav-next data-uk-slider-item=\"next\" aria-label=\"Next Attendant\"><\/a><\/div><\/div><\/div><\/section>\n","protected":false},"excerpt":{"rendered":"<p>A iniciativa Neg\u00f3cios Sustentabilidade, em parceria com a Futur\/io, com o apoio do BCSD Portugal e o Grace \u2013 Empresas Respons\u00e1veis, criaram os CSO Awards Portugal, um pr\u00e9mio de prest\u00edgio no \u00e2mbito da sustentabilidade empresarial, que visa distinguir a contribui\u00e7\u00e3o dos diretores dedicados \u00e0 \u00e1rea da sustentabilidade (Chief Sustainability Officers \u2013 CSOs) que demonstraram uma [&hellip;]<\/p>\n","protected":false},"author":29,"featured_media":0,"parent":0,"menu_order":0,"comment_status":"closed","ping_status":"closed","template":"page-cso-awards.php","meta":{"footnotes":""},"tags":[],"class_list":["post-24444","page","type-page","status-publish","hentry"],"_links":{"self":[{"href":"https:\/\/bs.xl.pt\/sustentabilidade-2030\/wp-json\/wp\/v2\/pages\/24444","targetHints":{"allow":["GET"]}}],"collection":[{"href":"https:\/\/bs.xl.pt\/sustentabilidade-2030\/wp-json\/wp\/v2\/pages"}],"about":[{"href":"https:\/\/bs.xl.pt\/sustentabilidade-2030\/wp-json\/wp\/v2\/types\/page"}],"author":[{"embeddable":true,"href":"https:\/\/bs.xl.pt\/sustentabilidade-2030\/wp-json\/wp\/v2\/users\/29"}],"replies":[{"embeddable":true,"href":"https:\/\/bs.xl.pt\/sustentabilidade-2030\/wp-json\/wp\/v2\/comments?post=24444"}],"version-history":[{"count":3,"href":"https:\/\/bs.xl.pt\/sustentabilidade-2030\/wp-json\/wp\/v2\/pages\/24444\/revisions"}],"predecessor-version":[{"id":25338,"href":"https:\/\/bs.xl.pt\/sustentabilidade-2030\/wp-json\/wp\/v2\/pages\/24444\/revisions\/25338"}],"wp:attachment":[{"href":"https:\/\/bs.xl.pt\/sustentabilidade-2030\/wp-json\/wp\/v2\/media?parent=24444"}],"wp:term":[{"taxonomy":"post_tag","embeddable":true,"href":"https:\/\/bs.xl.pt\/sustentabilidade-2030\/wp-json\/wp\/v2\/tags?post=24444"}],"curies":[{"name":"wp","href":"https:\/\/api.w.org\/{rel}","templated":true}]}}