{"id":2848,"date":"2022-09-13T16:41:47","date_gmt":"2022-09-13T15:41:47","guid":{"rendered":"https:\/\/bs.xl.pt\/sustentabilidade-2030\/?page_id=2848"},"modified":"2025-11-25T18:22:49","modified_gmt":"2025-11-25T18:22:49","slug":"saude-e-bem-estar-nas-empresas-organizacoes","status":"publish","type":"page","link":"https:\/\/bs.xl.pt\/sustentabilidade-2030\/premio\/categorias\/social\/saude-e-bem-estar-nas-empresas-organizacoes\/","title":{"rendered":"Sa\u00fade e Bem-Estar nas Organiza\u00e7\u00f5es"},"content":{"rendered":"\n<h3 class=\"wp-block-heading\">Sa\u00fade e Bem-Estar nas Organiza\u00e7\u00f5es<\/h3>\n\n\n\n<p>Ser\u00e3o aceites nesta categoria iniciativas, servi\u00e7os, projetos ou produtos que tenham como objetivo contribuir para o bem-estar dos colaboradores, internos e externos. <\/p>\n\n\n\n<p>Neste \u00e2mbito ser\u00e3o valorizadas iniciativas ou projetos que promovam:<\/p>\n\n\n\n<ul class=\"wp-block-list\">\n<li>Equil\u00edbrio entre vida pessoal e profissional<\/li>\n\n\n\n<li>Sa\u00fade ocupacional<\/li>\n\n\n\n<li>Bem-estar ps\u00edquico<\/li>\n\n\n\n<li>Suporte em situa\u00e7\u00e3o de doen\u00e7a \/ car\u00eancia familiar<\/li>\n\n\n\n<li>Oportunidades de crescimento na carreira<\/li>\n\n\n\n<li>Promo\u00e7\u00e3o de esp\u00edrito de equipa e entreajuda<\/li>\n\n\n\n<li>Melhoria dos espa\u00e7os de trabalho<\/li>\n<\/ul>\n\n\n<p><p><b>As candidaturas encontram-se encerradas.<\/b><\/p>\r\n<br>\r\n<p>Voltaremos a abrir inscri\u00e7\u00f5es no pr\u00f3ximo ano.<br>Agradecemos o seu interesse.<\/p><\/p>\n","protected":false},"excerpt":{"rendered":"<p>Sa\u00fade e Bem-Estar nas Organiza\u00e7\u00f5es Ser\u00e3o aceites nesta categoria iniciativas, servi\u00e7os, projetos ou produtos que tenham como objetivo contribuir para o bem-estar dos colaboradores, internos e externos. Neste \u00e2mbito ser\u00e3o valorizadas iniciativas ou projetos que promovam:<\/p>\n","protected":false},"author":5,"featured_media":0,"parent":323,"menu_order":0,"comment_status":"closed","ping_status":"closed","template":"page_for-candidaturas.php","meta":{"footnotes":""},"tags":[],"class_list":["post-2848","page","type-page","status-publish","hentry"],"_links":{"self":[{"href":"https:\/\/bs.xl.pt\/sustentabilidade-2030\/wp-json\/wp\/v2\/pages\/2848","targetHints":{"allow":["GET"]}}],"collection":[{"href":"https:\/\/bs.xl.pt\/sustentabilidade-2030\/wp-json\/wp\/v2\/pages"}],"about":[{"href":"https:\/\/bs.xl.pt\/sustentabilidade-2030\/wp-json\/wp\/v2\/types\/page"}],"author":[{"embeddable":true,"href":"https:\/\/bs.xl.pt\/sustentabilidade-2030\/wp-json\/wp\/v2\/users\/5"}],"replies":[{"embeddable":true,"href":"https:\/\/bs.xl.pt\/sustentabilidade-2030\/wp-json\/wp\/v2\/comments?post=2848"}],"version-history":[{"count":9,"href":"https:\/\/bs.xl.pt\/sustentabilidade-2030\/wp-json\/wp\/v2\/pages\/2848\/revisions"}],"predecessor-version":[{"id":24765,"href":"https:\/\/bs.xl.pt\/sustentabilidade-2030\/wp-json\/wp\/v2\/pages\/2848\/revisions\/24765"}],"up":[{"embeddable":true,"href":"https:\/\/bs.xl.pt\/sustentabilidade-2030\/wp-json\/wp\/v2\/pages\/323"}],"wp:attachment":[{"href":"https:\/\/bs.xl.pt\/sustentabilidade-2030\/wp-json\/wp\/v2\/media?parent=2848"}],"wp:term":[{"taxonomy":"post_tag","embeddable":true,"href":"https:\/\/bs.xl.pt\/sustentabilidade-2030\/wp-json\/wp\/v2\/tags?post=2848"}],"curies":[{"name":"wp","href":"https:\/\/api.w.org\/{rel}","templated":true}]}}