{"id":430,"date":"2021-06-29T22:47:37","date_gmt":"2021-06-29T22:47:37","guid":{"rendered":"http:\/\/bs.xl.pt\/sustentabilidade-2030\/?page_id=430"},"modified":"2025-11-06T12:06:59","modified_gmt":"2025-11-06T12:06:59","slug":"premio","status":"publish","type":"page","link":"https:\/\/bs.xl.pt\/sustentabilidade-2030\/premio\/","title":{"rendered":"Pr\u00e9mio"},"content":{"rendered":"<section class=\"intro uk-section\">\r\n  <div class=\"uk-container\">\r\n    <div data-uk-grid class=\"uk-grid-divider\">\r\n      <div class=\"uk-width-1-1\">\r\n        <div class=\"section-label\">\r\n  <h3 class=\"text-category\">Pr\u00e9mio Nacional de Sustentabilidade<\/h3>\r\n<\/div>\r\n      \r\n        <h1>O amanh\u00e3 debate-se hoje<\/h1>\r\n      <\/div>\r\n      <div class=\"uk-width-1-1 uk-width-2-3@s uk-width-3-5@m\">\r\n        <p>O Jornal de Neg\u00f3cios lan\u00e7ou, em 2020, o maior ciclo de Talks e de conte\u00fados editoriais em Portugal em mat\u00e9rias de Sustentabilidade, divulgando o os desafios e as boas pr\u00e1ticas nas diferentes \u00e1reas:\u00a0<b><i>environment<\/i>,\u00a0social\u00a0e\u00a0<i>governance<\/i><\/b>.<\/p>\n<p>A sexta edi\u00e7\u00e3o desta iniciativa, em 2025, arranca com uma ambi\u00e7\u00e3o refor\u00e7ada, com mais informa\u00e7\u00e3o e uma aposta em novos formatos de discuss\u00e3o.<\/p>\n      <\/div>\r\n      <div class=\"uk-width-1-1 uk-width-expand@s\">\r\n        <p>As ultimas edi\u00e7\u00f5es contaram com:<\/p>\n<ul>\n<li>Mais de <b>40 confer\u00eancias e talks<\/b>\u00a0sobre Sustentabilidade<\/li>\n<li>Mais de\u00a0<b>300 Speakers<\/b>, entre comiss\u00e1rios europeus e outros governantes, CEO de empresas e os maiores especialistas nas v\u00e1rias vertentes ESG<\/li>\n<li>Mais de\u00a0<b>400 not\u00edcias<\/b>\u00a0e outros conte\u00fados<\/li>\n<li>Mais de\u00a0<b>5 Milh\u00f5es de visualiza\u00e7\u00f5es<\/b>\u00a0dos v\u00e1rios conte\u00fados<\/li>\n<li>Alto Patroc\u00ednio da\u00a0<b>Presid\u00eancia da Rep\u00fablica<\/b><\/li>\n<\/ul>\n      <\/div>\r\n    <\/div>\r\n  <\/div>\r\n<\/section>\r\n","protected":false},"excerpt":{"rendered":"","protected":false},"author":5,"featured_media":0,"parent":0,"menu_order":0,"comment_status":"closed","ping_status":"closed","template":"","meta":{"footnotes":""},"tags":[],"class_list":["post-430","page","type-page","status-publish","hentry"],"_links":{"self":[{"href":"https:\/\/bs.xl.pt\/sustentabilidade-2030\/wp-json\/wp\/v2\/pages\/430","targetHints":{"allow":["GET"]}}],"collection":[{"href":"https:\/\/bs.xl.pt\/sustentabilidade-2030\/wp-json\/wp\/v2\/pages"}],"about":[{"href":"https:\/\/bs.xl.pt\/sustentabilidade-2030\/wp-json\/wp\/v2\/types\/page"}],"author":[{"embeddable":true,"href":"https:\/\/bs.xl.pt\/sustentabilidade-2030\/wp-json\/wp\/v2\/users\/5"}],"replies":[{"embeddable":true,"href":"https:\/\/bs.xl.pt\/sustentabilidade-2030\/wp-json\/wp\/v2\/comments?post=430"}],"version-history":[{"count":15,"href":"https:\/\/bs.xl.pt\/sustentabilidade-2030\/wp-json\/wp\/v2\/pages\/430\/revisions"}],"predecessor-version":[{"id":24570,"href":"https:\/\/bs.xl.pt\/sustentabilidade-2030\/wp-json\/wp\/v2\/pages\/430\/revisions\/24570"}],"wp:attachment":[{"href":"https:\/\/bs.xl.pt\/sustentabilidade-2030\/wp-json\/wp\/v2\/media?parent=430"}],"wp:term":[{"taxonomy":"post_tag","embeddable":true,"href":"https:\/\/bs.xl.pt\/sustentabilidade-2030\/wp-json\/wp\/v2\/tags?post=430"}],"curies":[{"name":"wp","href":"https:\/\/api.w.org\/{rel}","templated":true}]}}

Prémio

<section class="intro uk-section">
  <div class="uk-container">
    <div data-uk-grid class="uk-grid-divider">
      <div class="uk-width-1-1">
        <div class="section-label">
  <h3 class="text-category">Prémio Nacional de Sustentabilidade</h3>
</div>
      
        <h1>O amanhã debate-se hoje</h1>
      </div>
      <div class="uk-width-1-1 uk-width-2-3@s uk-width-3-5@m">
        <p>O Jornal de Negócios lançou, em 2020, o maior ciclo de Talks e de conteúdos editoriais em Portugal em matérias de Sustentabilidade, divulgando o os desafios e as boas práticas nas diferentes áreas: <b><i>environment</i>, social e <i>governance</i></b>.</p>
<p>A sexta edição desta iniciativa, em 2025, arranca com uma ambição reforçada, com mais informação e uma aposta em novos formatos de discussão.</p>
      </div>
      <div class="uk-width-1-1 uk-width-expand@s">
        <p>As ultimas edições contaram com:</p>
<ul>
<li>Mais de <b>40 conferências e talks</b> sobre Sustentabilidade</li>
<li>Mais de <b>300 Speakers</b>, entre comissários europeus e outros governantes, CEO de empresas e os maiores especialistas nas várias vertentes ESG</li>
<li>Mais de <b>400 notícias</b> e outros conteúdos</li>
<li>Mais de <b>5 Milhões de visualizações</b> dos vários conteúdos</li>
<li>Alto Patrocínio da <b>Presidência da República</b></li>
</ul>
      </div>
    </div>
  </div>
</section>
