{"id":520,"date":"2021-07-18T23:45:44","date_gmt":"2021-07-18T23:45:44","guid":{"rendered":"http:\/\/bs.xl.pt\/sustentabilidade-2030\/?page_id=520"},"modified":"2025-11-25T18:24:00","modified_gmt":"2025-11-25T18:24:00","slug":"preservacao-do-capital-natural","status":"publish","type":"page","link":"https:\/\/bs.xl.pt\/sustentabilidade-2030\/premio\/categorias\/ambiente\/preservacao-do-capital-natural\/","title":{"rendered":"Preserva\u00e7\u00e3o do Capital Natural"},"content":{"rendered":"\n<h3 class=\"wp-block-heading\">Preserva\u00e7\u00e3o do Capital Natural<\/h3>\n\n\n\n<p>Ser\u00e3o aceites nesta categoria iniciativas, servi\u00e7os, projetos ou produtos que promovam a biodiversidade e prote\u00e7\u00e3o \/ integra\u00e7\u00e3o do capital natural (e.g. \u00e1gua, solo, ar, oceanos, florestas, etc.) como fator no processo de decis\u00e3o das organiza\u00e7\u00f5es. Ser\u00e3o valorizadas as iniciativas que tenham como princ\u00edpio a preserva\u00e7\u00e3o do capital natural e que promovam benef\u00edcios e impactos positivos para a sociedade em geral atrav\u00e9s das diferentes formas de integrar o capital natural na organiza\u00e7\u00e3o:<\/p>\n\n\n\n<ul class=\"wp-block-list\">\n<li>Dentro e \u00e0 volta da organiza\u00e7\u00e3o \u2013 atrav\u00e9s de pr\u00e1ticas de utiliza\u00e7\u00e3o sustent\u00e1vel do solo, da \u00e1gua ou energia, utiliza\u00e7\u00e3o de constru\u00e7\u00e3o sustent\u00e1vel, concilia\u00e7\u00e3o da paisagem envolvente em projetos e iniciativas;<\/li>\n\n\n\n<li>Atrav\u00e9s das cadeias de abastecimento: projetos que demonstrem a integra\u00e7\u00e3o de produtos adquiridos de forma respons\u00e1vel, utiliza\u00e7\u00e3o de mat\u00e9rias-primas de fontes sustent\u00e1veis, a escolha de fornecedores com boas pr\u00e1ticas em mat\u00e9rias de sustentabilidade, circularidade nos processos e res\u00edduos;<\/li>\n\n\n\n<li>Implementando ou apoiando projetos de conserva\u00e7\u00e3o e restauro noutros locais: projetos de compensa\u00e7\u00e3o atrav\u00e9s da pr\u00f3pria organiza\u00e7\u00e3o ou apoiando outras organiza\u00e7\u00f5es com medidas de preserva\u00e7\u00e3o do capital natural.<\/li>\n<\/ul>\n\n\n<p><p><b>As candidaturas encontram-se encerradas.<\/b><\/p>\r\n<br>\r\n<p>Voltaremos a abrir inscri\u00e7\u00f5es no pr\u00f3ximo ano.<br>Agradecemos o seu interesse.<\/p><\/p>\n","protected":false},"excerpt":{"rendered":"<p>Preserva\u00e7\u00e3o do Capital Natural Ser\u00e3o aceites nesta categoria iniciativas, servi\u00e7os, projetos ou produtos que promovam a biodiversidade e prote\u00e7\u00e3o \/ integra\u00e7\u00e3o do capital natural (e.g. \u00e1gua, solo, ar, oceanos, florestas, etc.) como fator no processo de decis\u00e3o das organiza\u00e7\u00f5es. Ser\u00e3o valorizadas as iniciativas que tenham como princ\u00edpio a preserva\u00e7\u00e3o do capital natural e que promovam [&hellip;]<\/p>\n","protected":false},"author":5,"featured_media":0,"parent":302,"menu_order":0,"comment_status":"closed","ping_status":"closed","template":"page_for-candidaturas.php","meta":{"footnotes":""},"tags":[],"class_list":["post-520","page","type-page","status-publish","hentry"],"_links":{"self":[{"href":"https:\/\/bs.xl.pt\/sustentabilidade-2030\/wp-json\/wp\/v2\/pages\/520","targetHints":{"allow":["GET"]}}],"collection":[{"href":"https:\/\/bs.xl.pt\/sustentabilidade-2030\/wp-json\/wp\/v2\/pages"}],"about":[{"href":"https:\/\/bs.xl.pt\/sustentabilidade-2030\/wp-json\/wp\/v2\/types\/page"}],"author":[{"embeddable":true,"href":"https:\/\/bs.xl.pt\/sustentabilidade-2030\/wp-json\/wp\/v2\/users\/5"}],"replies":[{"embeddable":true,"href":"https:\/\/bs.xl.pt\/sustentabilidade-2030\/wp-json\/wp\/v2\/comments?post=520"}],"version-history":[{"count":14,"href":"https:\/\/bs.xl.pt\/sustentabilidade-2030\/wp-json\/wp\/v2\/pages\/520\/revisions"}],"predecessor-version":[{"id":24792,"href":"https:\/\/bs.xl.pt\/sustentabilidade-2030\/wp-json\/wp\/v2\/pages\/520\/revisions\/24792"}],"up":[{"embeddable":true,"href":"https:\/\/bs.xl.pt\/sustentabilidade-2030\/wp-json\/wp\/v2\/pages\/302"}],"wp:attachment":[{"href":"https:\/\/bs.xl.pt\/sustentabilidade-2030\/wp-json\/wp\/v2\/media?parent=520"}],"wp:term":[{"taxonomy":"post_tag","embeddable":true,"href":"https:\/\/bs.xl.pt\/sustentabilidade-2030\/wp-json\/wp\/v2\/tags?post=520"}],"curies":[{"name":"wp","href":"https:\/\/api.w.org\/{rel}","templated":true}]}}