{"id":1764,"date":"2025-11-21T11:47:14","date_gmt":"2025-11-21T11:47:14","guid":{"rendered":"https:\/\/bs.xl.pt\/talentos-do-bairro\/?post_type=attendants&#038;p=1764"},"modified":"2025-11-21T11:47:15","modified_gmt":"2025-11-21T11:47:15","slug":"sonia-cristina","status":"publish","type":"attendants","link":"https:\/\/bs.xl.pt\/talentos-do-bairro\/attendants\/sonia-cristina\/","title":{"rendered":"S\u00f3nia Cristina"},"content":{"rendered":"\n<p>Ol\u00e1, sou a S\u00f3nia Cristina,<\/p>\n\n\n\n<p>Sou apaixonada por m\u00fasica! j\u00e1 tive aulas de m\u00fasica no \u201cEscolhas\u201d com um professor. Tamb\u00e9m j\u00e1 cantei na igreja e fiz aulas de viola. Tive a oportunidade de fazer uma imers\u00e3o com Wesley Moreira.<\/p>\n","protected":false},"featured_media":1662,"template":"","meta":{"attendant_socials":""},"categories":[],"tags":[93],"attendant_categories":[],"class_list":["post-1764","attendants","type-attendants","status-publish","has-post-thumbnail","hentry","tag-musica"],"_links":{"self":[{"href":"https:\/\/bs.xl.pt\/talentos-do-bairro\/wp-json\/wp\/v2\/attendants\/1764","targetHints":{"allow":["GET"]}}],"collection":[{"href":"https:\/\/bs.xl.pt\/talentos-do-bairro\/wp-json\/wp\/v2\/attendants"}],"about":[{"href":"https:\/\/bs.xl.pt\/talentos-do-bairro\/wp-json\/wp\/v2\/types\/attendants"}],"wp:featuredmedia":[{"embeddable":true,"href":"https:\/\/bs.xl.pt\/talentos-do-bairro\/wp-json\/wp\/v2\/media\/1662"}],"wp:attachment":[{"href":"https:\/\/bs.xl.pt\/talentos-do-bairro\/wp-json\/wp\/v2\/media?parent=1764"}],"wp:term":[{"taxonomy":"category","embeddable":true,"href":"https:\/\/bs.xl.pt\/talentos-do-bairro\/wp-json\/wp\/v2\/categories?post=1764"},{"taxonomy":"post_tag","embeddable":true,"href":"https:\/\/bs.xl.pt\/talentos-do-bairro\/wp-json\/wp\/v2\/tags?post=1764"},{"taxonomy":"attendant_categories","embeddable":true,"href":"https:\/\/bs.xl.pt\/talentos-do-bairro\/wp-json\/wp\/v2\/attendant_categories?post=1764"}],"curies":[{"name":"wp","href":"https:\/\/api.w.org\/{rel}","templated":true}]}}

Sónia Cristina

<p>Olá, sou a Sónia Cristina,</p>



<p>Sou apaixonada por música! já tive aulas de música no “Escolhas” com um professor. Também já cantei na igreja e fiz aulas de viola. Tive a oportunidade de fazer uma imersão com Wesley Moreira.</p>
