{"id":1773,"date":"2025-11-21T11:51:16","date_gmt":"2025-11-21T11:51:16","guid":{"rendered":"https:\/\/bs.xl.pt\/talentos-do-bairro\/?post_type=attendants&#038;p=1773"},"modified":"2025-11-21T11:51:16","modified_gmt":"2025-11-21T11:51:16","slug":"maria-rangel","status":"publish","type":"attendants","link":"https:\/\/bs.xl.pt\/talentos-do-bairro\/attendants\/maria-rangel\/","title":{"rendered":"Maria Rangel"},"content":{"rendered":"\n<p>Ol\u00e1! Sou a Maria Clara e vou cantar uma m\u00fasica de uma cantora que gosto muito, a B\u00e1rbara Tinoco.<\/p>\n\n\n\n<p>Adoro cantar e representar e o sonho um dia poder fazer parte de um espet\u00e1culo do Filipe La Feria.<\/p>\n\n\n\n<p>Obrigada \u2764\ufe0f<\/p>\n","protected":false},"featured_media":1695,"template":"","meta":{"attendant_socials":""},"categories":[],"tags":[93],"attendant_categories":[],"class_list":["post-1773","attendants","type-attendants","status-publish","has-post-thumbnail","hentry","tag-musica"],"_links":{"self":[{"href":"https:\/\/bs.xl.pt\/talentos-do-bairro\/wp-json\/wp\/v2\/attendants\/1773","targetHints":{"allow":["GET"]}}],"collection":[{"href":"https:\/\/bs.xl.pt\/talentos-do-bairro\/wp-json\/wp\/v2\/attendants"}],"about":[{"href":"https:\/\/bs.xl.pt\/talentos-do-bairro\/wp-json\/wp\/v2\/types\/attendants"}],"wp:featuredmedia":[{"embeddable":true,"href":"https:\/\/bs.xl.pt\/talentos-do-bairro\/wp-json\/wp\/v2\/media\/1695"}],"wp:attachment":[{"href":"https:\/\/bs.xl.pt\/talentos-do-bairro\/wp-json\/wp\/v2\/media?parent=1773"}],"wp:term":[{"taxonomy":"category","embeddable":true,"href":"https:\/\/bs.xl.pt\/talentos-do-bairro\/wp-json\/wp\/v2\/categories?post=1773"},{"taxonomy":"post_tag","embeddable":true,"href":"https:\/\/bs.xl.pt\/talentos-do-bairro\/wp-json\/wp\/v2\/tags?post=1773"},{"taxonomy":"attendant_categories","embeddable":true,"href":"https:\/\/bs.xl.pt\/talentos-do-bairro\/wp-json\/wp\/v2\/attendant_categories?post=1773"}],"curies":[{"name":"wp","href":"https:\/\/api.w.org\/{rel}","templated":true}]}}

<p>Olá! Sou a Maria Clara e vou cantar uma música de uma cantora que gosto muito, a Bárbara Tinoco.</p>



<p>Adoro cantar e representar e o sonho um dia poder fazer parte de um espetáculo do Filipe La Feria.</p>



<p>Obrigada ❤️</p>
