{"id":1785,"date":"2025-11-21T11:58:29","date_gmt":"2025-11-21T11:58:29","guid":{"rendered":"https:\/\/bs.xl.pt\/talentos-do-bairro\/?post_type=attendants&#038;p=1785"},"modified":"2025-11-21T17:31:31","modified_gmt":"2025-11-21T17:31:31","slug":"nuno-veiga","status":"publish","type":"attendants","link":"https:\/\/bs.xl.pt\/talentos-do-bairro\/attendants\/nuno-veiga\/","title":{"rendered":"Nuno Veiga"},"content":{"rendered":"\n<p>Sou o Nuno Veiga, tamb\u00e9m conhecido como <strong>Charlemagne Brutus<\/strong>. A m\u00fasica sempre fez parte de mim; comecei a escrever as minhas letras aos onze anos. Durante a adolesc\u00eancia, explorei sonoridades ligadas ao hip hop, mas a minha evolu\u00e7\u00e3o art\u00edstica levou-me a uma liga\u00e7\u00e3o mais profunda com as minhas ra\u00edzes africanas.<\/p>\n\n\n\n<p>Hoje, dedico-me sobretudo ao afrobeat e \u00e0s suas diversas ramifica\u00e7\u00f5es, onde encontro a liberdade e a identidade musical que melhor representam quem sou.<\/p>\n","protected":false},"featured_media":1881,"template":"","meta":{"attendant_socials":""},"categories":[],"tags":[93],"attendant_categories":[],"class_list":["post-1785","attendants","type-attendants","status-publish","has-post-thumbnail","hentry","tag-musica"],"_links":{"self":[{"href":"https:\/\/bs.xl.pt\/talentos-do-bairro\/wp-json\/wp\/v2\/attendants\/1785","targetHints":{"allow":["GET"]}}],"collection":[{"href":"https:\/\/bs.xl.pt\/talentos-do-bairro\/wp-json\/wp\/v2\/attendants"}],"about":[{"href":"https:\/\/bs.xl.pt\/talentos-do-bairro\/wp-json\/wp\/v2\/types\/attendants"}],"wp:featuredmedia":[{"embeddable":true,"href":"https:\/\/bs.xl.pt\/talentos-do-bairro\/wp-json\/wp\/v2\/media\/1881"}],"wp:attachment":[{"href":"https:\/\/bs.xl.pt\/talentos-do-bairro\/wp-json\/wp\/v2\/media?parent=1785"}],"wp:term":[{"taxonomy":"category","embeddable":true,"href":"https:\/\/bs.xl.pt\/talentos-do-bairro\/wp-json\/wp\/v2\/categories?post=1785"},{"taxonomy":"post_tag","embeddable":true,"href":"https:\/\/bs.xl.pt\/talentos-do-bairro\/wp-json\/wp\/v2\/tags?post=1785"},{"taxonomy":"attendant_categories","embeddable":true,"href":"https:\/\/bs.xl.pt\/talentos-do-bairro\/wp-json\/wp\/v2\/attendant_categories?post=1785"}],"curies":[{"name":"wp","href":"https:\/\/api.w.org\/{rel}","templated":true}]}}

<p>Sou o Nuno Veiga, também conhecido como <strong>Charlemagne Brutus</strong>. A música sempre fez parte de mim; comecei a escrever as minhas letras aos onze anos. Durante a adolescência, explorei sonoridades ligadas ao hip hop, mas a minha evolução artística levou-me a uma ligação mais profunda com as minhas raízes africanas.</p>



<p>Hoje, dedico-me sobretudo ao afrobeat e às suas diversas ramificações, onde encontro a liberdade e a identidade musical que melhor representam quem sou.</p>
