{"id":1788,"date":"2025-11-21T11:59:27","date_gmt":"2025-11-21T11:59:27","guid":{"rendered":"https:\/\/bs.xl.pt\/talentos-do-bairro\/?post_type=attendants&#038;p=1788"},"modified":"2025-11-21T11:59:27","modified_gmt":"2025-11-21T11:59:27","slug":"alma-cigana","status":"publish","type":"attendants","link":"https:\/\/bs.xl.pt\/talentos-do-bairro\/attendants\/alma-cigana\/","title":{"rendered":"Alma Cigana"},"content":{"rendered":"\n<p>Somos um grupo formado por mi\u00fadas cheias de for\u00e7a alegria e trazemos connosco a alma a m\u00fasica e a energia da cultura cigana desde pequenas rodeadas de hist\u00f3rias e tradi\u00e7\u00f5es.<\/p>\n\n\n\n<p>Queremos mostrar ao mundo que o sonho n\u00e3o tem barreiras nem idade nem origem.<\/p>\n","protected":false},"featured_media":1755,"template":"","meta":{"attendant_socials":""},"categories":[],"tags":[90],"attendant_categories":[],"class_list":["post-1788","attendants","type-attendants","status-publish","has-post-thumbnail","hentry","tag-danca"],"_links":{"self":[{"href":"https:\/\/bs.xl.pt\/talentos-do-bairro\/wp-json\/wp\/v2\/attendants\/1788","targetHints":{"allow":["GET"]}}],"collection":[{"href":"https:\/\/bs.xl.pt\/talentos-do-bairro\/wp-json\/wp\/v2\/attendants"}],"about":[{"href":"https:\/\/bs.xl.pt\/talentos-do-bairro\/wp-json\/wp\/v2\/types\/attendants"}],"wp:featuredmedia":[{"embeddable":true,"href":"https:\/\/bs.xl.pt\/talentos-do-bairro\/wp-json\/wp\/v2\/media\/1755"}],"wp:attachment":[{"href":"https:\/\/bs.xl.pt\/talentos-do-bairro\/wp-json\/wp\/v2\/media?parent=1788"}],"wp:term":[{"taxonomy":"category","embeddable":true,"href":"https:\/\/bs.xl.pt\/talentos-do-bairro\/wp-json\/wp\/v2\/categories?post=1788"},{"taxonomy":"post_tag","embeddable":true,"href":"https:\/\/bs.xl.pt\/talentos-do-bairro\/wp-json\/wp\/v2\/tags?post=1788"},{"taxonomy":"attendant_categories","embeddable":true,"href":"https:\/\/bs.xl.pt\/talentos-do-bairro\/wp-json\/wp\/v2\/attendant_categories?post=1788"}],"curies":[{"name":"wp","href":"https:\/\/api.w.org\/{rel}","templated":true}]}}

<p>Somos um grupo formado por miúdas cheias de força alegria e trazemos connosco a alma a música e a energia da cultura cigana desde pequenas rodeadas de histórias e tradições.</p>



<p>Queremos mostrar ao mundo que o sonho não tem barreiras nem idade nem origem.</p>
