{"id":1815,"date":"2025-11-21T12:27:52","date_gmt":"2025-11-21T12:27:52","guid":{"rendered":"https:\/\/bs.xl.pt\/talentos-do-bairro\/?post_type=attendants&#038;p=1815"},"modified":"2025-11-21T12:27:52","modified_gmt":"2025-11-21T12:27:52","slug":"margarida-anjos","status":"publish","type":"attendants","link":"https:\/\/bs.xl.pt\/talentos-do-bairro\/attendants\/margarida-anjos\/","title":{"rendered":"Margarida Anjos"},"content":{"rendered":"\n<p>Sou Margarida dos Anjos, tenho 21 anos e estudo Servi\u00e7o Social. Desde crian\u00e7a adoro cantar \u2014 fazia \u201cconcertos\u201d para a fam\u00edlia e at\u00e9 na creche n\u00e3o parava de cantarolar. Crescendo, a m\u00fasica tornou-se a minha forma de express\u00e3o, ajudou-me a superar momentos dif\u00edceis e a criar la\u00e7os com outras pessoas.<\/p>\n","protected":false},"featured_media":1692,"template":"","meta":{"attendant_socials":""},"categories":[],"tags":[93],"attendant_categories":[],"class_list":["post-1815","attendants","type-attendants","status-publish","has-post-thumbnail","hentry","tag-musica"],"_links":{"self":[{"href":"https:\/\/bs.xl.pt\/talentos-do-bairro\/wp-json\/wp\/v2\/attendants\/1815","targetHints":{"allow":["GET"]}}],"collection":[{"href":"https:\/\/bs.xl.pt\/talentos-do-bairro\/wp-json\/wp\/v2\/attendants"}],"about":[{"href":"https:\/\/bs.xl.pt\/talentos-do-bairro\/wp-json\/wp\/v2\/types\/attendants"}],"wp:featuredmedia":[{"embeddable":true,"href":"https:\/\/bs.xl.pt\/talentos-do-bairro\/wp-json\/wp\/v2\/media\/1692"}],"wp:attachment":[{"href":"https:\/\/bs.xl.pt\/talentos-do-bairro\/wp-json\/wp\/v2\/media?parent=1815"}],"wp:term":[{"taxonomy":"category","embeddable":true,"href":"https:\/\/bs.xl.pt\/talentos-do-bairro\/wp-json\/wp\/v2\/categories?post=1815"},{"taxonomy":"post_tag","embeddable":true,"href":"https:\/\/bs.xl.pt\/talentos-do-bairro\/wp-json\/wp\/v2\/tags?post=1815"},{"taxonomy":"attendant_categories","embeddable":true,"href":"https:\/\/bs.xl.pt\/talentos-do-bairro\/wp-json\/wp\/v2\/attendant_categories?post=1815"}],"curies":[{"name":"wp","href":"https:\/\/api.w.org\/{rel}","templated":true}]}}

<p>Sou Margarida dos Anjos, tenho 21 anos e estudo Serviço Social. Desde criança adoro cantar — fazia “concertos” para a família e até na creche não parava de cantarolar. Crescendo, a música tornou-se a minha forma de expressão, ajudou-me a superar momentos difíceis e a criar laços com outras pessoas.</p>
