{"id":1821,"date":"2025-11-21T12:29:32","date_gmt":"2025-11-21T12:29:32","guid":{"rendered":"https:\/\/bs.xl.pt\/talentos-do-bairro\/?post_type=attendants&#038;p=1821"},"modified":"2025-11-21T12:29:32","modified_gmt":"2025-11-21T12:29:32","slug":"miriam-tavares","status":"publish","type":"attendants","link":"https:\/\/bs.xl.pt\/talentos-do-bairro\/attendants\/miriam-tavares\/","title":{"rendered":"Miriam Tavares"},"content":{"rendered":"\n<p>Ol\u00e1! Eu sou a Miriam Tavares, uma apaixonada por m\u00fasica, \u00e9 nela que coloco a minha voz, a minha alma e as minhas emo\u00e7\u00f5es.<\/p>\n\n\n\n<p>Para mim, cantar \u00e9 mais do que um talento\u2026 \u00e9 a melhor maneira de espalhar boa energia e um sorriso a quem me ouve.<\/p>\n","protected":false},"featured_media":1701,"template":"","meta":{"attendant_socials":""},"categories":[],"tags":[93],"attendant_categories":[],"class_list":["post-1821","attendants","type-attendants","status-publish","has-post-thumbnail","hentry","tag-musica"],"_links":{"self":[{"href":"https:\/\/bs.xl.pt\/talentos-do-bairro\/wp-json\/wp\/v2\/attendants\/1821","targetHints":{"allow":["GET"]}}],"collection":[{"href":"https:\/\/bs.xl.pt\/talentos-do-bairro\/wp-json\/wp\/v2\/attendants"}],"about":[{"href":"https:\/\/bs.xl.pt\/talentos-do-bairro\/wp-json\/wp\/v2\/types\/attendants"}],"wp:featuredmedia":[{"embeddable":true,"href":"https:\/\/bs.xl.pt\/talentos-do-bairro\/wp-json\/wp\/v2\/media\/1701"}],"wp:attachment":[{"href":"https:\/\/bs.xl.pt\/talentos-do-bairro\/wp-json\/wp\/v2\/media?parent=1821"}],"wp:term":[{"taxonomy":"category","embeddable":true,"href":"https:\/\/bs.xl.pt\/talentos-do-bairro\/wp-json\/wp\/v2\/categories?post=1821"},{"taxonomy":"post_tag","embeddable":true,"href":"https:\/\/bs.xl.pt\/talentos-do-bairro\/wp-json\/wp\/v2\/tags?post=1821"},{"taxonomy":"attendant_categories","embeddable":true,"href":"https:\/\/bs.xl.pt\/talentos-do-bairro\/wp-json\/wp\/v2\/attendant_categories?post=1821"}],"curies":[{"name":"wp","href":"https:\/\/api.w.org\/{rel}","templated":true}]}}

<p>Olá! Eu sou a Miriam Tavares, uma apaixonada por música, é nela que coloco a minha voz, a minha alma e as minhas emoções.</p>



<p>Para mim, cantar é mais do que um talento… é a melhor maneira de espalhar boa energia e um sorriso a quem me ouve.</p>
